{"id":1087,"date":"2022-09-02T18:51:50","date_gmt":"2022-09-02T16:51:50","guid":{"rendered":"https:\/\/wp.kristdemokraterna.se\/odeshog\/?page_id=1087"},"modified":"2022-09-02T18:53:24","modified_gmt":"2022-09-02T16:53:24","slug":"billigare-el","status":"publish","type":"page","link":"https:\/\/wp.kristdemokraterna.se\/odeshog\/nationellt\/aktuella-fragor\/billigare-el\/","title":{"rendered":"Billigare el"},"content":{"rendered":"<p><a href=\"http:\/\/wp.kristdemokraterna.se\/odeshog\/files\/2022\/09\/billigare-el.jpg\"><img loading=\"lazy\" decoding=\"async\" class=\"alignnone  wp-image-1089\" src=\"http:\/\/wp.kristdemokraterna.se\/odeshog\/files\/2022\/09\/billigare-el.jpg\" alt=\"\" width=\"350\" height=\"511\" srcset=\"https:\/\/wp.kristdemokraterna.se\/odeshog\/files\/2022\/09\/billigare-el.jpg 507w, https:\/\/wp.kristdemokraterna.se\/odeshog\/files\/2022\/09\/billigare-el-206x300.jpg 206w, https:\/\/wp.kristdemokraterna.se\/odeshog\/files\/2022\/09\/billigare-el-137x200.jpg 137w, https:\/\/wp.kristdemokraterna.se\/odeshog\/files\/2022\/09\/billigare-el-370x540.jpg 370w, https:\/\/wp.kristdemokraterna.se\/odeshog\/files\/2022\/09\/billigare-el-450x657.jpg 450w, https:\/\/wp.kristdemokraterna.se\/odeshog\/files\/2022\/09\/billigare-el-275x402.jpg 275w, https:\/\/wp.kristdemokraterna.se\/odeshog\/files\/2022\/09\/billigare-el-340x496.jpg 340w, https:\/\/wp.kristdemokraterna.se\/odeshog\/files\/2022\/09\/billigare-el-38x56.jpg 38w\" sizes=\"auto, (max-width: 350px) 100vw, 350px\" \/><\/a><\/p>\n<div id=\"svid12_72c4495e17f44b64443b60f\" class=\"sv-text-portlet sv-use-margins c904\">\n<div class=\"sv-text-portlet-content\">\n<p class=\"font-normal\">Sverige befinner sig i en elkris. Vinterns rekorddyra elr\u00e4kningar har skadat b\u00e5de folk och f\u00f6retags pl\u00e5nb\u00f6cker. Regeringen har lagt ner planerbar k\u00e4rnkraft, gjort oss beroende av v\u00e4der och vind, samtidigt som vi beh\u00f6ver elektrifiera stora delar av samh\u00e4llet. S\u00e5 kan vi inte ha det. Vi beh\u00f6ver mer el, mycket mer el. Den beh\u00f6ver vara utsl\u00e4ppsfri och kunna planeras 24\/7 365 dagar om \u00e5ret. D\u00e4rf\u00f6r beh\u00f6vs k\u00e4rnkraften.<\/p>\n<\/div>\n<\/div>\n<div id=\"svid12_72c4495e17f44b64443b611\" class=\"sv-text-portlet sv-use-margins\">\n<div class=\"sv-text-portlet-content\">\n<h2 id=\"Huvudforslag\" class=\"font-heading-2\">Huvudf\u00f6rslag<\/h2>\n<ul class=\" font-normal\">\n<li>Ge k\u00e4rnkraften l\u00e5ngsiktiga villkor att utvecklas \u2013 f\u00f6rl\u00e4ng befintliga reaktorers drift och planera en utbyggnad av fler reaktorer.<\/li>\n<li>V\u00e4rna vattenkraften, b\u00e5de den storskaliga och sm\u00e5skaliga.<\/li>\n<li>Bygg ut vindkraften med respekt f\u00f6r den lokala demokratin och sl\u00e5 vakt om vetor\u00e4tten. Skapa dels ett system som ger ers\u00e4ttning till fastighets\u00e4gare som blir p\u00e5verkade, dels ett system som ger ers\u00e4ttning till kommuner som bejakar vindkraft.<\/li>\n<li>F\u00f6r att akut m\u00f6ta de rusande elpriserna har vi f\u00f6reslagit att vi nollar momsen p\u00e5 el under dec-mars och s\u00e4nker energiskatten med hj\u00e4lp av en \u201dst\u00f6td\u00e4mpare\u201d. Vi vill ocks\u00e5 se en \u00e5terf\u00f6ring av de s\u00e5 kallade \u201dflaskhalsavgifterna\u201d vilket s\u00e4nker eln\u00e4tsavgiften f\u00f6r alla hush\u00e5ll. V\u00e5rt f\u00f6rslag ber\u00e4knas kosta ca 15 miljarder kr netto och finansieras med hj\u00e4lp av extraskatt p\u00e5 elbolagens \u00f6vervinster.<\/li>\n<\/ul>\n<\/div>\n<\/div>\n<div id=\"svid12_72c4495e17f44b64443b613\" class=\"sv-text-portlet sv-use-margins c904\">\n<div class=\"sv-text-portlet-content\">\n<h2 id=\"Ovrigaviktigaforslag\" class=\"font-heading-2\">\u00d6vriga viktiga f\u00f6rslag<\/h2>\n<ul class=\" font-normal\">\n<li>F\u00f6renkla tillst\u00e5ndskraven f\u00f6r storskaliga solcellsparker.<\/li>\n<li>Kortare och enklare tillst\u00e5ndskrav f\u00f6r utbyggnad av eln\u00e4ten.<\/li>\n<li>Inf\u00f6r ett leveranss\u00e4kerhetsm\u00e5l.<\/li>\n<li>En f\u00e4rdplan f\u00f6r morgondagens k\u00e4rnkraft med mer forskning och moderniserad lagstiftning.<\/li>\n<li>Skapa en sammanh\u00e5llen strategi f\u00f6r kraft- och fj\u00e4rrv\u00e4rmen.<\/li>\n<\/ul>\n<\/div>\n<\/div>\n","protected":false},"excerpt":{"rendered":"<p>Sverige befinner sig i en elkris. Vinterns rekorddyra elr\u00e4kningar har skadat b\u00e5de folk och f\u00f6retags pl\u00e5nb\u00f6cker. Regeringen har lagt ner planerbar k\u00e4rnkraft, gjort oss beroende av v\u00e4der och vind, samtidigt som vi beh\u00f6ver elektrifiera stora delar av samh\u00e4llet. S\u00e5 kan vi inte ha det. Vi beh\u00f6ver mer el, mycket mer el. Den beh\u00f6ver vara utsl\u00e4ppsfri <a class=\"read-more-link\" href=\"https:\/\/wp.kristdemokraterna.se\/odeshog\/nationellt\/aktuella-fragor\/billigare-el\/\">Read More<\/a><\/p>\n","protected":false},"author":747,"featured_media":0,"parent":1081,"menu_order":0,"comment_status":"closed","ping_status":"closed","template":"","meta":{"_acf_changed":false,"footnotes":""},"class_list":["post-1087","page","type-page","status-publish","hentry"],"acf":[],"yoast_head":"<!-- This site is optimized with the Yoast SEO plugin v27.4 - https:\/\/yoast.com\/product\/yoast-seo-wordpress\/ -->\n<title>Billigare el - \u00d6desh\u00f6g<\/title>\n<meta name=\"robots\" content=\"index, follow, max-snippet:-1, max-image-preview:large, max-video-preview:-1\" \/>\n<link rel=\"canonical\" href=\"https:\/\/wp.kristdemokraterna.se\/odeshog\/nationellt\/aktuella-fragor\/billigare-el\/\" \/>\n<meta property=\"og:locale\" content=\"sv_SE\" \/>\n<meta property=\"og:type\" content=\"article\" \/>\n<meta property=\"og:title\" content=\"Billigare el - \u00d6desh\u00f6g\" \/>\n<meta property=\"og:description\" content=\"Sverige befinner sig i en elkris. Vinterns rekorddyra elr\u00e4kningar har skadat b\u00e5de folk och f\u00f6retags pl\u00e5nb\u00f6cker. Regeringen har lagt ner planerbar k\u00e4rnkraft, gjort oss beroende av v\u00e4der och vind, samtidigt som vi beh\u00f6ver elektrifiera stora delar av samh\u00e4llet. S\u00e5 kan vi inte ha det. Vi beh\u00f6ver mer el, mycket mer el. Den beh\u00f6ver vara utsl\u00e4ppsfri Read More\" \/>\n<meta property=\"og:url\" content=\"https:\/\/wp.kristdemokraterna.se\/odeshog\/nationellt\/aktuella-fragor\/billigare-el\/\" \/>\n<meta property=\"og:site_name\" content=\"\u00d6desh\u00f6g\" \/>\n<meta property=\"article:modified_time\" content=\"2022-09-02T16:53:24+00:00\" \/>\n<meta property=\"og:image\" content=\"http:\/\/wp.kristdemokraterna.se\/odeshog\/files\/2022\/09\/billigare-el.jpg\" \/>\n<meta name=\"twitter:card\" content=\"summary_large_image\" \/>\n<meta name=\"twitter:label1\" content=\"Ber\u00e4knad l\u00e4stid\" \/>\n\t<meta name=\"twitter:data1\" content=\"1 minut\" \/>\n<script type=\"application\/ld+json\" class=\"yoast-schema-graph\">{\"@context\":\"https:\\\/\\\/schema.org\",\"@graph\":[{\"@type\":\"WebPage\",\"@id\":\"https:\\\/\\\/wp.kristdemokraterna.se\\\/odeshog\\\/nationellt\\\/aktuella-fragor\\\/billigare-el\\\/\",\"url\":\"https:\\\/\\\/wp.kristdemokraterna.se\\\/odeshog\\\/nationellt\\\/aktuella-fragor\\\/billigare-el\\\/\",\"name\":\"Billigare el - \u00d6desh\u00f6g\",\"isPartOf\":{\"@id\":\"https:\\\/\\\/wp.kristdemokraterna.se\\\/odeshog\\\/#website\"},\"primaryImageOfPage\":{\"@id\":\"https:\\\/\\\/wp.kristdemokraterna.se\\\/odeshog\\\/nationellt\\\/aktuella-fragor\\\/billigare-el\\\/#primaryimage\"},\"image\":{\"@id\":\"https:\\\/\\\/wp.kristdemokraterna.se\\\/odeshog\\\/nationellt\\\/aktuella-fragor\\\/billigare-el\\\/#primaryimage\"},\"thumbnailUrl\":\"http:\\\/\\\/wp.kristdemokraterna.se\\\/odeshog\\\/files\\\/2022\\\/09\\\/billigare-el.jpg\",\"datePublished\":\"2022-09-02T16:51:50+00:00\",\"dateModified\":\"2022-09-02T16:53:24+00:00\",\"breadcrumb\":{\"@id\":\"https:\\\/\\\/wp.kristdemokraterna.se\\\/odeshog\\\/nationellt\\\/aktuella-fragor\\\/billigare-el\\\/#breadcrumb\"},\"inLanguage\":\"sv-SE\",\"potentialAction\":[{\"@type\":\"ReadAction\",\"target\":[\"https:\\\/\\\/wp.kristdemokraterna.se\\\/odeshog\\\/nationellt\\\/aktuella-fragor\\\/billigare-el\\\/\"]}]},{\"@type\":\"ImageObject\",\"inLanguage\":\"sv-SE\",\"@id\":\"https:\\\/\\\/wp.kristdemokraterna.se\\\/odeshog\\\/nationellt\\\/aktuella-fragor\\\/billigare-el\\\/#primaryimage\",\"url\":\"http:\\\/\\\/wp.kristdemokraterna.se\\\/odeshog\\\/files\\\/2022\\\/09\\\/billigare-el.jpg\",\"contentUrl\":\"http:\\\/\\\/wp.kristdemokraterna.se\\\/odeshog\\\/files\\\/2022\\\/09\\\/billigare-el.jpg\"},{\"@type\":\"BreadcrumbList\",\"@id\":\"https:\\\/\\\/wp.kristdemokraterna.se\\\/odeshog\\\/nationellt\\\/aktuella-fragor\\\/billigare-el\\\/#breadcrumb\",\"itemListElement\":[{\"@type\":\"ListItem\",\"position\":1,\"name\":\"Hem\",\"item\":\"https:\\\/\\\/wp.kristdemokraterna.se\\\/odeshog\\\/\"},{\"@type\":\"ListItem\",\"position\":2,\"name\":\"Nationellt\",\"item\":\"https:\\\/\\\/wp.kristdemokraterna.se\\\/odeshog\\\/nationellt\\\/\"},{\"@type\":\"ListItem\",\"position\":3,\"name\":\"Aktuella fr\u00e5gor\",\"item\":\"https:\\\/\\\/wp.kristdemokraterna.se\\\/odeshog\\\/nationellt\\\/aktuella-fragor\\\/\"},{\"@type\":\"ListItem\",\"position\":4,\"name\":\"Billigare el\"}]},{\"@type\":\"WebSite\",\"@id\":\"https:\\\/\\\/wp.kristdemokraterna.se\\\/odeshog\\\/#website\",\"url\":\"https:\\\/\\\/wp.kristdemokraterna.se\\\/odeshog\\\/\",\"name\":\"\u00d6desh\u00f6g\",\"description\":\"En till Kristdemokraterna webbplats\",\"inLanguage\":\"sv-SE\"}]}<\/script>\n<!-- \/ Yoast SEO plugin. -->","yoast_head_json":{"title":"Billigare el - \u00d6desh\u00f6g","robots":{"index":"index","follow":"follow","max-snippet":"max-snippet:-1","max-image-preview":"max-image-preview:large","max-video-preview":"max-video-preview:-1"},"canonical":"https:\/\/wp.kristdemokraterna.se\/odeshog\/nationellt\/aktuella-fragor\/billigare-el\/","og_locale":"sv_SE","og_type":"article","og_title":"Billigare el - \u00d6desh\u00f6g","og_description":"Sverige befinner sig i en elkris. Vinterns rekorddyra elr\u00e4kningar har skadat b\u00e5de folk och f\u00f6retags pl\u00e5nb\u00f6cker. Regeringen har lagt ner planerbar k\u00e4rnkraft, gjort oss beroende av v\u00e4der och vind, samtidigt som vi beh\u00f6ver elektrifiera stora delar av samh\u00e4llet. S\u00e5 kan vi inte ha det. Vi beh\u00f6ver mer el, mycket mer el. Den beh\u00f6ver vara utsl\u00e4ppsfri Read More","og_url":"https:\/\/wp.kristdemokraterna.se\/odeshog\/nationellt\/aktuella-fragor\/billigare-el\/","og_site_name":"\u00d6desh\u00f6g","article_modified_time":"2022-09-02T16:53:24+00:00","og_image":[{"url":"http:\/\/wp.kristdemokraterna.se\/odeshog\/files\/2022\/09\/billigare-el.jpg","type":"","width":"","height":""}],"twitter_card":"summary_large_image","twitter_misc":{"Ber\u00e4knad l\u00e4stid":"1 minut"},"schema":{"@context":"https:\/\/schema.org","@graph":[{"@type":"WebPage","@id":"https:\/\/wp.kristdemokraterna.se\/odeshog\/nationellt\/aktuella-fragor\/billigare-el\/","url":"https:\/\/wp.kristdemokraterna.se\/odeshog\/nationellt\/aktuella-fragor\/billigare-el\/","name":"Billigare el - \u00d6desh\u00f6g","isPartOf":{"@id":"https:\/\/wp.kristdemokraterna.se\/odeshog\/#website"},"primaryImageOfPage":{"@id":"https:\/\/wp.kristdemokraterna.se\/odeshog\/nationellt\/aktuella-fragor\/billigare-el\/#primaryimage"},"image":{"@id":"https:\/\/wp.kristdemokraterna.se\/odeshog\/nationellt\/aktuella-fragor\/billigare-el\/#primaryimage"},"thumbnailUrl":"http:\/\/wp.kristdemokraterna.se\/odeshog\/files\/2022\/09\/billigare-el.jpg","datePublished":"2022-09-02T16:51:50+00:00","dateModified":"2022-09-02T16:53:24+00:00","breadcrumb":{"@id":"https:\/\/wp.kristdemokraterna.se\/odeshog\/nationellt\/aktuella-fragor\/billigare-el\/#breadcrumb"},"inLanguage":"sv-SE","potentialAction":[{"@type":"ReadAction","target":["https:\/\/wp.kristdemokraterna.se\/odeshog\/nationellt\/aktuella-fragor\/billigare-el\/"]}]},{"@type":"ImageObject","inLanguage":"sv-SE","@id":"https:\/\/wp.kristdemokraterna.se\/odeshog\/nationellt\/aktuella-fragor\/billigare-el\/#primaryimage","url":"http:\/\/wp.kristdemokraterna.se\/odeshog\/files\/2022\/09\/billigare-el.jpg","contentUrl":"http:\/\/wp.kristdemokraterna.se\/odeshog\/files\/2022\/09\/billigare-el.jpg"},{"@type":"BreadcrumbList","@id":"https:\/\/wp.kristdemokraterna.se\/odeshog\/nationellt\/aktuella-fragor\/billigare-el\/#breadcrumb","itemListElement":[{"@type":"ListItem","position":1,"name":"Hem","item":"https:\/\/wp.kristdemokraterna.se\/odeshog\/"},{"@type":"ListItem","position":2,"name":"Nationellt","item":"https:\/\/wp.kristdemokraterna.se\/odeshog\/nationellt\/"},{"@type":"ListItem","position":3,"name":"Aktuella fr\u00e5gor","item":"https:\/\/wp.kristdemokraterna.se\/odeshog\/nationellt\/aktuella-fragor\/"},{"@type":"ListItem","position":4,"name":"Billigare el"}]},{"@type":"WebSite","@id":"https:\/\/wp.kristdemokraterna.se\/odeshog\/#website","url":"https:\/\/wp.kristdemokraterna.se\/odeshog\/","name":"\u00d6desh\u00f6g","description":"En till Kristdemokraterna webbplats","inLanguage":"sv-SE"}]}},"_links":{"self":[{"href":"https:\/\/wp.kristdemokraterna.se\/odeshog\/wp-json\/wp\/v2\/pages\/1087","targetHints":{"allow":["GET"]}}],"collection":[{"href":"https:\/\/wp.kristdemokraterna.se\/odeshog\/wp-json\/wp\/v2\/pages"}],"about":[{"href":"https:\/\/wp.kristdemokraterna.se\/odeshog\/wp-json\/wp\/v2\/types\/page"}],"author":[{"embeddable":true,"href":"https:\/\/wp.kristdemokraterna.se\/odeshog\/wp-json\/wp\/v2\/users\/747"}],"replies":[{"embeddable":true,"href":"https:\/\/wp.kristdemokraterna.se\/odeshog\/wp-json\/wp\/v2\/comments?post=1087"}],"version-history":[{"count":3,"href":"https:\/\/wp.kristdemokraterna.se\/odeshog\/wp-json\/wp\/v2\/pages\/1087\/revisions"}],"predecessor-version":[{"id":1091,"href":"https:\/\/wp.kristdemokraterna.se\/odeshog\/wp-json\/wp\/v2\/pages\/1087\/revisions\/1091"}],"up":[{"embeddable":true,"href":"https:\/\/wp.kristdemokraterna.se\/odeshog\/wp-json\/wp\/v2\/pages\/1081"}],"wp:attachment":[{"href":"https:\/\/wp.kristdemokraterna.se\/odeshog\/wp-json\/wp\/v2\/media?parent=1087"}],"curies":[{"name":"wp","href":"https:\/\/api.w.org\/{rel}","templated":true}]}}