{"id":1092,"date":"2022-09-02T18:58:26","date_gmt":"2022-09-02T16:58:26","guid":{"rendered":"https:\/\/wp.kristdemokraterna.se\/odeshog\/?page_id=1092"},"modified":"2022-09-02T18:59:51","modified_gmt":"2022-09-02T16:59:51","slug":"billigare-bransle","status":"publish","type":"page","link":"https:\/\/wp.kristdemokraterna.se\/odeshog\/nationellt\/aktuella-fragor\/billigare-bransle\/","title":{"rendered":"Billigare br\u00e4nsle"},"content":{"rendered":"<p><a href=\"http:\/\/wp.kristdemokraterna.se\/odeshog\/files\/2022\/09\/billigare-bransle.jpg\"><img loading=\"lazy\" decoding=\"async\" class=\"alignnone wp-image-1093\" src=\"http:\/\/wp.kristdemokraterna.se\/odeshog\/files\/2022\/09\/billigare-bransle.jpg\" alt=\"\" width=\"350\" height=\"510\" srcset=\"https:\/\/wp.kristdemokraterna.se\/odeshog\/files\/2022\/09\/billigare-bransle.jpg 507w, https:\/\/wp.kristdemokraterna.se\/odeshog\/files\/2022\/09\/billigare-bransle-206x300.jpg 206w, https:\/\/wp.kristdemokraterna.se\/odeshog\/files\/2022\/09\/billigare-bransle-137x200.jpg 137w, https:\/\/wp.kristdemokraterna.se\/odeshog\/files\/2022\/09\/billigare-bransle-370x539.jpg 370w, https:\/\/wp.kristdemokraterna.se\/odeshog\/files\/2022\/09\/billigare-bransle-450x656.jpg 450w, https:\/\/wp.kristdemokraterna.se\/odeshog\/files\/2022\/09\/billigare-bransle-276x402.jpg 276w, https:\/\/wp.kristdemokraterna.se\/odeshog\/files\/2022\/09\/billigare-bransle-340x496.jpg 340w, https:\/\/wp.kristdemokraterna.se\/odeshog\/files\/2022\/09\/billigare-bransle-38x56.jpg 38w\" sizes=\"auto, (max-width: 350px) 100vw, 350px\" \/><\/a><\/p>\n<div id=\"svid12_129d3e2817dc23cef3223380\" class=\"sv-text-portlet sv-use-margins\">\n<div class=\"sv-text-portlet-content\">\n<p class=\"font-description\">Regeringen pressar upp dieselpriserna p\u00e5 bekostnad av de barnfamiljer och pension\u00e4rer som s\u00f6ker m\u00e5l och mening utanf\u00f6r storst\u00e4derna.<\/p>\n<\/div>\n<\/div>\n<div id=\"svid12_129d3e2817dc23cef3223381\" class=\"sv-text-portlet sv-use-margins\">\n<div class=\"sv-text-portlet-content\">\n<p class=\"font-normal\">F\u00f6r f\u00f6retagarna, lantbrukare och skogsbrukare inneb\u00e4r de snabbt stigande priserna ett mycket allvarligt problem i ett redan anstr\u00e4ngt l\u00e4ge. De \u00e5kerier, bussf\u00f6retag och lantbrukare som konkurrerar med andra l\u00e4nder drabbas h\u00e5rt n\u00e4r priserna i Sverige \u00e4r s\u00e5 mycket h\u00f6gre \u00e4n i konkurrenternas heml\u00e4nder. Och om svenskt jordbruk med sin goda djurh\u00e5llning sl\u00e5s ut till f\u00f6rm\u00e5n f\u00f6r andra l\u00e4nders, ofta s\u00e4mre alternativ, \u00e4r inget vunnet.<\/p>\n<p class=\"font-normal\">Sverige ligger redan v\u00e4sentligt h\u00f6gre \u00e4n vad som EU beg\u00e4r att vi ska g\u00f6ra om \u00e5tta \u00e5r vad g\u00e4ller inblandning av biodrivmedel. Och regeringen vill g\u00e5 mer \u00e4n dubbelt s\u00e5 l\u00e5ngt. Men konsekvensen av en h\u00f6g reduktionsplikt \u00e4r kraftigt dyrare diesel. Sverige har, som en konsekvens av detta, f\u00e5tt v\u00e4rldens dyraste diesel.<\/p>\n<p class=\"font-normal\">Vi m\u00e5ste str\u00e4va mot och n\u00e5 v\u00e5ra klimatm\u00e5l p\u00e5 ett s\u00e4tt som l\u00e5ter m\u00e4nniskor vara med, snarare \u00e4n ett d\u00e4r verksamheter och m\u00e4nniskors privatekonomi kn\u00e4cks. Hela Sverige ska fungera.<\/p>\n<\/div>\n<\/div>\n","protected":false},"excerpt":{"rendered":"<p>Regeringen pressar upp dieselpriserna p\u00e5 bekostnad av de barnfamiljer och pension\u00e4rer som s\u00f6ker m\u00e5l och mening utanf\u00f6r storst\u00e4derna. F\u00f6r f\u00f6retagarna, lantbrukare och skogsbrukare inneb\u00e4r de snabbt stigande priserna ett mycket allvarligt problem i ett redan anstr\u00e4ngt l\u00e4ge. De \u00e5kerier, bussf\u00f6retag och lantbrukare som konkurrerar med andra l\u00e4nder drabbas h\u00e5rt n\u00e4r priserna i Sverige \u00e4r s\u00e5 <a class=\"read-more-link\" href=\"https:\/\/wp.kristdemokraterna.se\/odeshog\/nationellt\/aktuella-fragor\/billigare-bransle\/\">Read More<\/a><\/p>\n","protected":false},"author":747,"featured_media":0,"parent":1081,"menu_order":0,"comment_status":"closed","ping_status":"closed","template":"","meta":{"_acf_changed":false,"footnotes":""},"class_list":["post-1092","page","type-page","status-publish","hentry"],"acf":[],"yoast_head":"<!-- This site is optimized with the Yoast SEO plugin v27.4 - https:\/\/yoast.com\/product\/yoast-seo-wordpress\/ -->\n<title>Billigare br\u00e4nsle - \u00d6desh\u00f6g<\/title>\n<meta name=\"robots\" content=\"index, follow, max-snippet:-1, max-image-preview:large, max-video-preview:-1\" \/>\n<link rel=\"canonical\" href=\"https:\/\/wp.kristdemokraterna.se\/odeshog\/nationellt\/aktuella-fragor\/billigare-bransle\/\" \/>\n<meta property=\"og:locale\" content=\"sv_SE\" \/>\n<meta property=\"og:type\" content=\"article\" \/>\n<meta property=\"og:title\" content=\"Billigare br\u00e4nsle - \u00d6desh\u00f6g\" \/>\n<meta property=\"og:description\" content=\"Regeringen pressar upp dieselpriserna p\u00e5 bekostnad av de barnfamiljer och pension\u00e4rer som s\u00f6ker m\u00e5l och mening utanf\u00f6r storst\u00e4derna. F\u00f6r f\u00f6retagarna, lantbrukare och skogsbrukare inneb\u00e4r de snabbt stigande priserna ett mycket allvarligt problem i ett redan anstr\u00e4ngt l\u00e4ge. De \u00e5kerier, bussf\u00f6retag och lantbrukare som konkurrerar med andra l\u00e4nder drabbas h\u00e5rt n\u00e4r priserna i Sverige \u00e4r s\u00e5 Read More\" \/>\n<meta property=\"og:url\" content=\"https:\/\/wp.kristdemokraterna.se\/odeshog\/nationellt\/aktuella-fragor\/billigare-bransle\/\" \/>\n<meta property=\"og:site_name\" content=\"\u00d6desh\u00f6g\" \/>\n<meta property=\"article:modified_time\" content=\"2022-09-02T16:59:51+00:00\" \/>\n<meta property=\"og:image\" content=\"http:\/\/wp.kristdemokraterna.se\/odeshog\/files\/2022\/09\/billigare-bransle.jpg\" \/>\n<meta name=\"twitter:card\" content=\"summary_large_image\" \/>\n<meta name=\"twitter:label1\" content=\"Ber\u00e4knad l\u00e4stid\" \/>\n\t<meta name=\"twitter:data1\" content=\"1 minut\" \/>\n<script type=\"application\/ld+json\" class=\"yoast-schema-graph\">{\"@context\":\"https:\\\/\\\/schema.org\",\"@graph\":[{\"@type\":\"WebPage\",\"@id\":\"https:\\\/\\\/wp.kristdemokraterna.se\\\/odeshog\\\/nationellt\\\/aktuella-fragor\\\/billigare-bransle\\\/\",\"url\":\"https:\\\/\\\/wp.kristdemokraterna.se\\\/odeshog\\\/nationellt\\\/aktuella-fragor\\\/billigare-bransle\\\/\",\"name\":\"Billigare br\u00e4nsle - \u00d6desh\u00f6g\",\"isPartOf\":{\"@id\":\"https:\\\/\\\/wp.kristdemokraterna.se\\\/odeshog\\\/#website\"},\"primaryImageOfPage\":{\"@id\":\"https:\\\/\\\/wp.kristdemokraterna.se\\\/odeshog\\\/nationellt\\\/aktuella-fragor\\\/billigare-bransle\\\/#primaryimage\"},\"image\":{\"@id\":\"https:\\\/\\\/wp.kristdemokraterna.se\\\/odeshog\\\/nationellt\\\/aktuella-fragor\\\/billigare-bransle\\\/#primaryimage\"},\"thumbnailUrl\":\"http:\\\/\\\/wp.kristdemokraterna.se\\\/odeshog\\\/files\\\/2022\\\/09\\\/billigare-bransle.jpg\",\"datePublished\":\"2022-09-02T16:58:26+00:00\",\"dateModified\":\"2022-09-02T16:59:51+00:00\",\"breadcrumb\":{\"@id\":\"https:\\\/\\\/wp.kristdemokraterna.se\\\/odeshog\\\/nationellt\\\/aktuella-fragor\\\/billigare-bransle\\\/#breadcrumb\"},\"inLanguage\":\"sv-SE\",\"potentialAction\":[{\"@type\":\"ReadAction\",\"target\":[\"https:\\\/\\\/wp.kristdemokraterna.se\\\/odeshog\\\/nationellt\\\/aktuella-fragor\\\/billigare-bransle\\\/\"]}]},{\"@type\":\"ImageObject\",\"inLanguage\":\"sv-SE\",\"@id\":\"https:\\\/\\\/wp.kristdemokraterna.se\\\/odeshog\\\/nationellt\\\/aktuella-fragor\\\/billigare-bransle\\\/#primaryimage\",\"url\":\"http:\\\/\\\/wp.kristdemokraterna.se\\\/odeshog\\\/files\\\/2022\\\/09\\\/billigare-bransle.jpg\",\"contentUrl\":\"http:\\\/\\\/wp.kristdemokraterna.se\\\/odeshog\\\/files\\\/2022\\\/09\\\/billigare-bransle.jpg\"},{\"@type\":\"BreadcrumbList\",\"@id\":\"https:\\\/\\\/wp.kristdemokraterna.se\\\/odeshog\\\/nationellt\\\/aktuella-fragor\\\/billigare-bransle\\\/#breadcrumb\",\"itemListElement\":[{\"@type\":\"ListItem\",\"position\":1,\"name\":\"Hem\",\"item\":\"https:\\\/\\\/wp.kristdemokraterna.se\\\/odeshog\\\/\"},{\"@type\":\"ListItem\",\"position\":2,\"name\":\"Nationellt\",\"item\":\"https:\\\/\\\/wp.kristdemokraterna.se\\\/odeshog\\\/nationellt\\\/\"},{\"@type\":\"ListItem\",\"position\":3,\"name\":\"Aktuella fr\u00e5gor\",\"item\":\"https:\\\/\\\/wp.kristdemokraterna.se\\\/odeshog\\\/nationellt\\\/aktuella-fragor\\\/\"},{\"@type\":\"ListItem\",\"position\":4,\"name\":\"Billigare br\u00e4nsle\"}]},{\"@type\":\"WebSite\",\"@id\":\"https:\\\/\\\/wp.kristdemokraterna.se\\\/odeshog\\\/#website\",\"url\":\"https:\\\/\\\/wp.kristdemokraterna.se\\\/odeshog\\\/\",\"name\":\"\u00d6desh\u00f6g\",\"description\":\"En till Kristdemokraterna webbplats\",\"inLanguage\":\"sv-SE\"}]}<\/script>\n<!-- \/ Yoast SEO plugin. -->","yoast_head_json":{"title":"Billigare br\u00e4nsle - \u00d6desh\u00f6g","robots":{"index":"index","follow":"follow","max-snippet":"max-snippet:-1","max-image-preview":"max-image-preview:large","max-video-preview":"max-video-preview:-1"},"canonical":"https:\/\/wp.kristdemokraterna.se\/odeshog\/nationellt\/aktuella-fragor\/billigare-bransle\/","og_locale":"sv_SE","og_type":"article","og_title":"Billigare br\u00e4nsle - \u00d6desh\u00f6g","og_description":"Regeringen pressar upp dieselpriserna p\u00e5 bekostnad av de barnfamiljer och pension\u00e4rer som s\u00f6ker m\u00e5l och mening utanf\u00f6r storst\u00e4derna. F\u00f6r f\u00f6retagarna, lantbrukare och skogsbrukare inneb\u00e4r de snabbt stigande priserna ett mycket allvarligt problem i ett redan anstr\u00e4ngt l\u00e4ge. De \u00e5kerier, bussf\u00f6retag och lantbrukare som konkurrerar med andra l\u00e4nder drabbas h\u00e5rt n\u00e4r priserna i Sverige \u00e4r s\u00e5 Read More","og_url":"https:\/\/wp.kristdemokraterna.se\/odeshog\/nationellt\/aktuella-fragor\/billigare-bransle\/","og_site_name":"\u00d6desh\u00f6g","article_modified_time":"2022-09-02T16:59:51+00:00","og_image":[{"url":"http:\/\/wp.kristdemokraterna.se\/odeshog\/files\/2022\/09\/billigare-bransle.jpg","type":"","width":"","height":""}],"twitter_card":"summary_large_image","twitter_misc":{"Ber\u00e4knad l\u00e4stid":"1 minut"},"schema":{"@context":"https:\/\/schema.org","@graph":[{"@type":"WebPage","@id":"https:\/\/wp.kristdemokraterna.se\/odeshog\/nationellt\/aktuella-fragor\/billigare-bransle\/","url":"https:\/\/wp.kristdemokraterna.se\/odeshog\/nationellt\/aktuella-fragor\/billigare-bransle\/","name":"Billigare br\u00e4nsle - \u00d6desh\u00f6g","isPartOf":{"@id":"https:\/\/wp.kristdemokraterna.se\/odeshog\/#website"},"primaryImageOfPage":{"@id":"https:\/\/wp.kristdemokraterna.se\/odeshog\/nationellt\/aktuella-fragor\/billigare-bransle\/#primaryimage"},"image":{"@id":"https:\/\/wp.kristdemokraterna.se\/odeshog\/nationellt\/aktuella-fragor\/billigare-bransle\/#primaryimage"},"thumbnailUrl":"http:\/\/wp.kristdemokraterna.se\/odeshog\/files\/2022\/09\/billigare-bransle.jpg","datePublished":"2022-09-02T16:58:26+00:00","dateModified":"2022-09-02T16:59:51+00:00","breadcrumb":{"@id":"https:\/\/wp.kristdemokraterna.se\/odeshog\/nationellt\/aktuella-fragor\/billigare-bransle\/#breadcrumb"},"inLanguage":"sv-SE","potentialAction":[{"@type":"ReadAction","target":["https:\/\/wp.kristdemokraterna.se\/odeshog\/nationellt\/aktuella-fragor\/billigare-bransle\/"]}]},{"@type":"ImageObject","inLanguage":"sv-SE","@id":"https:\/\/wp.kristdemokraterna.se\/odeshog\/nationellt\/aktuella-fragor\/billigare-bransle\/#primaryimage","url":"http:\/\/wp.kristdemokraterna.se\/odeshog\/files\/2022\/09\/billigare-bransle.jpg","contentUrl":"http:\/\/wp.kristdemokraterna.se\/odeshog\/files\/2022\/09\/billigare-bransle.jpg"},{"@type":"BreadcrumbList","@id":"https:\/\/wp.kristdemokraterna.se\/odeshog\/nationellt\/aktuella-fragor\/billigare-bransle\/#breadcrumb","itemListElement":[{"@type":"ListItem","position":1,"name":"Hem","item":"https:\/\/wp.kristdemokraterna.se\/odeshog\/"},{"@type":"ListItem","position":2,"name":"Nationellt","item":"https:\/\/wp.kristdemokraterna.se\/odeshog\/nationellt\/"},{"@type":"ListItem","position":3,"name":"Aktuella fr\u00e5gor","item":"https:\/\/wp.kristdemokraterna.se\/odeshog\/nationellt\/aktuella-fragor\/"},{"@type":"ListItem","position":4,"name":"Billigare br\u00e4nsle"}]},{"@type":"WebSite","@id":"https:\/\/wp.kristdemokraterna.se\/odeshog\/#website","url":"https:\/\/wp.kristdemokraterna.se\/odeshog\/","name":"\u00d6desh\u00f6g","description":"En till Kristdemokraterna webbplats","inLanguage":"sv-SE"}]}},"_links":{"self":[{"href":"https:\/\/wp.kristdemokraterna.se\/odeshog\/wp-json\/wp\/v2\/pages\/1092","targetHints":{"allow":["GET"]}}],"collection":[{"href":"https:\/\/wp.kristdemokraterna.se\/odeshog\/wp-json\/wp\/v2\/pages"}],"about":[{"href":"https:\/\/wp.kristdemokraterna.se\/odeshog\/wp-json\/wp\/v2\/types\/page"}],"author":[{"embeddable":true,"href":"https:\/\/wp.kristdemokraterna.se\/odeshog\/wp-json\/wp\/v2\/users\/747"}],"replies":[{"embeddable":true,"href":"https:\/\/wp.kristdemokraterna.se\/odeshog\/wp-json\/wp\/v2\/comments?post=1092"}],"version-history":[{"count":3,"href":"https:\/\/wp.kristdemokraterna.se\/odeshog\/wp-json\/wp\/v2\/pages\/1092\/revisions"}],"predecessor-version":[{"id":1096,"href":"https:\/\/wp.kristdemokraterna.se\/odeshog\/wp-json\/wp\/v2\/pages\/1092\/revisions\/1096"}],"up":[{"embeddable":true,"href":"https:\/\/wp.kristdemokraterna.se\/odeshog\/wp-json\/wp\/v2\/pages\/1081"}],"wp:attachment":[{"href":"https:\/\/wp.kristdemokraterna.se\/odeshog\/wp-json\/wp\/v2\/media?parent=1092"}],"curies":[{"name":"wp","href":"https:\/\/api.w.org\/{rel}","templated":true}]}}