{"id":1158,"date":"2026-04-19T16:01:05","date_gmt":"2026-04-19T14:01:05","guid":{"rendered":"https:\/\/wp.kristdemokraterna.se\/odeshog\/?page_id=1158"},"modified":"2026-04-19T17:53:18","modified_gmt":"2026-04-19T15:53:18","slug":"kommunstyrelsen","status":"publish","type":"page","link":"https:\/\/wp.kristdemokraterna.se\/odeshog\/fortroendevalda-alternativ\/kommunstyrelsen\/","title":{"rendered":"Kommunstyrelsen"},"content":{"rendered":"<p>Kommunstyrelsen leder och samordnar kommunens arbete. Man f\u00f6rbereder \u00e4renden till fullm\u00e4ktige och ser till att besluten genomf\u00f6rs.<\/p>\n<p><strong>H\u00e4r \u00e4r kristdemokraternas f\u00f6retr\u00e4dare i \u00d6desh\u00f6gs kommunstyrelse<\/strong><\/p>\n<p>2:e vice ordf\u00f6rande, Jonni Harrius <a href=\"https:\/\/wp.kristdemokraterna.se\/odeshog\/jonni-harrius\/\">L\u00e4s mer<\/a><\/p>\n<p><strong><em>Ledam\u00f6ter<\/em><\/strong><\/p>\n<p>Annicki Oscarsson <a href=\"https:\/\/wp.kristdemokraterna.se\/odeshog\/annicki-oscarsson\/\">L\u00e4s mer<\/a><br \/>\nHelene Thunberg <a href=\"https:\/\/wp.kristdemokraterna.se\/odeshog\/helene-thunberg\/\">L\u00e4s mer<\/a><\/p>\n<p><strong><em>Ers\u00e4ttare<\/em><\/strong><\/p>\n<p>Lennart \u00c5berg <a href=\"https:\/\/wp.kristdemokraterna.se\/odeshog\/lennart-aberg\/\">L\u00e4s mer<\/a><br \/>\nNikolai Hamstein <a href=\"https:\/\/wp.kristdemokraterna.se\/odeshog\/nikolai-hamstein\/\">L\u00e4s mer<\/a><br \/>\nMattias Petsrsson <a href=\"https:\/\/wp.kristdemokraterna.se\/odeshog\/mattias-petersson\/\">L\u00e4s mer<\/a><\/p>\n","protected":false},"excerpt":{"rendered":"<p>Kommunstyrelsen leder och samordnar kommunens arbete. Man f\u00f6rbereder \u00e4renden till fullm\u00e4ktige och ser till att besluten genomf\u00f6rs. H\u00e4r \u00e4r kristdemokraternas f\u00f6retr\u00e4dare i \u00d6desh\u00f6gs kommunstyrelse 2:e vice ordf\u00f6rande, Jonni Harrius L\u00e4s mer Ledam\u00f6ter Annicki Oscarsson L\u00e4s mer Helene Thunberg L\u00e4s mer Ers\u00e4ttare Lennart \u00c5berg L\u00e4s mer Nikolai Hamstein L\u00e4s mer Mattias Petsrsson L\u00e4s mer<\/p>\n","protected":false},"author":747,"featured_media":0,"parent":625,"menu_order":0,"comment_status":"closed","ping_status":"closed","template":"","meta":{"_acf_changed":false,"footnotes":""},"class_list":["post-1158","page","type-page","status-publish","hentry"],"acf":[],"yoast_head":"<!-- This site is optimized with the Yoast SEO plugin v27.4 - https:\/\/yoast.com\/product\/yoast-seo-wordpress\/ -->\n<title>Kommunstyrelsen - \u00d6desh\u00f6g<\/title>\n<meta name=\"robots\" content=\"index, follow, max-snippet:-1, max-image-preview:large, max-video-preview:-1\" \/>\n<link rel=\"canonical\" href=\"https:\/\/wp.kristdemokraterna.se\/odeshog\/fortroendevalda-alternativ\/kommunstyrelsen\/\" \/>\n<meta property=\"og:locale\" content=\"sv_SE\" \/>\n<meta property=\"og:type\" content=\"article\" \/>\n<meta property=\"og:title\" content=\"Kommunstyrelsen - \u00d6desh\u00f6g\" \/>\n<meta property=\"og:description\" content=\"Kommunstyrelsen leder och samordnar kommunens arbete. Man f\u00f6rbereder \u00e4renden till fullm\u00e4ktige och ser till att besluten genomf\u00f6rs. H\u00e4r \u00e4r kristdemokraternas f\u00f6retr\u00e4dare i \u00d6desh\u00f6gs kommunstyrelse 2:e vice ordf\u00f6rande, Jonni Harrius L\u00e4s mer Ledam\u00f6ter Annicki Oscarsson L\u00e4s mer Helene Thunberg L\u00e4s mer Ers\u00e4ttare Lennart \u00c5berg L\u00e4s mer Nikolai Hamstein L\u00e4s mer Mattias Petsrsson L\u00e4s mer\" \/>\n<meta property=\"og:url\" content=\"https:\/\/wp.kristdemokraterna.se\/odeshog\/fortroendevalda-alternativ\/kommunstyrelsen\/\" \/>\n<meta property=\"og:site_name\" content=\"\u00d6desh\u00f6g\" \/>\n<meta property=\"article:modified_time\" content=\"2026-04-19T15:53:18+00:00\" \/>\n<meta name=\"twitter:card\" content=\"summary_large_image\" \/>\n<meta name=\"twitter:label1\" content=\"Ber\u00e4knad l\u00e4stid\" \/>\n\t<meta name=\"twitter:data1\" content=\"1 minut\" \/>\n<script type=\"application\/ld+json\" class=\"yoast-schema-graph\">{\"@context\":\"https:\\\/\\\/schema.org\",\"@graph\":[{\"@type\":\"WebPage\",\"@id\":\"https:\\\/\\\/wp.kristdemokraterna.se\\\/odeshog\\\/fortroendevalda-alternativ\\\/kommunstyrelsen\\\/\",\"url\":\"https:\\\/\\\/wp.kristdemokraterna.se\\\/odeshog\\\/fortroendevalda-alternativ\\\/kommunstyrelsen\\\/\",\"name\":\"Kommunstyrelsen - \u00d6desh\u00f6g\",\"isPartOf\":{\"@id\":\"https:\\\/\\\/wp.kristdemokraterna.se\\\/odeshog\\\/#website\"},\"datePublished\":\"2026-04-19T14:01:05+00:00\",\"dateModified\":\"2026-04-19T15:53:18+00:00\",\"breadcrumb\":{\"@id\":\"https:\\\/\\\/wp.kristdemokraterna.se\\\/odeshog\\\/fortroendevalda-alternativ\\\/kommunstyrelsen\\\/#breadcrumb\"},\"inLanguage\":\"sv-SE\",\"potentialAction\":[{\"@type\":\"ReadAction\",\"target\":[\"https:\\\/\\\/wp.kristdemokraterna.se\\\/odeshog\\\/fortroendevalda-alternativ\\\/kommunstyrelsen\\\/\"]}]},{\"@type\":\"BreadcrumbList\",\"@id\":\"https:\\\/\\\/wp.kristdemokraterna.se\\\/odeshog\\\/fortroendevalda-alternativ\\\/kommunstyrelsen\\\/#breadcrumb\",\"itemListElement\":[{\"@type\":\"ListItem\",\"position\":1,\"name\":\"Hem\",\"item\":\"https:\\\/\\\/wp.kristdemokraterna.se\\\/odeshog\\\/\"},{\"@type\":\"ListItem\",\"position\":2,\"name\":\"F\u00f6rtroendevalda\",\"item\":\"https:\\\/\\\/wp.kristdemokraterna.se\\\/odeshog\\\/fortroendevalda-alternativ\\\/\"},{\"@type\":\"ListItem\",\"position\":3,\"name\":\"Kommunstyrelsen\"}]},{\"@type\":\"WebSite\",\"@id\":\"https:\\\/\\\/wp.kristdemokraterna.se\\\/odeshog\\\/#website\",\"url\":\"https:\\\/\\\/wp.kristdemokraterna.se\\\/odeshog\\\/\",\"name\":\"\u00d6desh\u00f6g\",\"description\":\"En till Kristdemokraterna webbplats\",\"inLanguage\":\"sv-SE\"}]}<\/script>\n<!-- \/ Yoast SEO plugin. -->","yoast_head_json":{"title":"Kommunstyrelsen - \u00d6desh\u00f6g","robots":{"index":"index","follow":"follow","max-snippet":"max-snippet:-1","max-image-preview":"max-image-preview:large","max-video-preview":"max-video-preview:-1"},"canonical":"https:\/\/wp.kristdemokraterna.se\/odeshog\/fortroendevalda-alternativ\/kommunstyrelsen\/","og_locale":"sv_SE","og_type":"article","og_title":"Kommunstyrelsen - \u00d6desh\u00f6g","og_description":"Kommunstyrelsen leder och samordnar kommunens arbete. Man f\u00f6rbereder \u00e4renden till fullm\u00e4ktige och ser till att besluten genomf\u00f6rs. H\u00e4r \u00e4r kristdemokraternas f\u00f6retr\u00e4dare i \u00d6desh\u00f6gs kommunstyrelse 2:e vice ordf\u00f6rande, Jonni Harrius L\u00e4s mer Ledam\u00f6ter Annicki Oscarsson L\u00e4s mer Helene Thunberg L\u00e4s mer Ers\u00e4ttare Lennart \u00c5berg L\u00e4s mer Nikolai Hamstein L\u00e4s mer Mattias Petsrsson L\u00e4s mer","og_url":"https:\/\/wp.kristdemokraterna.se\/odeshog\/fortroendevalda-alternativ\/kommunstyrelsen\/","og_site_name":"\u00d6desh\u00f6g","article_modified_time":"2026-04-19T15:53:18+00:00","twitter_card":"summary_large_image","twitter_misc":{"Ber\u00e4knad l\u00e4stid":"1 minut"},"schema":{"@context":"https:\/\/schema.org","@graph":[{"@type":"WebPage","@id":"https:\/\/wp.kristdemokraterna.se\/odeshog\/fortroendevalda-alternativ\/kommunstyrelsen\/","url":"https:\/\/wp.kristdemokraterna.se\/odeshog\/fortroendevalda-alternativ\/kommunstyrelsen\/","name":"Kommunstyrelsen - \u00d6desh\u00f6g","isPartOf":{"@id":"https:\/\/wp.kristdemokraterna.se\/odeshog\/#website"},"datePublished":"2026-04-19T14:01:05+00:00","dateModified":"2026-04-19T15:53:18+00:00","breadcrumb":{"@id":"https:\/\/wp.kristdemokraterna.se\/odeshog\/fortroendevalda-alternativ\/kommunstyrelsen\/#breadcrumb"},"inLanguage":"sv-SE","potentialAction":[{"@type":"ReadAction","target":["https:\/\/wp.kristdemokraterna.se\/odeshog\/fortroendevalda-alternativ\/kommunstyrelsen\/"]}]},{"@type":"BreadcrumbList","@id":"https:\/\/wp.kristdemokraterna.se\/odeshog\/fortroendevalda-alternativ\/kommunstyrelsen\/#breadcrumb","itemListElement":[{"@type":"ListItem","position":1,"name":"Hem","item":"https:\/\/wp.kristdemokraterna.se\/odeshog\/"},{"@type":"ListItem","position":2,"name":"F\u00f6rtroendevalda","item":"https:\/\/wp.kristdemokraterna.se\/odeshog\/fortroendevalda-alternativ\/"},{"@type":"ListItem","position":3,"name":"Kommunstyrelsen"}]},{"@type":"WebSite","@id":"https:\/\/wp.kristdemokraterna.se\/odeshog\/#website","url":"https:\/\/wp.kristdemokraterna.se\/odeshog\/","name":"\u00d6desh\u00f6g","description":"En till Kristdemokraterna webbplats","inLanguage":"sv-SE"}]}},"_links":{"self":[{"href":"https:\/\/wp.kristdemokraterna.se\/odeshog\/wp-json\/wp\/v2\/pages\/1158","targetHints":{"allow":["GET"]}}],"collection":[{"href":"https:\/\/wp.kristdemokraterna.se\/odeshog\/wp-json\/wp\/v2\/pages"}],"about":[{"href":"https:\/\/wp.kristdemokraterna.se\/odeshog\/wp-json\/wp\/v2\/types\/page"}],"author":[{"embeddable":true,"href":"https:\/\/wp.kristdemokraterna.se\/odeshog\/wp-json\/wp\/v2\/users\/747"}],"replies":[{"embeddable":true,"href":"https:\/\/wp.kristdemokraterna.se\/odeshog\/wp-json\/wp\/v2\/comments?post=1158"}],"version-history":[{"count":5,"href":"https:\/\/wp.kristdemokraterna.se\/odeshog\/wp-json\/wp\/v2\/pages\/1158\/revisions"}],"predecessor-version":[{"id":1180,"href":"https:\/\/wp.kristdemokraterna.se\/odeshog\/wp-json\/wp\/v2\/pages\/1158\/revisions\/1180"}],"up":[{"embeddable":true,"href":"https:\/\/wp.kristdemokraterna.se\/odeshog\/wp-json\/wp\/v2\/pages\/625"}],"wp:attachment":[{"href":"https:\/\/wp.kristdemokraterna.se\/odeshog\/wp-json\/wp\/v2\/media?parent=1158"}],"curies":[{"name":"wp","href":"https:\/\/api.w.org\/{rel}","templated":true}]}}

<p>Kommunstyrelsen leder och samordnar kommunens arbete. Man förbereder ärenden till fullmäktige och ser till att besluten genomförs.</p>
<p><strong>Här är kristdemokraternas företrädare i Ödeshögs kommunstyrelse</strong></p>
<p>2:e vice ordförande, Jonni Harrius <a href="https://wp.kristdemokraterna.se/odeshog/jonni-harrius/">Läs mer</a></p>
<p><strong><em>Ledamöter</em></strong></p>
<p>Annicki Oscarsson <a href="https://wp.kristdemokraterna.se/odeshog/annicki-oscarsson/">Läs mer</a><br />
Helene Thunberg <a href="https://wp.kristdemokraterna.se/odeshog/helene-thunberg/">Läs mer</a></p>
<p><strong><em>Ersättare</em></strong></p>
<p>Lennart Åberg <a href="https://wp.kristdemokraterna.se/odeshog/lennart-aberg/">Läs mer</a><br />
Nikolai Hamstein <a href="https://wp.kristdemokraterna.se/odeshog/nikolai-hamstein/">Läs mer</a><br />
Mattias Petsrsson <a href="https://wp.kristdemokraterna.se/odeshog/mattias-petersson/">Läs mer</a></p>

<p>Kommunstyrelsen leder och samordnar kommunens arbete. Man förbereder ärenden till fullmäktige och ser till att besluten genomförs. Här är kristdemokraternas företrädare i Ödeshögs kommunstyrelse 2:e vice ordförande, Jonni Harrius Läs mer Ledamöter Annicki Oscarsson Läs mer Helene Thunberg Läs mer Ersättare Lennart Åberg Läs mer Nikolai Hamstein Läs mer Mattias Petsrsson Läs mer</p>

<!-- This site is optimized with the Yoast SEO plugin v27.4 - https://yoast.com/product/yoast-seo-wordpress/ -->
<title>Kommunstyrelsen - Ödeshög</title>
<meta name="robots" content="index, follow, max-snippet:-1, max-image-preview:large, max-video-preview:-1" />
<link rel="canonical" href="https://wp.kristdemokraterna.se/odeshog/fortroendevalda-alternativ/kommunstyrelsen/" />
<meta property="og:locale" content="sv_SE" />
<meta property="og:type" content="article" />
<meta property="og:title" content="Kommunstyrelsen - Ödeshög" />
<meta property="og:description" content="Kommunstyrelsen leder och samordnar kommunens arbete. Man förbereder ärenden till fullmäktige och ser till att besluten genomförs. Här är kristdemokraternas företrädare i Ödeshögs kommunstyrelse 2:e vice ordförande, Jonni Harrius Läs mer Ledamöter Annicki Oscarsson Läs mer Helene Thunberg Läs mer Ersättare Lennart Åberg Läs mer Nikolai Hamstein Läs mer Mattias Petsrsson Läs mer" />
<meta property="og:url" content="https://wp.kristdemokraterna.se/odeshog/fortroendevalda-alternativ/kommunstyrelsen/" />
<meta property="og:site_name" content="Ödeshög" />
<meta property="article:modified_time" content="2026-04-19T15:53:18+00:00" />
<meta name="twitter:card" content="summary_large_image" />
<meta name="twitter:label1" content="Beräknad lästid" />
	<meta name="twitter:data1" content="1 minut" />
<script type="application/ld+json" class="yoast-schema-graph">{"@context":"https:\/\/schema.org","@graph":[{"@type":"WebPage","@id":"https:\/\/wp.kristdemokraterna.se\/odeshog\/fortroendevalda-alternativ\/kommunstyrelsen\/","url":"https:\/\/wp.kristdemokraterna.se\/odeshog\/fortroendevalda-alternativ\/kommunstyrelsen\/","name":"Kommunstyrelsen - Ödeshög","isPartOf":{"@id":"https:\/\/wp.kristdemokraterna.se\/odeshog\/#website"},"datePublished":"2026-04-19T14:01:05+00:00","dateModified":"2026-04-19T15:53:18+00:00","breadcrumb":{"@id":"https:\/\/wp.kristdemokraterna.se\/odeshog\/fortroendevalda-alternativ\/kommunstyrelsen\/#breadcrumb"},"inLanguage":"sv-SE","potentialAction":[{"@type":"ReadAction","target":["https:\/\/wp.kristdemokraterna.se\/odeshog\/fortroendevalda-alternativ\/kommunstyrelsen\/"]}]},{"@type":"BreadcrumbList","@id":"https:\/\/wp.kristdemokraterna.se\/odeshog\/fortroendevalda-alternativ\/kommunstyrelsen\/#breadcrumb","itemListElement":[{"@type":"ListItem","position":1,"name":"Hem","item":"https:\/\/wp.kristdemokraterna.se\/odeshog\/"},{"@type":"ListItem","position":2,"name":"Förtroendevalda","item":"https:\/\/wp.kristdemokraterna.se\/odeshog\/fortroendevalda-alternativ\/"},{"@type":"ListItem","position":3,"name":"Kommunstyrelsen"}]},{"@type":"WebSite","@id":"https:\/\/wp.kristdemokraterna.se\/odeshog\/#website","url":"https:\/\/wp.kristdemokraterna.se\/odeshog\/","name":"Ödeshög","description":"En till Kristdemokraterna webbplats","inLanguage":"sv-SE"}]}</script>
<!-- / Yoast SEO plugin. -->

Kommunstyrelsen - Ödeshög

Kommunstyrelsen leder och samordnar kommunens arbete. Man förbereder ärenden till fullmäktige och ser till att besluten genomförs. Här är kristdemokraternas företrädare i Ödeshögs kommunstyrelse 2:e vice ordförande, Jonni Harrius Läs mer Ledamöter Annicki Oscarsson Läs mer Helene Thunberg Läs mer Ersättare Lennart Åberg Läs mer Nikolai Hamstein Läs mer Mattias Petsrsson Läs mer

Ödeshög

Förtroendevalda
