{"id":1166,"date":"2026-04-19T16:49:29","date_gmt":"2026-04-19T14:49:29","guid":{"rendered":"https:\/\/wp.kristdemokraterna.se\/odeshog\/?page_id=1166"},"modified":"2026-04-19T17:51:52","modified_gmt":"2026-04-19T15:51:52","slug":"barn-och-utbildningsnamnden","status":"publish","type":"page","link":"https:\/\/wp.kristdemokraterna.se\/odeshog\/fortroendevalda-alternativ\/barn-och-utbildningsnamnden\/","title":{"rendered":"Barn- och utbildningsn\u00e4mnden"},"content":{"rendered":"<p>Barn- och utbildningsn\u00e4mnden ansvarar f\u00f6r kommunens f\u00f6rskola, skola och elevh\u00e4lsa, samt har tillsyn \u00f6ver vissa frist\u00e5ende verksamheter.<\/p>\n<p><strong>H\u00e4r \u00e4r kristdemokraternas f\u00f6retr\u00e4dare i \u00d6desh\u00f6gs Barn- och utbildningsn\u00e4mnd<\/strong><\/p>\n<p><strong><em>Ledam\u00f6ter<\/em><\/strong><\/p>\n<p>Jonni Harrius <a href=\"https:\/\/wp.kristdemokraterna.se\/odeshog\/jonni-harrius\/\">L\u00e4s mer<\/a><br \/>\nHans Bj\u00f6rn <a href=\"https:\/\/wp.kristdemokraterna.se\/odeshog\/hans-bjorn\/\">L\u00e4s mer<\/a><\/p>\n<p><strong><em>Ers\u00e4ttare<\/em><\/strong><\/p>\n<p>Pia Bark <a href=\"https:\/\/wp.kristdemokraterna.se\/odeshog\/pia-bark\/\">L\u00e4s mer<\/a><br \/>\nSofia Fransson <a href=\"https:\/\/wp.kristdemokraterna.se\/odeshog\/sofia-fransson\/\">L\u00e4s mer<\/a><\/p>\n","protected":false},"excerpt":{"rendered":"<p>Barn- och utbildningsn\u00e4mnden ansvarar f\u00f6r kommunens f\u00f6rskola, skola och elevh\u00e4lsa, samt har tillsyn \u00f6ver vissa frist\u00e5ende verksamheter. H\u00e4r \u00e4r kristdemokraternas f\u00f6retr\u00e4dare i \u00d6desh\u00f6gs Barn- och utbildningsn\u00e4mnd Ledam\u00f6ter Jonni Harrius L\u00e4s mer Hans Bj\u00f6rn L\u00e4s mer Ers\u00e4ttare Pia Bark L\u00e4s mer Sofia Fransson L\u00e4s mer<\/p>\n","protected":false},"author":747,"featured_media":0,"parent":625,"menu_order":0,"comment_status":"closed","ping_status":"closed","template":"","meta":{"_acf_changed":false,"footnotes":""},"class_list":["post-1166","page","type-page","status-publish","hentry"],"acf":[],"yoast_head":"<!-- This site is optimized with the Yoast SEO plugin v27.4 - https:\/\/yoast.com\/product\/yoast-seo-wordpress\/ -->\n<title>Barn- och utbildningsn\u00e4mnden - \u00d6desh\u00f6g<\/title>\n<meta name=\"robots\" content=\"index, follow, max-snippet:-1, max-image-preview:large, max-video-preview:-1\" \/>\n<link rel=\"canonical\" href=\"https:\/\/wp.kristdemokraterna.se\/odeshog\/fortroendevalda-alternativ\/barn-och-utbildningsnamnden\/\" \/>\n<meta property=\"og:locale\" content=\"sv_SE\" \/>\n<meta property=\"og:type\" content=\"article\" \/>\n<meta property=\"og:title\" content=\"Barn- och utbildningsn\u00e4mnden - \u00d6desh\u00f6g\" \/>\n<meta property=\"og:description\" content=\"Barn- och utbildningsn\u00e4mnden ansvarar f\u00f6r kommunens f\u00f6rskola, skola och elevh\u00e4lsa, samt har tillsyn \u00f6ver vissa frist\u00e5ende verksamheter. H\u00e4r \u00e4r kristdemokraternas f\u00f6retr\u00e4dare i \u00d6desh\u00f6gs Barn- och utbildningsn\u00e4mnd Ledam\u00f6ter Jonni Harrius L\u00e4s mer Hans Bj\u00f6rn L\u00e4s mer Ers\u00e4ttare Pia Bark L\u00e4s mer Sofia Fransson L\u00e4s mer\" \/>\n<meta property=\"og:url\" content=\"https:\/\/wp.kristdemokraterna.se\/odeshog\/fortroendevalda-alternativ\/barn-och-utbildningsnamnden\/\" \/>\n<meta property=\"og:site_name\" content=\"\u00d6desh\u00f6g\" \/>\n<meta property=\"article:modified_time\" content=\"2026-04-19T15:51:52+00:00\" \/>\n<meta name=\"twitter:card\" content=\"summary_large_image\" \/>\n<meta name=\"twitter:label1\" content=\"Ber\u00e4knad l\u00e4stid\" \/>\n\t<meta name=\"twitter:data1\" content=\"1 minut\" \/>\n<script type=\"application\/ld+json\" class=\"yoast-schema-graph\">{\"@context\":\"https:\\\/\\\/schema.org\",\"@graph\":[{\"@type\":\"WebPage\",\"@id\":\"https:\\\/\\\/wp.kristdemokraterna.se\\\/odeshog\\\/fortroendevalda-alternativ\\\/barn-och-utbildningsnamnden\\\/\",\"url\":\"https:\\\/\\\/wp.kristdemokraterna.se\\\/odeshog\\\/fortroendevalda-alternativ\\\/barn-och-utbildningsnamnden\\\/\",\"name\":\"Barn- och utbildningsn\u00e4mnden - \u00d6desh\u00f6g\",\"isPartOf\":{\"@id\":\"https:\\\/\\\/wp.kristdemokraterna.se\\\/odeshog\\\/#website\"},\"datePublished\":\"2026-04-19T14:49:29+00:00\",\"dateModified\":\"2026-04-19T15:51:52+00:00\",\"breadcrumb\":{\"@id\":\"https:\\\/\\\/wp.kristdemokraterna.se\\\/odeshog\\\/fortroendevalda-alternativ\\\/barn-och-utbildningsnamnden\\\/#breadcrumb\"},\"inLanguage\":\"sv-SE\",\"potentialAction\":[{\"@type\":\"ReadAction\",\"target\":[\"https:\\\/\\\/wp.kristdemokraterna.se\\\/odeshog\\\/fortroendevalda-alternativ\\\/barn-och-utbildningsnamnden\\\/\"]}]},{\"@type\":\"BreadcrumbList\",\"@id\":\"https:\\\/\\\/wp.kristdemokraterna.se\\\/odeshog\\\/fortroendevalda-alternativ\\\/barn-och-utbildningsnamnden\\\/#breadcrumb\",\"itemListElement\":[{\"@type\":\"ListItem\",\"position\":1,\"name\":\"Hem\",\"item\":\"https:\\\/\\\/wp.kristdemokraterna.se\\\/odeshog\\\/\"},{\"@type\":\"ListItem\",\"position\":2,\"name\":\"F\u00f6rtroendevalda\",\"item\":\"https:\\\/\\\/wp.kristdemokraterna.se\\\/odeshog\\\/fortroendevalda-alternativ\\\/\"},{\"@type\":\"ListItem\",\"position\":3,\"name\":\"Barn- och utbildningsn\u00e4mnden\"}]},{\"@type\":\"WebSite\",\"@id\":\"https:\\\/\\\/wp.kristdemokraterna.se\\\/odeshog\\\/#website\",\"url\":\"https:\\\/\\\/wp.kristdemokraterna.se\\\/odeshog\\\/\",\"name\":\"\u00d6desh\u00f6g\",\"description\":\"En till Kristdemokraterna webbplats\",\"inLanguage\":\"sv-SE\"}]}<\/script>\n<!-- \/ Yoast SEO plugin. -->","yoast_head_json":{"title":"Barn- och utbildningsn\u00e4mnden - \u00d6desh\u00f6g","robots":{"index":"index","follow":"follow","max-snippet":"max-snippet:-1","max-image-preview":"max-image-preview:large","max-video-preview":"max-video-preview:-1"},"canonical":"https:\/\/wp.kristdemokraterna.se\/odeshog\/fortroendevalda-alternativ\/barn-och-utbildningsnamnden\/","og_locale":"sv_SE","og_type":"article","og_title":"Barn- och utbildningsn\u00e4mnden - \u00d6desh\u00f6g","og_description":"Barn- och utbildningsn\u00e4mnden ansvarar f\u00f6r kommunens f\u00f6rskola, skola och elevh\u00e4lsa, samt har tillsyn \u00f6ver vissa frist\u00e5ende verksamheter. H\u00e4r \u00e4r kristdemokraternas f\u00f6retr\u00e4dare i \u00d6desh\u00f6gs Barn- och utbildningsn\u00e4mnd Ledam\u00f6ter Jonni Harrius L\u00e4s mer Hans Bj\u00f6rn L\u00e4s mer Ers\u00e4ttare Pia Bark L\u00e4s mer Sofia Fransson L\u00e4s mer","og_url":"https:\/\/wp.kristdemokraterna.se\/odeshog\/fortroendevalda-alternativ\/barn-och-utbildningsnamnden\/","og_site_name":"\u00d6desh\u00f6g","article_modified_time":"2026-04-19T15:51:52+00:00","twitter_card":"summary_large_image","twitter_misc":{"Ber\u00e4knad l\u00e4stid":"1 minut"},"schema":{"@context":"https:\/\/schema.org","@graph":[{"@type":"WebPage","@id":"https:\/\/wp.kristdemokraterna.se\/odeshog\/fortroendevalda-alternativ\/barn-och-utbildningsnamnden\/","url":"https:\/\/wp.kristdemokraterna.se\/odeshog\/fortroendevalda-alternativ\/barn-och-utbildningsnamnden\/","name":"Barn- och utbildningsn\u00e4mnden - \u00d6desh\u00f6g","isPartOf":{"@id":"https:\/\/wp.kristdemokraterna.se\/odeshog\/#website"},"datePublished":"2026-04-19T14:49:29+00:00","dateModified":"2026-04-19T15:51:52+00:00","breadcrumb":{"@id":"https:\/\/wp.kristdemokraterna.se\/odeshog\/fortroendevalda-alternativ\/barn-och-utbildningsnamnden\/#breadcrumb"},"inLanguage":"sv-SE","potentialAction":[{"@type":"ReadAction","target":["https:\/\/wp.kristdemokraterna.se\/odeshog\/fortroendevalda-alternativ\/barn-och-utbildningsnamnden\/"]}]},{"@type":"BreadcrumbList","@id":"https:\/\/wp.kristdemokraterna.se\/odeshog\/fortroendevalda-alternativ\/barn-och-utbildningsnamnden\/#breadcrumb","itemListElement":[{"@type":"ListItem","position":1,"name":"Hem","item":"https:\/\/wp.kristdemokraterna.se\/odeshog\/"},{"@type":"ListItem","position":2,"name":"F\u00f6rtroendevalda","item":"https:\/\/wp.kristdemokraterna.se\/odeshog\/fortroendevalda-alternativ\/"},{"@type":"ListItem","position":3,"name":"Barn- och utbildningsn\u00e4mnden"}]},{"@type":"WebSite","@id":"https:\/\/wp.kristdemokraterna.se\/odeshog\/#website","url":"https:\/\/wp.kristdemokraterna.se\/odeshog\/","name":"\u00d6desh\u00f6g","description":"En till Kristdemokraterna webbplats","inLanguage":"sv-SE"}]}},"_links":{"self":[{"href":"https:\/\/wp.kristdemokraterna.se\/odeshog\/wp-json\/wp\/v2\/pages\/1166","targetHints":{"allow":["GET"]}}],"collection":[{"href":"https:\/\/wp.kristdemokraterna.se\/odeshog\/wp-json\/wp\/v2\/pages"}],"about":[{"href":"https:\/\/wp.kristdemokraterna.se\/odeshog\/wp-json\/wp\/v2\/types\/page"}],"author":[{"embeddable":true,"href":"https:\/\/wp.kristdemokraterna.se\/odeshog\/wp-json\/wp\/v2\/users\/747"}],"replies":[{"embeddable":true,"href":"https:\/\/wp.kristdemokraterna.se\/odeshog\/wp-json\/wp\/v2\/comments?post=1166"}],"version-history":[{"count":5,"href":"https:\/\/wp.kristdemokraterna.se\/odeshog\/wp-json\/wp\/v2\/pages\/1166\/revisions"}],"predecessor-version":[{"id":1178,"href":"https:\/\/wp.kristdemokraterna.se\/odeshog\/wp-json\/wp\/v2\/pages\/1166\/revisions\/1178"}],"up":[{"embeddable":true,"href":"https:\/\/wp.kristdemokraterna.se\/odeshog\/wp-json\/wp\/v2\/pages\/625"}],"wp:attachment":[{"href":"https:\/\/wp.kristdemokraterna.se\/odeshog\/wp-json\/wp\/v2\/media?parent=1166"}],"curies":[{"name":"wp","href":"https:\/\/api.w.org\/{rel}","templated":true}]}}

Barn- och utbildningsnämnden

<p>Barn- och utbildningsnämnden ansvarar för kommunens förskola, skola och elevhälsa, samt har tillsyn över vissa fristående verksamheter.</p>
<p><strong>Här är kristdemokraternas företrädare i Ödeshögs Barn- och utbildningsnämnd</strong></p>
<p><strong><em>Ledamöter</em></strong></p>
<p>Jonni Harrius <a href="https://wp.kristdemokraterna.se/odeshog/jonni-harrius/">Läs mer</a><br />
Hans Björn <a href="https://wp.kristdemokraterna.se/odeshog/hans-bjorn/">Läs mer</a></p>
<p><strong><em>Ersättare</em></strong></p>
<p>Pia Bark <a href="https://wp.kristdemokraterna.se/odeshog/pia-bark/">Läs mer</a><br />
Sofia Fransson <a href="https://wp.kristdemokraterna.se/odeshog/sofia-fransson/">Läs mer</a></p>

<p>Barn- och utbildningsnämnden ansvarar för kommunens förskola, skola och elevhälsa, samt har tillsyn över vissa fristående verksamheter. Här är kristdemokraternas företrädare i Ödeshögs Barn- och utbildningsnämnd Ledamöter Jonni Harrius Läs mer Hans Björn Läs mer Ersättare Pia Bark Läs mer Sofia Fransson Läs mer</p>

<!-- This site is optimized with the Yoast SEO plugin v27.4 - https://yoast.com/product/yoast-seo-wordpress/ -->
<title>Barn- och utbildningsnämnden - Ödeshög</title>
<meta name="robots" content="index, follow, max-snippet:-1, max-image-preview:large, max-video-preview:-1" />
<link rel="canonical" href="https://wp.kristdemokraterna.se/odeshog/fortroendevalda-alternativ/barn-och-utbildningsnamnden/" />
<meta property="og:locale" content="sv_SE" />
<meta property="og:type" content="article" />
<meta property="og:title" content="Barn- och utbildningsnämnden - Ödeshög" />
<meta property="og:description" content="Barn- och utbildningsnämnden ansvarar för kommunens förskola, skola och elevhälsa, samt har tillsyn över vissa fristående verksamheter. Här är kristdemokraternas företrädare i Ödeshögs Barn- och utbildningsnämnd Ledamöter Jonni Harrius Läs mer Hans Björn Läs mer Ersättare Pia Bark Läs mer Sofia Fransson Läs mer" />
<meta property="og:url" content="https://wp.kristdemokraterna.se/odeshog/fortroendevalda-alternativ/barn-och-utbildningsnamnden/" />
<meta property="og:site_name" content="Ödeshög" />
<meta property="article:modified_time" content="2026-04-19T15:51:52+00:00" />
<meta name="twitter:card" content="summary_large_image" />
<meta name="twitter:label1" content="Beräknad lästid" />
	<meta name="twitter:data1" content="1 minut" />
<script type="application/ld+json" class="yoast-schema-graph">{"@context":"https:\/\/schema.org","@graph":[{"@type":"WebPage","@id":"https:\/\/wp.kristdemokraterna.se\/odeshog\/fortroendevalda-alternativ\/barn-och-utbildningsnamnden\/","url":"https:\/\/wp.kristdemokraterna.se\/odeshog\/fortroendevalda-alternativ\/barn-och-utbildningsnamnden\/","name":"Barn- och utbildningsnämnden - Ödeshög","isPartOf":{"@id":"https:\/\/wp.kristdemokraterna.se\/odeshog\/#website"},"datePublished":"2026-04-19T14:49:29+00:00","dateModified":"2026-04-19T15:51:52+00:00","breadcrumb":{"@id":"https:\/\/wp.kristdemokraterna.se\/odeshog\/fortroendevalda-alternativ\/barn-och-utbildningsnamnden\/#breadcrumb"},"inLanguage":"sv-SE","potentialAction":[{"@type":"ReadAction","target":["https:\/\/wp.kristdemokraterna.se\/odeshog\/fortroendevalda-alternativ\/barn-och-utbildningsnamnden\/"]}]},{"@type":"BreadcrumbList","@id":"https:\/\/wp.kristdemokraterna.se\/odeshog\/fortroendevalda-alternativ\/barn-och-utbildningsnamnden\/#breadcrumb","itemListElement":[{"@type":"ListItem","position":1,"name":"Hem","item":"https:\/\/wp.kristdemokraterna.se\/odeshog\/"},{"@type":"ListItem","position":2,"name":"Förtroendevalda","item":"https:\/\/wp.kristdemokraterna.se\/odeshog\/fortroendevalda-alternativ\/"},{"@type":"ListItem","position":3,"name":"Barn- och utbildningsnämnden"}]},{"@type":"WebSite","@id":"https:\/\/wp.kristdemokraterna.se\/odeshog\/#website","url":"https:\/\/wp.kristdemokraterna.se\/odeshog\/","name":"Ödeshög","description":"En till Kristdemokraterna webbplats","inLanguage":"sv-SE"}]}</script>
<!-- / Yoast SEO plugin. -->

Barn- och utbildningsnämnden - Ödeshög

Barn- och utbildningsnämnden ansvarar för kommunens förskola, skola och elevhälsa, samt har tillsyn över vissa fristående verksamheter. Här är kristdemokraternas företrädare i Ödeshögs Barn- och utbildningsnämnd Ledamöter Jonni Harrius Läs mer Hans Björn Läs mer Ersättare Pia Bark Läs mer Sofia Fransson Läs mer

Ödeshög

Förtroendevalda
