{"id":1167,"date":"2026-04-19T16:48:36","date_gmt":"2026-04-19T14:48:36","guid":{"rendered":"https:\/\/wp.kristdemokraterna.se\/odeshog\/?page_id=1167"},"modified":"2026-04-19T16:48:36","modified_gmt":"2026-04-19T14:48:36","slug":"sofia-fransson","status":"publish","type":"page","link":"https:\/\/wp.kristdemokraterna.se\/odeshog\/sofia-fransson\/","title":{"rendered":"Sofia Fransson"},"content":{"rendered":"<p><a href=\"http:\/\/wp.kristdemokraterna.se\/odeshog\/files\/2018\/08\/girl-512-e1533223766264.png\"><img loading=\"lazy\" decoding=\"async\" class=\"alignnone size-medium wp-image-535\" src=\"http:\/\/wp.kristdemokraterna.se\/odeshog\/files\/2018\/08\/girl-512-e1533223766264-300x271.png\" alt=\"\" width=\"300\" height=\"271\" srcset=\"https:\/\/wp.kristdemokraterna.se\/odeshog\/files\/2018\/08\/girl-512-e1533223766264-300x271.png 300w, https:\/\/wp.kristdemokraterna.se\/odeshog\/files\/2018\/08\/girl-512-e1533223766264.png 509w\" sizes=\"auto, (max-width: 300px) 100vw, 300px\" \/><\/a><\/p>\n<p><strong>Kommunala Uppdrag<\/strong><\/p>\n<ul>\n<li>Ers\u00e4ttare Barn- och utbildningsn\u00e4mnden<\/li>\n<\/ul>\n","protected":false},"excerpt":{"rendered":"<p>Kommunala Uppdrag Ers\u00e4ttare Barn- och utbildningsn\u00e4mnden<\/p>\n","protected":false},"author":747,"featured_media":0,"parent":0,"menu_order":0,"comment_status":"closed","ping_status":"closed","template":"","meta":{"_acf_changed":false,"footnotes":""},"class_list":["post-1167","page","type-page","status-publish","hentry"],"acf":[],"yoast_head":"<!-- This site is optimized with the Yoast SEO plugin v27.4 - https:\/\/yoast.com\/product\/yoast-seo-wordpress\/ -->\n<title>Sofia Fransson - \u00d6desh\u00f6g<\/title>\n<meta name=\"robots\" content=\"index, follow, max-snippet:-1, max-image-preview:large, max-video-preview:-1\" \/>\n<link rel=\"canonical\" href=\"https:\/\/wp.kristdemokraterna.se\/odeshog\/sofia-fransson\/\" \/>\n<meta property=\"og:locale\" content=\"sv_SE\" \/>\n<meta property=\"og:type\" content=\"article\" \/>\n<meta property=\"og:title\" content=\"Sofia Fransson - \u00d6desh\u00f6g\" \/>\n<meta property=\"og:description\" content=\"Kommunala Uppdrag Ers\u00e4ttare Barn- och utbildningsn\u00e4mnden\" \/>\n<meta property=\"og:url\" content=\"https:\/\/wp.kristdemokraterna.se\/odeshog\/sofia-fransson\/\" \/>\n<meta property=\"og:site_name\" content=\"\u00d6desh\u00f6g\" \/>\n<meta property=\"og:image\" content=\"https:\/\/wp.kristdemokraterna.se\/odeshog\/files\/2018\/08\/girl-512-e1533223766264.png\" \/>\n\t<meta property=\"og:image:width\" content=\"509\" \/>\n\t<meta property=\"og:image:height\" content=\"459\" \/>\n\t<meta property=\"og:image:type\" content=\"image\/png\" \/>\n<meta name=\"twitter:card\" content=\"summary_large_image\" \/>\n<meta name=\"twitter:label1\" content=\"Ber\u00e4knad l\u00e4stid\" \/>\n\t<meta name=\"twitter:data1\" content=\"1 minut\" \/>\n<script type=\"application\/ld+json\" class=\"yoast-schema-graph\">{\"@context\":\"https:\\\/\\\/schema.org\",\"@graph\":[{\"@type\":\"WebPage\",\"@id\":\"https:\\\/\\\/wp.kristdemokraterna.se\\\/odeshog\\\/sofia-fransson\\\/\",\"url\":\"https:\\\/\\\/wp.kristdemokraterna.se\\\/odeshog\\\/sofia-fransson\\\/\",\"name\":\"Sofia Fransson - \u00d6desh\u00f6g\",\"isPartOf\":{\"@id\":\"https:\\\/\\\/wp.kristdemokraterna.se\\\/odeshog\\\/#website\"},\"primaryImageOfPage\":{\"@id\":\"https:\\\/\\\/wp.kristdemokraterna.se\\\/odeshog\\\/sofia-fransson\\\/#primaryimage\"},\"image\":{\"@id\":\"https:\\\/\\\/wp.kristdemokraterna.se\\\/odeshog\\\/sofia-fransson\\\/#primaryimage\"},\"thumbnailUrl\":\"http:\\\/\\\/wp.kristdemokraterna.se\\\/odeshog\\\/files\\\/2018\\\/08\\\/girl-512-e1533223766264-300x271.png\",\"datePublished\":\"2026-04-19T14:48:36+00:00\",\"breadcrumb\":{\"@id\":\"https:\\\/\\\/wp.kristdemokraterna.se\\\/odeshog\\\/sofia-fransson\\\/#breadcrumb\"},\"inLanguage\":\"sv-SE\",\"potentialAction\":[{\"@type\":\"ReadAction\",\"target\":[\"https:\\\/\\\/wp.kristdemokraterna.se\\\/odeshog\\\/sofia-fransson\\\/\"]}]},{\"@type\":\"ImageObject\",\"inLanguage\":\"sv-SE\",\"@id\":\"https:\\\/\\\/wp.kristdemokraterna.se\\\/odeshog\\\/sofia-fransson\\\/#primaryimage\",\"url\":\"http:\\\/\\\/wp.kristdemokraterna.se\\\/odeshog\\\/files\\\/2018\\\/08\\\/girl-512-e1533223766264-300x271.png\",\"contentUrl\":\"http:\\\/\\\/wp.kristdemokraterna.se\\\/odeshog\\\/files\\\/2018\\\/08\\\/girl-512-e1533223766264-300x271.png\"},{\"@type\":\"BreadcrumbList\",\"@id\":\"https:\\\/\\\/wp.kristdemokraterna.se\\\/odeshog\\\/sofia-fransson\\\/#breadcrumb\",\"itemListElement\":[{\"@type\":\"ListItem\",\"position\":1,\"name\":\"Hem\",\"item\":\"https:\\\/\\\/wp.kristdemokraterna.se\\\/odeshog\\\/\"},{\"@type\":\"ListItem\",\"position\":2,\"name\":\"Sofia Fransson\"}]},{\"@type\":\"WebSite\",\"@id\":\"https:\\\/\\\/wp.kristdemokraterna.se\\\/odeshog\\\/#website\",\"url\":\"https:\\\/\\\/wp.kristdemokraterna.se\\\/odeshog\\\/\",\"name\":\"\u00d6desh\u00f6g\",\"description\":\"En till Kristdemokraterna webbplats\",\"inLanguage\":\"sv-SE\"}]}<\/script>\n<!-- \/ Yoast SEO plugin. -->","yoast_head_json":{"title":"Sofia Fransson - \u00d6desh\u00f6g","robots":{"index":"index","follow":"follow","max-snippet":"max-snippet:-1","max-image-preview":"max-image-preview:large","max-video-preview":"max-video-preview:-1"},"canonical":"https:\/\/wp.kristdemokraterna.se\/odeshog\/sofia-fransson\/","og_locale":"sv_SE","og_type":"article","og_title":"Sofia Fransson - \u00d6desh\u00f6g","og_description":"Kommunala Uppdrag Ers\u00e4ttare Barn- och utbildningsn\u00e4mnden","og_url":"https:\/\/wp.kristdemokraterna.se\/odeshog\/sofia-fransson\/","og_site_name":"\u00d6desh\u00f6g","og_image":[{"width":509,"height":459,"url":"https:\/\/wp.kristdemokraterna.se\/odeshog\/files\/2018\/08\/girl-512-e1533223766264.png","type":"image\/png"}],"twitter_card":"summary_large_image","twitter_misc":{"Ber\u00e4knad l\u00e4stid":"1 minut"},"schema":{"@context":"https:\/\/schema.org","@graph":[{"@type":"WebPage","@id":"https:\/\/wp.kristdemokraterna.se\/odeshog\/sofia-fransson\/","url":"https:\/\/wp.kristdemokraterna.se\/odeshog\/sofia-fransson\/","name":"Sofia Fransson - \u00d6desh\u00f6g","isPartOf":{"@id":"https:\/\/wp.kristdemokraterna.se\/odeshog\/#website"},"primaryImageOfPage":{"@id":"https:\/\/wp.kristdemokraterna.se\/odeshog\/sofia-fransson\/#primaryimage"},"image":{"@id":"https:\/\/wp.kristdemokraterna.se\/odeshog\/sofia-fransson\/#primaryimage"},"thumbnailUrl":"http:\/\/wp.kristdemokraterna.se\/odeshog\/files\/2018\/08\/girl-512-e1533223766264-300x271.png","datePublished":"2026-04-19T14:48:36+00:00","breadcrumb":{"@id":"https:\/\/wp.kristdemokraterna.se\/odeshog\/sofia-fransson\/#breadcrumb"},"inLanguage":"sv-SE","potentialAction":[{"@type":"ReadAction","target":["https:\/\/wp.kristdemokraterna.se\/odeshog\/sofia-fransson\/"]}]},{"@type":"ImageObject","inLanguage":"sv-SE","@id":"https:\/\/wp.kristdemokraterna.se\/odeshog\/sofia-fransson\/#primaryimage","url":"http:\/\/wp.kristdemokraterna.se\/odeshog\/files\/2018\/08\/girl-512-e1533223766264-300x271.png","contentUrl":"http:\/\/wp.kristdemokraterna.se\/odeshog\/files\/2018\/08\/girl-512-e1533223766264-300x271.png"},{"@type":"BreadcrumbList","@id":"https:\/\/wp.kristdemokraterna.se\/odeshog\/sofia-fransson\/#breadcrumb","itemListElement":[{"@type":"ListItem","position":1,"name":"Hem","item":"https:\/\/wp.kristdemokraterna.se\/odeshog\/"},{"@type":"ListItem","position":2,"name":"Sofia Fransson"}]},{"@type":"WebSite","@id":"https:\/\/wp.kristdemokraterna.se\/odeshog\/#website","url":"https:\/\/wp.kristdemokraterna.se\/odeshog\/","name":"\u00d6desh\u00f6g","description":"En till Kristdemokraterna webbplats","inLanguage":"sv-SE"}]}},"_links":{"self":[{"href":"https:\/\/wp.kristdemokraterna.se\/odeshog\/wp-json\/wp\/v2\/pages\/1167","targetHints":{"allow":["GET"]}}],"collection":[{"href":"https:\/\/wp.kristdemokraterna.se\/odeshog\/wp-json\/wp\/v2\/pages"}],"about":[{"href":"https:\/\/wp.kristdemokraterna.se\/odeshog\/wp-json\/wp\/v2\/types\/page"}],"author":[{"embeddable":true,"href":"https:\/\/wp.kristdemokraterna.se\/odeshog\/wp-json\/wp\/v2\/users\/747"}],"replies":[{"embeddable":true,"href":"https:\/\/wp.kristdemokraterna.se\/odeshog\/wp-json\/wp\/v2\/comments?post=1167"}],"version-history":[{"count":1,"href":"https:\/\/wp.kristdemokraterna.se\/odeshog\/wp-json\/wp\/v2\/pages\/1167\/revisions"}],"predecessor-version":[{"id":1168,"href":"https:\/\/wp.kristdemokraterna.se\/odeshog\/wp-json\/wp\/v2\/pages\/1167\/revisions\/1168"}],"wp:attachment":[{"href":"https:\/\/wp.kristdemokraterna.se\/odeshog\/wp-json\/wp\/v2\/media?parent=1167"}],"curies":[{"name":"wp","href":"https:\/\/api.w.org\/{rel}","templated":true}]}}

<p><a href="http://wp.kristdemokraterna.se/odeshog/files/2018/08/girl-512-e1533223766264.png"><img loading="lazy" decoding="async" class="alignnone size-medium wp-image-535" src="http://wp.kristdemokraterna.se/odeshog/files/2018/08/girl-512-e1533223766264-300x271.png" alt="" width="300" height="271" srcset="https://wp.kristdemokraterna.se/odeshog/files/2018/08/girl-512-e1533223766264-300x271.png 300w, https://wp.kristdemokraterna.se/odeshog/files/2018/08/girl-512-e1533223766264.png 509w" sizes="auto, (max-width: 300px) 100vw, 300px" /></a></p>
<p><strong>Kommunala Uppdrag</strong></p>
<ul>
<li>Ersättare Barn- och utbildningsnämnden</li>
</ul>

<p>Kommunala Uppdrag Ersättare Barn- och utbildningsnämnden</p>

<!-- This site is optimized with the Yoast SEO plugin v27.4 - https://yoast.com/product/yoast-seo-wordpress/ -->
<title>Sofia Fransson - Ödeshög</title>
<meta name="robots" content="index, follow, max-snippet:-1, max-image-preview:large, max-video-preview:-1" />
<link rel="canonical" href="https://wp.kristdemokraterna.se/odeshog/sofia-fransson/" />
<meta property="og:locale" content="sv_SE" />
<meta property="og:type" content="article" />
<meta property="og:title" content="Sofia Fransson - Ödeshög" />
<meta property="og:description" content="Kommunala Uppdrag Ersättare Barn- och utbildningsnämnden" />
<meta property="og:url" content="https://wp.kristdemokraterna.se/odeshog/sofia-fransson/" />
<meta property="og:site_name" content="Ödeshög" />
<meta property="og:image" content="https://wp.kristdemokraterna.se/odeshog/files/2018/08/girl-512-e1533223766264.png" />
	<meta property="og:image:width" content="509" />
	<meta property="og:image:height" content="459" />
	<meta property="og:image:type" content="image/png" />
<meta name="twitter:card" content="summary_large_image" />
<meta name="twitter:label1" content="Beräknad lästid" />
	<meta name="twitter:data1" content="1 minut" />
<script type="application/ld+json" class="yoast-schema-graph">{"@context":"https:\/\/schema.org","@graph":[{"@type":"WebPage","@id":"https:\/\/wp.kristdemokraterna.se\/odeshog\/sofia-fransson\/","url":"https:\/\/wp.kristdemokraterna.se\/odeshog\/sofia-fransson\/","name":"Sofia Fransson - Ödeshög","isPartOf":{"@id":"https:\/\/wp.kristdemokraterna.se\/odeshog\/#website"},"primaryImageOfPage":{"@id":"https:\/\/wp.kristdemokraterna.se\/odeshog\/sofia-fransson\/#primaryimage"},"image":{"@id":"https:\/\/wp.kristdemokraterna.se\/odeshog\/sofia-fransson\/#primaryimage"},"thumbnailUrl":"http:\/\/wp.kristdemokraterna.se\/odeshog\/files\/2018\/08\/girl-512-e1533223766264-300x271.png","datePublished":"2026-04-19T14:48:36+00:00","breadcrumb":{"@id":"https:\/\/wp.kristdemokraterna.se\/odeshog\/sofia-fransson\/#breadcrumb"},"inLanguage":"sv-SE","potentialAction":[{"@type":"ReadAction","target":["https:\/\/wp.kristdemokraterna.se\/odeshog\/sofia-fransson\/"]}]},{"@type":"ImageObject","inLanguage":"sv-SE","@id":"https:\/\/wp.kristdemokraterna.se\/odeshog\/sofia-fransson\/#primaryimage","url":"http:\/\/wp.kristdemokraterna.se\/odeshog\/files\/2018\/08\/girl-512-e1533223766264-300x271.png","contentUrl":"http:\/\/wp.kristdemokraterna.se\/odeshog\/files\/2018\/08\/girl-512-e1533223766264-300x271.png"},{"@type":"BreadcrumbList","@id":"https:\/\/wp.kristdemokraterna.se\/odeshog\/sofia-fransson\/#breadcrumb","itemListElement":[{"@type":"ListItem","position":1,"name":"Hem","item":"https:\/\/wp.kristdemokraterna.se\/odeshog\/"},{"@type":"ListItem","position":2,"name":"Sofia Fransson"}]},{"@type":"WebSite","@id":"https:\/\/wp.kristdemokraterna.se\/odeshog\/#website","url":"https:\/\/wp.kristdemokraterna.se\/odeshog\/","name":"Ödeshög","description":"En till Kristdemokraterna webbplats","inLanguage":"sv-SE"}]}</script>
<!-- / Yoast SEO plugin. -->

Sofia Fransson - Ödeshög

Kommunala Uppdrag Ersättare Barn- och utbildningsnämnden

Ödeshög
