{"id":1176,"date":"2026-04-19T17:57:57","date_gmt":"2026-04-19T15:57:57","guid":{"rendered":"https:\/\/wp.kristdemokraterna.se\/odeshog\/?page_id=1176"},"modified":"2026-04-19T17:57:57","modified_gmt":"2026-04-19T15:57:57","slug":"socialnamnden","status":"publish","type":"page","link":"https:\/\/wp.kristdemokraterna.se\/odeshog\/fortroendevalda-alternativ\/socialnamnden\/","title":{"rendered":"Socialn\u00e4mnden"},"content":{"rendered":"<p>Socialn\u00e4mnden ansvarar f\u00f6r omsorg och st\u00f6d. T.ex \u00e4ldreomsorg, individ- och familjeomsorg samt st\u00f6d till personer med funktionsneds\u00e4ttning.<\/p>\n<p><strong>H\u00e4r \u00e4r kristdemokraternas f\u00f6retr\u00e4dare i \u00d6desh\u00f6gs socialn\u00e4mnd<\/strong><\/p>\n<p><em><strong>Ledam\u00f6ter<\/strong><\/em><\/p>\n<p>Barbro Landstedt <a href=\"https:\/\/wp.kristdemokraterna.se\/odeshog\/barbro-landstedt\/\">L\u00e4s mer<\/a><\/p>\n<p><strong><em>Ers\u00e4ttare<\/em><\/strong><\/p>\n<p>Gunilla Karlsson <a href=\"https:\/\/wp.kristdemokraterna.se\/odeshog\/gunilla-karlsson\/\">L\u00e4s mer<\/a><br \/>\nIrene Ehn <a href=\"https:\/\/wp.kristdemokraterna.se\/odeshog\/irene-ehn\/\">L\u00e4s mer<\/a><br \/>\nMarie-Louise Lunell <a href=\"https:\/\/wp.kristdemokraterna.se\/odeshog\/marie-louise-lunell\/\">L\u00e4s mer<\/a><br \/>\nViviann Hansson <a href=\"https:\/\/wp.kristdemokraterna.se\/odeshog\/viviann-hansson\/\">L\u00e4s mer<\/a><\/p>\n","protected":false},"excerpt":{"rendered":"<p>Socialn\u00e4mnden ansvarar f\u00f6r omsorg och st\u00f6d. T.ex \u00e4ldreomsorg, individ- och familjeomsorg samt st\u00f6d till personer med funktionsneds\u00e4ttning. H\u00e4r \u00e4r kristdemokraternas f\u00f6retr\u00e4dare i \u00d6desh\u00f6gs socialn\u00e4mnd Ledam\u00f6ter Barbro Landstedt L\u00e4s mer Ers\u00e4ttare Gunilla Karlsson L\u00e4s mer Irene Ehn L\u00e4s mer Marie-Louise Lunell L\u00e4s mer Viviann Hansson L\u00e4s mer<\/p>\n","protected":false},"author":747,"featured_media":0,"parent":625,"menu_order":0,"comment_status":"closed","ping_status":"closed","template":"","meta":{"_acf_changed":false,"footnotes":""},"class_list":["post-1176","page","type-page","status-publish","hentry"],"acf":[],"yoast_head":"<!-- This site is optimized with the Yoast SEO plugin v27.4 - https:\/\/yoast.com\/product\/yoast-seo-wordpress\/ -->\n<title>Socialn\u00e4mnden - \u00d6desh\u00f6g<\/title>\n<meta name=\"robots\" content=\"index, follow, max-snippet:-1, max-image-preview:large, max-video-preview:-1\" \/>\n<link rel=\"canonical\" href=\"https:\/\/wp.kristdemokraterna.se\/odeshog\/fortroendevalda-alternativ\/socialnamnden\/\" \/>\n<meta property=\"og:locale\" content=\"sv_SE\" \/>\n<meta property=\"og:type\" content=\"article\" \/>\n<meta property=\"og:title\" content=\"Socialn\u00e4mnden - \u00d6desh\u00f6g\" \/>\n<meta property=\"og:description\" content=\"Socialn\u00e4mnden ansvarar f\u00f6r omsorg och st\u00f6d. T.ex \u00e4ldreomsorg, individ- och familjeomsorg samt st\u00f6d till personer med funktionsneds\u00e4ttning. H\u00e4r \u00e4r kristdemokraternas f\u00f6retr\u00e4dare i \u00d6desh\u00f6gs socialn\u00e4mnd Ledam\u00f6ter Barbro Landstedt L\u00e4s mer Ers\u00e4ttare Gunilla Karlsson L\u00e4s mer Irene Ehn L\u00e4s mer Marie-Louise Lunell L\u00e4s mer Viviann Hansson L\u00e4s mer\" \/>\n<meta property=\"og:url\" content=\"https:\/\/wp.kristdemokraterna.se\/odeshog\/fortroendevalda-alternativ\/socialnamnden\/\" \/>\n<meta property=\"og:site_name\" content=\"\u00d6desh\u00f6g\" \/>\n<meta name=\"twitter:card\" content=\"summary_large_image\" \/>\n<meta name=\"twitter:label1\" content=\"Ber\u00e4knad l\u00e4stid\" \/>\n\t<meta name=\"twitter:data1\" content=\"1 minut\" \/>\n<script type=\"application\/ld+json\" class=\"yoast-schema-graph\">{\"@context\":\"https:\\\/\\\/schema.org\",\"@graph\":[{\"@type\":\"WebPage\",\"@id\":\"https:\\\/\\\/wp.kristdemokraterna.se\\\/odeshog\\\/fortroendevalda-alternativ\\\/socialnamnden\\\/\",\"url\":\"https:\\\/\\\/wp.kristdemokraterna.se\\\/odeshog\\\/fortroendevalda-alternativ\\\/socialnamnden\\\/\",\"name\":\"Socialn\u00e4mnden - \u00d6desh\u00f6g\",\"isPartOf\":{\"@id\":\"https:\\\/\\\/wp.kristdemokraterna.se\\\/odeshog\\\/#website\"},\"datePublished\":\"2026-04-19T15:57:57+00:00\",\"breadcrumb\":{\"@id\":\"https:\\\/\\\/wp.kristdemokraterna.se\\\/odeshog\\\/fortroendevalda-alternativ\\\/socialnamnden\\\/#breadcrumb\"},\"inLanguage\":\"sv-SE\",\"potentialAction\":[{\"@type\":\"ReadAction\",\"target\":[\"https:\\\/\\\/wp.kristdemokraterna.se\\\/odeshog\\\/fortroendevalda-alternativ\\\/socialnamnden\\\/\"]}]},{\"@type\":\"BreadcrumbList\",\"@id\":\"https:\\\/\\\/wp.kristdemokraterna.se\\\/odeshog\\\/fortroendevalda-alternativ\\\/socialnamnden\\\/#breadcrumb\",\"itemListElement\":[{\"@type\":\"ListItem\",\"position\":1,\"name\":\"Hem\",\"item\":\"https:\\\/\\\/wp.kristdemokraterna.se\\\/odeshog\\\/\"},{\"@type\":\"ListItem\",\"position\":2,\"name\":\"F\u00f6rtroendevalda\",\"item\":\"https:\\\/\\\/wp.kristdemokraterna.se\\\/odeshog\\\/fortroendevalda-alternativ\\\/\"},{\"@type\":\"ListItem\",\"position\":3,\"name\":\"Socialn\u00e4mnden\"}]},{\"@type\":\"WebSite\",\"@id\":\"https:\\\/\\\/wp.kristdemokraterna.se\\\/odeshog\\\/#website\",\"url\":\"https:\\\/\\\/wp.kristdemokraterna.se\\\/odeshog\\\/\",\"name\":\"\u00d6desh\u00f6g\",\"description\":\"En till Kristdemokraterna webbplats\",\"inLanguage\":\"sv-SE\"}]}<\/script>\n<!-- \/ Yoast SEO plugin. -->","yoast_head_json":{"title":"Socialn\u00e4mnden - \u00d6desh\u00f6g","robots":{"index":"index","follow":"follow","max-snippet":"max-snippet:-1","max-image-preview":"max-image-preview:large","max-video-preview":"max-video-preview:-1"},"canonical":"https:\/\/wp.kristdemokraterna.se\/odeshog\/fortroendevalda-alternativ\/socialnamnden\/","og_locale":"sv_SE","og_type":"article","og_title":"Socialn\u00e4mnden - \u00d6desh\u00f6g","og_description":"Socialn\u00e4mnden ansvarar f\u00f6r omsorg och st\u00f6d. T.ex \u00e4ldreomsorg, individ- och familjeomsorg samt st\u00f6d till personer med funktionsneds\u00e4ttning. H\u00e4r \u00e4r kristdemokraternas f\u00f6retr\u00e4dare i \u00d6desh\u00f6gs socialn\u00e4mnd Ledam\u00f6ter Barbro Landstedt L\u00e4s mer Ers\u00e4ttare Gunilla Karlsson L\u00e4s mer Irene Ehn L\u00e4s mer Marie-Louise Lunell L\u00e4s mer Viviann Hansson L\u00e4s mer","og_url":"https:\/\/wp.kristdemokraterna.se\/odeshog\/fortroendevalda-alternativ\/socialnamnden\/","og_site_name":"\u00d6desh\u00f6g","twitter_card":"summary_large_image","twitter_misc":{"Ber\u00e4knad l\u00e4stid":"1 minut"},"schema":{"@context":"https:\/\/schema.org","@graph":[{"@type":"WebPage","@id":"https:\/\/wp.kristdemokraterna.se\/odeshog\/fortroendevalda-alternativ\/socialnamnden\/","url":"https:\/\/wp.kristdemokraterna.se\/odeshog\/fortroendevalda-alternativ\/socialnamnden\/","name":"Socialn\u00e4mnden - \u00d6desh\u00f6g","isPartOf":{"@id":"https:\/\/wp.kristdemokraterna.se\/odeshog\/#website"},"datePublished":"2026-04-19T15:57:57+00:00","breadcrumb":{"@id":"https:\/\/wp.kristdemokraterna.se\/odeshog\/fortroendevalda-alternativ\/socialnamnden\/#breadcrumb"},"inLanguage":"sv-SE","potentialAction":[{"@type":"ReadAction","target":["https:\/\/wp.kristdemokraterna.se\/odeshog\/fortroendevalda-alternativ\/socialnamnden\/"]}]},{"@type":"BreadcrumbList","@id":"https:\/\/wp.kristdemokraterna.se\/odeshog\/fortroendevalda-alternativ\/socialnamnden\/#breadcrumb","itemListElement":[{"@type":"ListItem","position":1,"name":"Hem","item":"https:\/\/wp.kristdemokraterna.se\/odeshog\/"},{"@type":"ListItem","position":2,"name":"F\u00f6rtroendevalda","item":"https:\/\/wp.kristdemokraterna.se\/odeshog\/fortroendevalda-alternativ\/"},{"@type":"ListItem","position":3,"name":"Socialn\u00e4mnden"}]},{"@type":"WebSite","@id":"https:\/\/wp.kristdemokraterna.se\/odeshog\/#website","url":"https:\/\/wp.kristdemokraterna.se\/odeshog\/","name":"\u00d6desh\u00f6g","description":"En till Kristdemokraterna webbplats","inLanguage":"sv-SE"}]}},"_links":{"self":[{"href":"https:\/\/wp.kristdemokraterna.se\/odeshog\/wp-json\/wp\/v2\/pages\/1176","targetHints":{"allow":["GET"]}}],"collection":[{"href":"https:\/\/wp.kristdemokraterna.se\/odeshog\/wp-json\/wp\/v2\/pages"}],"about":[{"href":"https:\/\/wp.kristdemokraterna.se\/odeshog\/wp-json\/wp\/v2\/types\/page"}],"author":[{"embeddable":true,"href":"https:\/\/wp.kristdemokraterna.se\/odeshog\/wp-json\/wp\/v2\/users\/747"}],"replies":[{"embeddable":true,"href":"https:\/\/wp.kristdemokraterna.se\/odeshog\/wp-json\/wp\/v2\/comments?post=1176"}],"version-history":[{"count":1,"href":"https:\/\/wp.kristdemokraterna.se\/odeshog\/wp-json\/wp\/v2\/pages\/1176\/revisions"}],"predecessor-version":[{"id":1181,"href":"https:\/\/wp.kristdemokraterna.se\/odeshog\/wp-json\/wp\/v2\/pages\/1176\/revisions\/1181"}],"up":[{"embeddable":true,"href":"https:\/\/wp.kristdemokraterna.se\/odeshog\/wp-json\/wp\/v2\/pages\/625"}],"wp:attachment":[{"href":"https:\/\/wp.kristdemokraterna.se\/odeshog\/wp-json\/wp\/v2\/media?parent=1176"}],"curies":[{"name":"wp","href":"https:\/\/api.w.org\/{rel}","templated":true}]}}

Socialnämnden

<p>Socialnämnden ansvarar för omsorg och stöd. T.ex äldreomsorg, individ- och familjeomsorg samt stöd till personer med funktionsnedsättning.</p>
<p><strong>Här är kristdemokraternas företrädare i Ödeshögs socialnämnd</strong></p>
<p><em><strong>Ledamöter</strong></em></p>
<p>Barbro Landstedt <a href="https://wp.kristdemokraterna.se/odeshog/barbro-landstedt/">Läs mer</a></p>
<p><strong><em>Ersättare</em></strong></p>
<p>Gunilla Karlsson <a href="https://wp.kristdemokraterna.se/odeshog/gunilla-karlsson/">Läs mer</a><br />
Irene Ehn <a href="https://wp.kristdemokraterna.se/odeshog/irene-ehn/">Läs mer</a><br />
Marie-Louise Lunell <a href="https://wp.kristdemokraterna.se/odeshog/marie-louise-lunell/">Läs mer</a><br />
Viviann Hansson <a href="https://wp.kristdemokraterna.se/odeshog/viviann-hansson/">Läs mer</a></p>

<p>Socialnämnden ansvarar för omsorg och stöd. T.ex äldreomsorg, individ- och familjeomsorg samt stöd till personer med funktionsnedsättning. Här är kristdemokraternas företrädare i Ödeshögs socialnämnd Ledamöter Barbro Landstedt Läs mer Ersättare Gunilla Karlsson Läs mer Irene Ehn Läs mer Marie-Louise Lunell Läs mer Viviann Hansson Läs mer</p>

<!-- This site is optimized with the Yoast SEO plugin v27.4 - https://yoast.com/product/yoast-seo-wordpress/ -->
<title>Socialnämnden - Ödeshög</title>
<meta name="robots" content="index, follow, max-snippet:-1, max-image-preview:large, max-video-preview:-1" />
<link rel="canonical" href="https://wp.kristdemokraterna.se/odeshog/fortroendevalda-alternativ/socialnamnden/" />
<meta property="og:locale" content="sv_SE" />
<meta property="og:type" content="article" />
<meta property="og:title" content="Socialnämnden - Ödeshög" />
<meta property="og:description" content="Socialnämnden ansvarar för omsorg och stöd. T.ex äldreomsorg, individ- och familjeomsorg samt stöd till personer med funktionsnedsättning. Här är kristdemokraternas företrädare i Ödeshögs socialnämnd Ledamöter Barbro Landstedt Läs mer Ersättare Gunilla Karlsson Läs mer Irene Ehn Läs mer Marie-Louise Lunell Läs mer Viviann Hansson Läs mer" />
<meta property="og:url" content="https://wp.kristdemokraterna.se/odeshog/fortroendevalda-alternativ/socialnamnden/" />
<meta property="og:site_name" content="Ödeshög" />
<meta name="twitter:card" content="summary_large_image" />
<meta name="twitter:label1" content="Beräknad lästid" />
	<meta name="twitter:data1" content="1 minut" />
<script type="application/ld+json" class="yoast-schema-graph">{"@context":"https:\/\/schema.org","@graph":[{"@type":"WebPage","@id":"https:\/\/wp.kristdemokraterna.se\/odeshog\/fortroendevalda-alternativ\/socialnamnden\/","url":"https:\/\/wp.kristdemokraterna.se\/odeshog\/fortroendevalda-alternativ\/socialnamnden\/","name":"Socialnämnden - Ödeshög","isPartOf":{"@id":"https:\/\/wp.kristdemokraterna.se\/odeshog\/#website"},"datePublished":"2026-04-19T15:57:57+00:00","breadcrumb":{"@id":"https:\/\/wp.kristdemokraterna.se\/odeshog\/fortroendevalda-alternativ\/socialnamnden\/#breadcrumb"},"inLanguage":"sv-SE","potentialAction":[{"@type":"ReadAction","target":["https:\/\/wp.kristdemokraterna.se\/odeshog\/fortroendevalda-alternativ\/socialnamnden\/"]}]},{"@type":"BreadcrumbList","@id":"https:\/\/wp.kristdemokraterna.se\/odeshog\/fortroendevalda-alternativ\/socialnamnden\/#breadcrumb","itemListElement":[{"@type":"ListItem","position":1,"name":"Hem","item":"https:\/\/wp.kristdemokraterna.se\/odeshog\/"},{"@type":"ListItem","position":2,"name":"Förtroendevalda","item":"https:\/\/wp.kristdemokraterna.se\/odeshog\/fortroendevalda-alternativ\/"},{"@type":"ListItem","position":3,"name":"Socialnämnden"}]},{"@type":"WebSite","@id":"https:\/\/wp.kristdemokraterna.se\/odeshog\/#website","url":"https:\/\/wp.kristdemokraterna.se\/odeshog\/","name":"Ödeshög","description":"En till Kristdemokraterna webbplats","inLanguage":"sv-SE"}]}</script>
<!-- / Yoast SEO plugin. -->

Socialnämnden - Ödeshög

Socialnämnden ansvarar för omsorg och stöd. T.ex äldreomsorg, individ- och familjeomsorg samt stöd till personer med funktionsnedsättning. Här är kristdemokraternas företrädare i Ödeshögs socialnämnd Ledamöter Barbro Landstedt Läs mer Ersättare Gunilla Karlsson Läs mer Irene Ehn Läs mer Marie-Louise Lunell Läs mer Viviann Hansson Läs mer

Ödeshög

Förtroendevalda
