{"id":1183,"date":"2026-04-19T18:04:18","date_gmt":"2026-04-19T16:04:18","guid":{"rendered":"https:\/\/wp.kristdemokraterna.se\/odeshog\/?page_id=1183"},"modified":"2026-04-19T18:04:18","modified_gmt":"2026-04-19T16:04:18","slug":"samhallsbyggnadsnamnden","status":"publish","type":"page","link":"https:\/\/wp.kristdemokraterna.se\/odeshog\/fortroendevalda-alternativ\/samhallsbyggnadsnamnden\/","title":{"rendered":"Samh\u00e4llsbyggnadsn\u00e4mnden"},"content":{"rendered":"<p>Samh\u00e4llsbyggnadsn\u00e4mnden ansvarar f\u00f6r planering och utveckling av kommunen. T.ex bygglov, milj\u00f6fr\u00e5gor, gator och samh\u00e4llsservice.<\/p>\n<p><strong>H\u00e4r \u00e4r kristdemokraternas f\u00f6retr\u00e4dare i \u00d6desh\u00f6gs samh\u00e4llsbyggnadsn\u00e4mnd<\/strong><\/p>\n<p><strong><em>Ledam\u00f6ter<\/em><\/strong><\/p>\n<p>Mattias Petersson <a href=\"https:\/\/wp.kristdemokraterna.se\/odeshog\/mattias-petersson\/\">L\u00e4s mer<\/a><\/p>\n<p><strong><em>Ers\u00e4ttare<\/em><\/strong><\/p>\n<p>Jonny St\u00e5lknapp <a href=\"https:\/\/wp.kristdemokraterna.se\/odeshog\/jonny-stalknapp\/\">L\u00e4s mer<\/a><\/p>\n","protected":false},"excerpt":{"rendered":"<p>Samh\u00e4llsbyggnadsn\u00e4mnden ansvarar f\u00f6r planering och utveckling av kommunen. T.ex bygglov, milj\u00f6fr\u00e5gor, gator och samh\u00e4llsservice. H\u00e4r \u00e4r kristdemokraternas f\u00f6retr\u00e4dare i \u00d6desh\u00f6gs samh\u00e4llsbyggnadsn\u00e4mnd Ledam\u00f6ter Mattias Petersson L\u00e4s mer Ers\u00e4ttare Jonny St\u00e5lknapp L\u00e4s mer<\/p>\n","protected":false},"author":747,"featured_media":0,"parent":625,"menu_order":0,"comment_status":"closed","ping_status":"closed","template":"","meta":{"_acf_changed":false,"footnotes":""},"class_list":["post-1183","page","type-page","status-publish","hentry"],"acf":[],"yoast_head":"<!-- This site is optimized with the Yoast SEO plugin v27.4 - https:\/\/yoast.com\/product\/yoast-seo-wordpress\/ -->\n<title>Samh\u00e4llsbyggnadsn\u00e4mnden - \u00d6desh\u00f6g<\/title>\n<meta name=\"robots\" content=\"index, follow, max-snippet:-1, max-image-preview:large, max-video-preview:-1\" \/>\n<link rel=\"canonical\" href=\"https:\/\/wp.kristdemokraterna.se\/odeshog\/fortroendevalda-alternativ\/samhallsbyggnadsnamnden\/\" \/>\n<meta property=\"og:locale\" content=\"sv_SE\" \/>\n<meta property=\"og:type\" content=\"article\" \/>\n<meta property=\"og:title\" content=\"Samh\u00e4llsbyggnadsn\u00e4mnden - \u00d6desh\u00f6g\" \/>\n<meta property=\"og:description\" content=\"Samh\u00e4llsbyggnadsn\u00e4mnden ansvarar f\u00f6r planering och utveckling av kommunen. T.ex bygglov, milj\u00f6fr\u00e5gor, gator och samh\u00e4llsservice. H\u00e4r \u00e4r kristdemokraternas f\u00f6retr\u00e4dare i \u00d6desh\u00f6gs samh\u00e4llsbyggnadsn\u00e4mnd Ledam\u00f6ter Mattias Petersson L\u00e4s mer Ers\u00e4ttare Jonny St\u00e5lknapp L\u00e4s mer\" \/>\n<meta property=\"og:url\" content=\"https:\/\/wp.kristdemokraterna.se\/odeshog\/fortroendevalda-alternativ\/samhallsbyggnadsnamnden\/\" \/>\n<meta property=\"og:site_name\" content=\"\u00d6desh\u00f6g\" \/>\n<meta name=\"twitter:card\" content=\"summary_large_image\" \/>\n<meta name=\"twitter:label1\" content=\"Ber\u00e4knad l\u00e4stid\" \/>\n\t<meta name=\"twitter:data1\" content=\"1 minut\" \/>\n<script type=\"application\/ld+json\" class=\"yoast-schema-graph\">{\"@context\":\"https:\\\/\\\/schema.org\",\"@graph\":[{\"@type\":\"WebPage\",\"@id\":\"https:\\\/\\\/wp.kristdemokraterna.se\\\/odeshog\\\/fortroendevalda-alternativ\\\/samhallsbyggnadsnamnden\\\/\",\"url\":\"https:\\\/\\\/wp.kristdemokraterna.se\\\/odeshog\\\/fortroendevalda-alternativ\\\/samhallsbyggnadsnamnden\\\/\",\"name\":\"Samh\u00e4llsbyggnadsn\u00e4mnden - \u00d6desh\u00f6g\",\"isPartOf\":{\"@id\":\"https:\\\/\\\/wp.kristdemokraterna.se\\\/odeshog\\\/#website\"},\"datePublished\":\"2026-04-19T16:04:18+00:00\",\"breadcrumb\":{\"@id\":\"https:\\\/\\\/wp.kristdemokraterna.se\\\/odeshog\\\/fortroendevalda-alternativ\\\/samhallsbyggnadsnamnden\\\/#breadcrumb\"},\"inLanguage\":\"sv-SE\",\"potentialAction\":[{\"@type\":\"ReadAction\",\"target\":[\"https:\\\/\\\/wp.kristdemokraterna.se\\\/odeshog\\\/fortroendevalda-alternativ\\\/samhallsbyggnadsnamnden\\\/\"]}]},{\"@type\":\"BreadcrumbList\",\"@id\":\"https:\\\/\\\/wp.kristdemokraterna.se\\\/odeshog\\\/fortroendevalda-alternativ\\\/samhallsbyggnadsnamnden\\\/#breadcrumb\",\"itemListElement\":[{\"@type\":\"ListItem\",\"position\":1,\"name\":\"Hem\",\"item\":\"https:\\\/\\\/wp.kristdemokraterna.se\\\/odeshog\\\/\"},{\"@type\":\"ListItem\",\"position\":2,\"name\":\"F\u00f6rtroendevalda\",\"item\":\"https:\\\/\\\/wp.kristdemokraterna.se\\\/odeshog\\\/fortroendevalda-alternativ\\\/\"},{\"@type\":\"ListItem\",\"position\":3,\"name\":\"Samh\u00e4llsbyggnadsn\u00e4mnden\"}]},{\"@type\":\"WebSite\",\"@id\":\"https:\\\/\\\/wp.kristdemokraterna.se\\\/odeshog\\\/#website\",\"url\":\"https:\\\/\\\/wp.kristdemokraterna.se\\\/odeshog\\\/\",\"name\":\"\u00d6desh\u00f6g\",\"description\":\"En till Kristdemokraterna webbplats\",\"inLanguage\":\"sv-SE\"}]}<\/script>\n<!-- \/ Yoast SEO plugin. -->","yoast_head_json":{"title":"Samh\u00e4llsbyggnadsn\u00e4mnden - \u00d6desh\u00f6g","robots":{"index":"index","follow":"follow","max-snippet":"max-snippet:-1","max-image-preview":"max-image-preview:large","max-video-preview":"max-video-preview:-1"},"canonical":"https:\/\/wp.kristdemokraterna.se\/odeshog\/fortroendevalda-alternativ\/samhallsbyggnadsnamnden\/","og_locale":"sv_SE","og_type":"article","og_title":"Samh\u00e4llsbyggnadsn\u00e4mnden - \u00d6desh\u00f6g","og_description":"Samh\u00e4llsbyggnadsn\u00e4mnden ansvarar f\u00f6r planering och utveckling av kommunen. T.ex bygglov, milj\u00f6fr\u00e5gor, gator och samh\u00e4llsservice. H\u00e4r \u00e4r kristdemokraternas f\u00f6retr\u00e4dare i \u00d6desh\u00f6gs samh\u00e4llsbyggnadsn\u00e4mnd Ledam\u00f6ter Mattias Petersson L\u00e4s mer Ers\u00e4ttare Jonny St\u00e5lknapp L\u00e4s mer","og_url":"https:\/\/wp.kristdemokraterna.se\/odeshog\/fortroendevalda-alternativ\/samhallsbyggnadsnamnden\/","og_site_name":"\u00d6desh\u00f6g","twitter_card":"summary_large_image","twitter_misc":{"Ber\u00e4knad l\u00e4stid":"1 minut"},"schema":{"@context":"https:\/\/schema.org","@graph":[{"@type":"WebPage","@id":"https:\/\/wp.kristdemokraterna.se\/odeshog\/fortroendevalda-alternativ\/samhallsbyggnadsnamnden\/","url":"https:\/\/wp.kristdemokraterna.se\/odeshog\/fortroendevalda-alternativ\/samhallsbyggnadsnamnden\/","name":"Samh\u00e4llsbyggnadsn\u00e4mnden - \u00d6desh\u00f6g","isPartOf":{"@id":"https:\/\/wp.kristdemokraterna.se\/odeshog\/#website"},"datePublished":"2026-04-19T16:04:18+00:00","breadcrumb":{"@id":"https:\/\/wp.kristdemokraterna.se\/odeshog\/fortroendevalda-alternativ\/samhallsbyggnadsnamnden\/#breadcrumb"},"inLanguage":"sv-SE","potentialAction":[{"@type":"ReadAction","target":["https:\/\/wp.kristdemokraterna.se\/odeshog\/fortroendevalda-alternativ\/samhallsbyggnadsnamnden\/"]}]},{"@type":"BreadcrumbList","@id":"https:\/\/wp.kristdemokraterna.se\/odeshog\/fortroendevalda-alternativ\/samhallsbyggnadsnamnden\/#breadcrumb","itemListElement":[{"@type":"ListItem","position":1,"name":"Hem","item":"https:\/\/wp.kristdemokraterna.se\/odeshog\/"},{"@type":"ListItem","position":2,"name":"F\u00f6rtroendevalda","item":"https:\/\/wp.kristdemokraterna.se\/odeshog\/fortroendevalda-alternativ\/"},{"@type":"ListItem","position":3,"name":"Samh\u00e4llsbyggnadsn\u00e4mnden"}]},{"@type":"WebSite","@id":"https:\/\/wp.kristdemokraterna.se\/odeshog\/#website","url":"https:\/\/wp.kristdemokraterna.se\/odeshog\/","name":"\u00d6desh\u00f6g","description":"En till Kristdemokraterna webbplats","inLanguage":"sv-SE"}]}},"_links":{"self":[{"href":"https:\/\/wp.kristdemokraterna.se\/odeshog\/wp-json\/wp\/v2\/pages\/1183","targetHints":{"allow":["GET"]}}],"collection":[{"href":"https:\/\/wp.kristdemokraterna.se\/odeshog\/wp-json\/wp\/v2\/pages"}],"about":[{"href":"https:\/\/wp.kristdemokraterna.se\/odeshog\/wp-json\/wp\/v2\/types\/page"}],"author":[{"embeddable":true,"href":"https:\/\/wp.kristdemokraterna.se\/odeshog\/wp-json\/wp\/v2\/users\/747"}],"replies":[{"embeddable":true,"href":"https:\/\/wp.kristdemokraterna.se\/odeshog\/wp-json\/wp\/v2\/comments?post=1183"}],"version-history":[{"count":1,"href":"https:\/\/wp.kristdemokraterna.se\/odeshog\/wp-json\/wp\/v2\/pages\/1183\/revisions"}],"predecessor-version":[{"id":1184,"href":"https:\/\/wp.kristdemokraterna.se\/odeshog\/wp-json\/wp\/v2\/pages\/1183\/revisions\/1184"}],"up":[{"embeddable":true,"href":"https:\/\/wp.kristdemokraterna.se\/odeshog\/wp-json\/wp\/v2\/pages\/625"}],"wp:attachment":[{"href":"https:\/\/wp.kristdemokraterna.se\/odeshog\/wp-json\/wp\/v2\/media?parent=1183"}],"curies":[{"name":"wp","href":"https:\/\/api.w.org\/{rel}","templated":true}]}}

Samhällsbyggnadsnämnden

<p>Samhällsbyggnadsnämnden ansvarar för planering och utveckling av kommunen. T.ex bygglov, miljöfrågor, gator och samhällsservice.</p>
<p><strong>Här är kristdemokraternas företrädare i Ödeshögs samhällsbyggnadsnämnd</strong></p>
<p><strong><em>Ledamöter</em></strong></p>
<p>Mattias Petersson <a href="https://wp.kristdemokraterna.se/odeshog/mattias-petersson/">Läs mer</a></p>
<p><strong><em>Ersättare</em></strong></p>
<p>Jonny Stålknapp <a href="https://wp.kristdemokraterna.se/odeshog/jonny-stalknapp/">Läs mer</a></p>

<p>Samhällsbyggnadsnämnden ansvarar för planering och utveckling av kommunen. T.ex bygglov, miljöfrågor, gator och samhällsservice. Här är kristdemokraternas företrädare i Ödeshögs samhällsbyggnadsnämnd Ledamöter Mattias Petersson Läs mer Ersättare Jonny Stålknapp Läs mer</p>

<!-- This site is optimized with the Yoast SEO plugin v27.4 - https://yoast.com/product/yoast-seo-wordpress/ -->
<title>Samhällsbyggnadsnämnden - Ödeshög</title>
<meta name="robots" content="index, follow, max-snippet:-1, max-image-preview:large, max-video-preview:-1" />
<link rel="canonical" href="https://wp.kristdemokraterna.se/odeshog/fortroendevalda-alternativ/samhallsbyggnadsnamnden/" />
<meta property="og:locale" content="sv_SE" />
<meta property="og:type" content="article" />
<meta property="og:title" content="Samhällsbyggnadsnämnden - Ödeshög" />
<meta property="og:description" content="Samhällsbyggnadsnämnden ansvarar för planering och utveckling av kommunen. T.ex bygglov, miljöfrågor, gator och samhällsservice. Här är kristdemokraternas företrädare i Ödeshögs samhällsbyggnadsnämnd Ledamöter Mattias Petersson Läs mer Ersättare Jonny Stålknapp Läs mer" />
<meta property="og:url" content="https://wp.kristdemokraterna.se/odeshog/fortroendevalda-alternativ/samhallsbyggnadsnamnden/" />
<meta property="og:site_name" content="Ödeshög" />
<meta name="twitter:card" content="summary_large_image" />
<meta name="twitter:label1" content="Beräknad lästid" />
	<meta name="twitter:data1" content="1 minut" />
<script type="application/ld+json" class="yoast-schema-graph">{"@context":"https:\/\/schema.org","@graph":[{"@type":"WebPage","@id":"https:\/\/wp.kristdemokraterna.se\/odeshog\/fortroendevalda-alternativ\/samhallsbyggnadsnamnden\/","url":"https:\/\/wp.kristdemokraterna.se\/odeshog\/fortroendevalda-alternativ\/samhallsbyggnadsnamnden\/","name":"Samhällsbyggnadsnämnden - Ödeshög","isPartOf":{"@id":"https:\/\/wp.kristdemokraterna.se\/odeshog\/#website"},"datePublished":"2026-04-19T16:04:18+00:00","breadcrumb":{"@id":"https:\/\/wp.kristdemokraterna.se\/odeshog\/fortroendevalda-alternativ\/samhallsbyggnadsnamnden\/#breadcrumb"},"inLanguage":"sv-SE","potentialAction":[{"@type":"ReadAction","target":["https:\/\/wp.kristdemokraterna.se\/odeshog\/fortroendevalda-alternativ\/samhallsbyggnadsnamnden\/"]}]},{"@type":"BreadcrumbList","@id":"https:\/\/wp.kristdemokraterna.se\/odeshog\/fortroendevalda-alternativ\/samhallsbyggnadsnamnden\/#breadcrumb","itemListElement":[{"@type":"ListItem","position":1,"name":"Hem","item":"https:\/\/wp.kristdemokraterna.se\/odeshog\/"},{"@type":"ListItem","position":2,"name":"Förtroendevalda","item":"https:\/\/wp.kristdemokraterna.se\/odeshog\/fortroendevalda-alternativ\/"},{"@type":"ListItem","position":3,"name":"Samhällsbyggnadsnämnden"}]},{"@type":"WebSite","@id":"https:\/\/wp.kristdemokraterna.se\/odeshog\/#website","url":"https:\/\/wp.kristdemokraterna.se\/odeshog\/","name":"Ödeshög","description":"En till Kristdemokraterna webbplats","inLanguage":"sv-SE"}]}</script>
<!-- / Yoast SEO plugin. -->

Samhällsbyggnadsnämnden - Ödeshög

Samhällsbyggnadsnämnden ansvarar för planering och utveckling av kommunen. T.ex bygglov, miljöfrågor, gator och samhällsservice. Här är kristdemokraternas företrädare i Ödeshögs samhällsbyggnadsnämnd Ledamöter Mattias Petersson Läs mer Ersättare Jonny Stålknapp Läs mer

Ödeshög

Förtroendevalda
