{"id":1185,"date":"2026-04-19T18:08:20","date_gmt":"2026-04-19T16:08:20","guid":{"rendered":"https:\/\/wp.kristdemokraterna.se\/odeshog\/?page_id=1185"},"modified":"2026-04-19T18:08:20","modified_gmt":"2026-04-19T16:08:20","slug":"valnamnden","status":"publish","type":"page","link":"https:\/\/wp.kristdemokraterna.se\/odeshog\/fortroendevalda-alternativ\/valnamnden\/","title":{"rendered":"Valn\u00e4mnden"},"content":{"rendered":"<p>Valn\u00e4mnden ansvarar f\u00f6r att planera och genomf\u00f6ra val. Och se till s\u00e5 att r\u00f6stningen sker korrekt och s\u00e4kert.<\/p>\n<p><strong>H\u00e4r \u00e4r kristdemokraternas f\u00f6retr\u00e4dare i \u00d6desh\u00f6gs valn\u00e4mnd<\/strong><\/p>\n<p><strong><em>Ledam\u00f6ter<\/em><\/strong><\/p>\n<p>Peter Olofsson <a href=\"https:\/\/wp.kristdemokraterna.se\/odeshog\/peter-olofsson\/\">L\u00e4s mer<\/a><\/p>\n<p><strong><em>Ers\u00e4ttare<\/em><\/strong><\/p>\n<p>Christer Torebring <a href=\"https:\/\/wp.kristdemokraterna.se\/odeshog\/christer-torebring\/\">L\u00e4s mer<\/a><\/p>\n","protected":false},"excerpt":{"rendered":"<p>Valn\u00e4mnden ansvarar f\u00f6r att planera och genomf\u00f6ra val. Och se till s\u00e5 att r\u00f6stningen sker korrekt och s\u00e4kert. H\u00e4r \u00e4r kristdemokraternas f\u00f6retr\u00e4dare i \u00d6desh\u00f6gs valn\u00e4mnd Ledam\u00f6ter Peter Olofsson L\u00e4s mer Ers\u00e4ttare Christer Torebring L\u00e4s mer<\/p>\n","protected":false},"author":747,"featured_media":0,"parent":625,"menu_order":0,"comment_status":"closed","ping_status":"closed","template":"","meta":{"_acf_changed":false,"footnotes":""},"class_list":["post-1185","page","type-page","status-publish","hentry"],"acf":[],"yoast_head":"<!-- This site is optimized with the Yoast SEO plugin v27.4 - https:\/\/yoast.com\/product\/yoast-seo-wordpress\/ -->\n<title>Valn\u00e4mnden - \u00d6desh\u00f6g<\/title>\n<meta name=\"robots\" content=\"index, follow, max-snippet:-1, max-image-preview:large, max-video-preview:-1\" \/>\n<link rel=\"canonical\" href=\"https:\/\/wp.kristdemokraterna.se\/odeshog\/fortroendevalda-alternativ\/valnamnden\/\" \/>\n<meta property=\"og:locale\" content=\"sv_SE\" \/>\n<meta property=\"og:type\" content=\"article\" \/>\n<meta property=\"og:title\" content=\"Valn\u00e4mnden - \u00d6desh\u00f6g\" \/>\n<meta property=\"og:description\" content=\"Valn\u00e4mnden ansvarar f\u00f6r att planera och genomf\u00f6ra val. Och se till s\u00e5 att r\u00f6stningen sker korrekt och s\u00e4kert. H\u00e4r \u00e4r kristdemokraternas f\u00f6retr\u00e4dare i \u00d6desh\u00f6gs valn\u00e4mnd Ledam\u00f6ter Peter Olofsson L\u00e4s mer Ers\u00e4ttare Christer Torebring L\u00e4s mer\" \/>\n<meta property=\"og:url\" content=\"https:\/\/wp.kristdemokraterna.se\/odeshog\/fortroendevalda-alternativ\/valnamnden\/\" \/>\n<meta property=\"og:site_name\" content=\"\u00d6desh\u00f6g\" \/>\n<meta name=\"twitter:card\" content=\"summary_large_image\" \/>\n<meta name=\"twitter:label1\" content=\"Ber\u00e4knad l\u00e4stid\" \/>\n\t<meta name=\"twitter:data1\" content=\"1 minut\" \/>\n<script type=\"application\/ld+json\" class=\"yoast-schema-graph\">{\"@context\":\"https:\\\/\\\/schema.org\",\"@graph\":[{\"@type\":\"WebPage\",\"@id\":\"https:\\\/\\\/wp.kristdemokraterna.se\\\/odeshog\\\/fortroendevalda-alternativ\\\/valnamnden\\\/\",\"url\":\"https:\\\/\\\/wp.kristdemokraterna.se\\\/odeshog\\\/fortroendevalda-alternativ\\\/valnamnden\\\/\",\"name\":\"Valn\u00e4mnden - \u00d6desh\u00f6g\",\"isPartOf\":{\"@id\":\"https:\\\/\\\/wp.kristdemokraterna.se\\\/odeshog\\\/#website\"},\"datePublished\":\"2026-04-19T16:08:20+00:00\",\"breadcrumb\":{\"@id\":\"https:\\\/\\\/wp.kristdemokraterna.se\\\/odeshog\\\/fortroendevalda-alternativ\\\/valnamnden\\\/#breadcrumb\"},\"inLanguage\":\"sv-SE\",\"potentialAction\":[{\"@type\":\"ReadAction\",\"target\":[\"https:\\\/\\\/wp.kristdemokraterna.se\\\/odeshog\\\/fortroendevalda-alternativ\\\/valnamnden\\\/\"]}]},{\"@type\":\"BreadcrumbList\",\"@id\":\"https:\\\/\\\/wp.kristdemokraterna.se\\\/odeshog\\\/fortroendevalda-alternativ\\\/valnamnden\\\/#breadcrumb\",\"itemListElement\":[{\"@type\":\"ListItem\",\"position\":1,\"name\":\"Hem\",\"item\":\"https:\\\/\\\/wp.kristdemokraterna.se\\\/odeshog\\\/\"},{\"@type\":\"ListItem\",\"position\":2,\"name\":\"F\u00f6rtroendevalda\",\"item\":\"https:\\\/\\\/wp.kristdemokraterna.se\\\/odeshog\\\/fortroendevalda-alternativ\\\/\"},{\"@type\":\"ListItem\",\"position\":3,\"name\":\"Valn\u00e4mnden\"}]},{\"@type\":\"WebSite\",\"@id\":\"https:\\\/\\\/wp.kristdemokraterna.se\\\/odeshog\\\/#website\",\"url\":\"https:\\\/\\\/wp.kristdemokraterna.se\\\/odeshog\\\/\",\"name\":\"\u00d6desh\u00f6g\",\"description\":\"En till Kristdemokraterna webbplats\",\"inLanguage\":\"sv-SE\"}]}<\/script>\n<!-- \/ Yoast SEO plugin. -->","yoast_head_json":{"title":"Valn\u00e4mnden - \u00d6desh\u00f6g","robots":{"index":"index","follow":"follow","max-snippet":"max-snippet:-1","max-image-preview":"max-image-preview:large","max-video-preview":"max-video-preview:-1"},"canonical":"https:\/\/wp.kristdemokraterna.se\/odeshog\/fortroendevalda-alternativ\/valnamnden\/","og_locale":"sv_SE","og_type":"article","og_title":"Valn\u00e4mnden - \u00d6desh\u00f6g","og_description":"Valn\u00e4mnden ansvarar f\u00f6r att planera och genomf\u00f6ra val. Och se till s\u00e5 att r\u00f6stningen sker korrekt och s\u00e4kert. H\u00e4r \u00e4r kristdemokraternas f\u00f6retr\u00e4dare i \u00d6desh\u00f6gs valn\u00e4mnd Ledam\u00f6ter Peter Olofsson L\u00e4s mer Ers\u00e4ttare Christer Torebring L\u00e4s mer","og_url":"https:\/\/wp.kristdemokraterna.se\/odeshog\/fortroendevalda-alternativ\/valnamnden\/","og_site_name":"\u00d6desh\u00f6g","twitter_card":"summary_large_image","twitter_misc":{"Ber\u00e4knad l\u00e4stid":"1 minut"},"schema":{"@context":"https:\/\/schema.org","@graph":[{"@type":"WebPage","@id":"https:\/\/wp.kristdemokraterna.se\/odeshog\/fortroendevalda-alternativ\/valnamnden\/","url":"https:\/\/wp.kristdemokraterna.se\/odeshog\/fortroendevalda-alternativ\/valnamnden\/","name":"Valn\u00e4mnden - \u00d6desh\u00f6g","isPartOf":{"@id":"https:\/\/wp.kristdemokraterna.se\/odeshog\/#website"},"datePublished":"2026-04-19T16:08:20+00:00","breadcrumb":{"@id":"https:\/\/wp.kristdemokraterna.se\/odeshog\/fortroendevalda-alternativ\/valnamnden\/#breadcrumb"},"inLanguage":"sv-SE","potentialAction":[{"@type":"ReadAction","target":["https:\/\/wp.kristdemokraterna.se\/odeshog\/fortroendevalda-alternativ\/valnamnden\/"]}]},{"@type":"BreadcrumbList","@id":"https:\/\/wp.kristdemokraterna.se\/odeshog\/fortroendevalda-alternativ\/valnamnden\/#breadcrumb","itemListElement":[{"@type":"ListItem","position":1,"name":"Hem","item":"https:\/\/wp.kristdemokraterna.se\/odeshog\/"},{"@type":"ListItem","position":2,"name":"F\u00f6rtroendevalda","item":"https:\/\/wp.kristdemokraterna.se\/odeshog\/fortroendevalda-alternativ\/"},{"@type":"ListItem","position":3,"name":"Valn\u00e4mnden"}]},{"@type":"WebSite","@id":"https:\/\/wp.kristdemokraterna.se\/odeshog\/#website","url":"https:\/\/wp.kristdemokraterna.se\/odeshog\/","name":"\u00d6desh\u00f6g","description":"En till Kristdemokraterna webbplats","inLanguage":"sv-SE"}]}},"_links":{"self":[{"href":"https:\/\/wp.kristdemokraterna.se\/odeshog\/wp-json\/wp\/v2\/pages\/1185","targetHints":{"allow":["GET"]}}],"collection":[{"href":"https:\/\/wp.kristdemokraterna.se\/odeshog\/wp-json\/wp\/v2\/pages"}],"about":[{"href":"https:\/\/wp.kristdemokraterna.se\/odeshog\/wp-json\/wp\/v2\/types\/page"}],"author":[{"embeddable":true,"href":"https:\/\/wp.kristdemokraterna.se\/odeshog\/wp-json\/wp\/v2\/users\/747"}],"replies":[{"embeddable":true,"href":"https:\/\/wp.kristdemokraterna.se\/odeshog\/wp-json\/wp\/v2\/comments?post=1185"}],"version-history":[{"count":1,"href":"https:\/\/wp.kristdemokraterna.se\/odeshog\/wp-json\/wp\/v2\/pages\/1185\/revisions"}],"predecessor-version":[{"id":1186,"href":"https:\/\/wp.kristdemokraterna.se\/odeshog\/wp-json\/wp\/v2\/pages\/1185\/revisions\/1186"}],"up":[{"embeddable":true,"href":"https:\/\/wp.kristdemokraterna.se\/odeshog\/wp-json\/wp\/v2\/pages\/625"}],"wp:attachment":[{"href":"https:\/\/wp.kristdemokraterna.se\/odeshog\/wp-json\/wp\/v2\/media?parent=1185"}],"curies":[{"name":"wp","href":"https:\/\/api.w.org\/{rel}","templated":true}]}}

Valnämnden

<p>Valnämnden ansvarar för att planera och genomföra val. Och se till så att röstningen sker korrekt och säkert.</p>
<p><strong>Här är kristdemokraternas företrädare i Ödeshögs valnämnd</strong></p>
<p><strong><em>Ledamöter</em></strong></p>
<p>Peter Olofsson <a href="https://wp.kristdemokraterna.se/odeshog/peter-olofsson/">Läs mer</a></p>
<p><strong><em>Ersättare</em></strong></p>
<p>Christer Torebring <a href="https://wp.kristdemokraterna.se/odeshog/christer-torebring/">Läs mer</a></p>

<p>Valnämnden ansvarar för att planera och genomföra val. Och se till så att röstningen sker korrekt och säkert. Här är kristdemokraternas företrädare i Ödeshögs valnämnd Ledamöter Peter Olofsson Läs mer Ersättare Christer Torebring Läs mer</p>

<!-- This site is optimized with the Yoast SEO plugin v27.4 - https://yoast.com/product/yoast-seo-wordpress/ -->
<title>Valnämnden - Ödeshög</title>
<meta name="robots" content="index, follow, max-snippet:-1, max-image-preview:large, max-video-preview:-1" />
<link rel="canonical" href="https://wp.kristdemokraterna.se/odeshog/fortroendevalda-alternativ/valnamnden/" />
<meta property="og:locale" content="sv_SE" />
<meta property="og:type" content="article" />
<meta property="og:title" content="Valnämnden - Ödeshög" />
<meta property="og:description" content="Valnämnden ansvarar för att planera och genomföra val. Och se till så att röstningen sker korrekt och säkert. Här är kristdemokraternas företrädare i Ödeshögs valnämnd Ledamöter Peter Olofsson Läs mer Ersättare Christer Torebring Läs mer" />
<meta property="og:url" content="https://wp.kristdemokraterna.se/odeshog/fortroendevalda-alternativ/valnamnden/" />
<meta property="og:site_name" content="Ödeshög" />
<meta name="twitter:card" content="summary_large_image" />
<meta name="twitter:label1" content="Beräknad lästid" />
	<meta name="twitter:data1" content="1 minut" />
<script type="application/ld+json" class="yoast-schema-graph">{"@context":"https:\/\/schema.org","@graph":[{"@type":"WebPage","@id":"https:\/\/wp.kristdemokraterna.se\/odeshog\/fortroendevalda-alternativ\/valnamnden\/","url":"https:\/\/wp.kristdemokraterna.se\/odeshog\/fortroendevalda-alternativ\/valnamnden\/","name":"Valnämnden - Ödeshög","isPartOf":{"@id":"https:\/\/wp.kristdemokraterna.se\/odeshog\/#website"},"datePublished":"2026-04-19T16:08:20+00:00","breadcrumb":{"@id":"https:\/\/wp.kristdemokraterna.se\/odeshog\/fortroendevalda-alternativ\/valnamnden\/#breadcrumb"},"inLanguage":"sv-SE","potentialAction":[{"@type":"ReadAction","target":["https:\/\/wp.kristdemokraterna.se\/odeshog\/fortroendevalda-alternativ\/valnamnden\/"]}]},{"@type":"BreadcrumbList","@id":"https:\/\/wp.kristdemokraterna.se\/odeshog\/fortroendevalda-alternativ\/valnamnden\/#breadcrumb","itemListElement":[{"@type":"ListItem","position":1,"name":"Hem","item":"https:\/\/wp.kristdemokraterna.se\/odeshog\/"},{"@type":"ListItem","position":2,"name":"Förtroendevalda","item":"https:\/\/wp.kristdemokraterna.se\/odeshog\/fortroendevalda-alternativ\/"},{"@type":"ListItem","position":3,"name":"Valnämnden"}]},{"@type":"WebSite","@id":"https:\/\/wp.kristdemokraterna.se\/odeshog\/#website","url":"https:\/\/wp.kristdemokraterna.se\/odeshog\/","name":"Ödeshög","description":"En till Kristdemokraterna webbplats","inLanguage":"sv-SE"}]}</script>
<!-- / Yoast SEO plugin. -->

Valnämnden - Ödeshög

Valnämnden ansvarar för att planera och genomföra val. Och se till så att röstningen sker korrekt och säkert. Här är kristdemokraternas företrädare i Ödeshögs valnämnd Ledamöter Peter Olofsson Läs mer Ersättare Christer Torebring Läs mer

Ödeshög

Förtroendevalda
