{"id":31,"date":"2016-04-27T13:54:57","date_gmt":"2016-04-27T11:54:57","guid":{"rendered":"http:\/\/wp.kristdemokraterna.se\/odeshog2\/?page_id=31"},"modified":"2022-05-16T14:53:30","modified_gmt":"2022-05-16T12:53:30","slug":"styrelsen","status":"publish","type":"page","link":"https:\/\/wp.kristdemokraterna.se\/odeshog\/styrelsen\/","title":{"rendered":"Partiavdelningen"},"content":{"rendered":"<p><strong>Kristdemokraterna i \u00d6desh\u00f6g har ca 70 medlemmar.<\/strong><br \/>\n<strong>\u00d6desh\u00f6gs partiavdelningsstyrelse best\u00e5r av:<\/strong><\/p>\n<p><strong>Ordf\u00f6rande:<\/strong><\/p>\n<p>Magnus Oscarsson <a href=\"https:\/\/wp.kristdemokraterna.se\/odeshog\/magnus-oscarsson\/\">L\u00e4s mer<\/a><\/p>\n<p><strong>Vice ordf\u00f6rande:<\/strong><\/p>\n<p>Robert Wahlstr\u00f6m <a href=\"https:\/\/wp.kristdemokraterna.se\/odeshog\/robert-wahlstrom-2\/\">L\u00e4s mer<\/a><\/p>\n<p><strong>Ledam\u00f6ter:<\/strong><\/p>\n<p>Jonni Harrius <a href=\"https:\/\/wp.kristdemokraterna.se\/odeshog\/jonni-harrius\/\">L\u00e4s mer<\/a><br \/>\nHel\u00e9ne Thunberg <a href=\"https:\/\/wp.kristdemokraterna.se\/odeshog\/helene-thunberg\/\">L\u00e4s mer<\/a><br \/>\nLennart \u00c5berg <a href=\"https:\/\/wp.kristdemokraterna.se\/odeshog\/lennart-aberg\/\">L\u00e4s mer<\/a><br \/>\nPeter Olofsson <a href=\"https:\/\/wp.kristdemokraterna.se\/odeshog\/peter-olofsson\/\">L\u00e4s mer<\/a><br \/>\nCharlotte Gustafsson <a href=\"https:\/\/wp.kristdemokraterna.se\/odeshog\/charlotte-gustafsson\/\">L\u00e4s mer<\/a><br \/>\nMargoth Petersson <a href=\"https:\/\/wp.kristdemokraterna.se\/odeshog\/margoth-petersson\/\">L\u00e4s mer<\/a><br \/>\nAnnicki Oscarsson <a href=\"https:\/\/wp.kristdemokraterna.se\/odeshog\/annicki-oscarsson\/\">L\u00e4s mer<\/a><\/p>\n<p><strong>Kass\u00f6r:<\/strong><\/p>\n<p>Jonni Harrius <a href=\"https:\/\/wp.kristdemokraterna.se\/odeshog\/jonni-harrius\/\">L\u00e4s mer<\/a><\/p>\n<p><strong>Valberedning:<\/strong><\/p>\n<p>&#8211;<\/p>\n<p><strong>Revisor:<\/strong><\/p>\n<p>Christer Torebring <a href=\"https:\/\/wp.kristdemokraterna.se\/odeshog\/christer-torebring\/\">L\u00e4s mer<\/a><br \/>\nAnn-Marie \u00c5berg<\/p>\n","protected":false},"excerpt":{"rendered":"<p>Kristdemokraterna i \u00d6desh\u00f6g har ca 70 medlemmar. \u00d6desh\u00f6gs partiavdelningsstyrelse best\u00e5r av: Ordf\u00f6rande: Magnus Oscarsson L\u00e4s mer Vice ordf\u00f6rande: Robert Wahlstr\u00f6m L\u00e4s mer Ledam\u00f6ter: Jonni Harrius L\u00e4s mer Hel\u00e9ne Thunberg L\u00e4s mer Lennart \u00c5berg L\u00e4s mer Peter Olofsson L\u00e4s mer Charlotte Gustafsson L\u00e4s mer Margoth Petersson L\u00e4s mer Annicki Oscarsson L\u00e4s mer Kass\u00f6r: Jonni Harrius L\u00e4s <a class=\"read-more-link\" href=\"https:\/\/wp.kristdemokraterna.se\/odeshog\/styrelsen\/\">Read More<\/a><\/p>\n","protected":false},"author":747,"featured_media":0,"parent":0,"menu_order":14,"comment_status":"closed","ping_status":"closed","template":"","meta":{"_acf_changed":false,"footnotes":""},"class_list":["post-31","page","type-page","status-publish","hentry"],"acf":[],"yoast_head":"<!-- This site is optimized with the Yoast SEO plugin v27.4 - https:\/\/yoast.com\/product\/yoast-seo-wordpress\/ -->\n<title>Partiavdelningen - \u00d6desh\u00f6g<\/title>\n<meta name=\"robots\" content=\"index, follow, max-snippet:-1, max-image-preview:large, max-video-preview:-1\" \/>\n<link rel=\"canonical\" href=\"https:\/\/wp.kristdemokraterna.se\/odeshog\/styrelsen\/\" \/>\n<meta property=\"og:locale\" content=\"sv_SE\" \/>\n<meta property=\"og:type\" content=\"article\" \/>\n<meta property=\"og:title\" content=\"Partiavdelningen - \u00d6desh\u00f6g\" \/>\n<meta property=\"og:description\" content=\"Kristdemokraterna i \u00d6desh\u00f6g har ca 70 medlemmar. \u00d6desh\u00f6gs partiavdelningsstyrelse best\u00e5r av: Ordf\u00f6rande: Magnus Oscarsson L\u00e4s mer Vice ordf\u00f6rande: Robert Wahlstr\u00f6m L\u00e4s mer Ledam\u00f6ter: Jonni Harrius L\u00e4s mer Hel\u00e9ne Thunberg L\u00e4s mer Lennart \u00c5berg L\u00e4s mer Peter Olofsson L\u00e4s mer Charlotte Gustafsson L\u00e4s mer Margoth Petersson L\u00e4s mer Annicki Oscarsson L\u00e4s mer Kass\u00f6r: Jonni Harrius L\u00e4s Read More\" \/>\n<meta property=\"og:url\" content=\"https:\/\/wp.kristdemokraterna.se\/odeshog\/styrelsen\/\" \/>\n<meta property=\"og:site_name\" content=\"\u00d6desh\u00f6g\" \/>\n<meta property=\"article:modified_time\" content=\"2022-05-16T12:53:30+00:00\" \/>\n<meta name=\"twitter:card\" content=\"summary_large_image\" \/>\n<script type=\"application\/ld+json\" class=\"yoast-schema-graph\">{\"@context\":\"https:\\\/\\\/schema.org\",\"@graph\":[{\"@type\":\"WebPage\",\"@id\":\"https:\\\/\\\/wp.kristdemokraterna.se\\\/odeshog\\\/styrelsen\\\/\",\"url\":\"https:\\\/\\\/wp.kristdemokraterna.se\\\/odeshog\\\/styrelsen\\\/\",\"name\":\"Partiavdelningen - \u00d6desh\u00f6g\",\"isPartOf\":{\"@id\":\"https:\\\/\\\/wp.kristdemokraterna.se\\\/odeshog\\\/#website\"},\"datePublished\":\"2016-04-27T11:54:57+00:00\",\"dateModified\":\"2022-05-16T12:53:30+00:00\",\"breadcrumb\":{\"@id\":\"https:\\\/\\\/wp.kristdemokraterna.se\\\/odeshog\\\/styrelsen\\\/#breadcrumb\"},\"inLanguage\":\"sv-SE\",\"potentialAction\":[{\"@type\":\"ReadAction\",\"target\":[\"https:\\\/\\\/wp.kristdemokraterna.se\\\/odeshog\\\/styrelsen\\\/\"]}]},{\"@type\":\"BreadcrumbList\",\"@id\":\"https:\\\/\\\/wp.kristdemokraterna.se\\\/odeshog\\\/styrelsen\\\/#breadcrumb\",\"itemListElement\":[{\"@type\":\"ListItem\",\"position\":1,\"name\":\"Hem\",\"item\":\"https:\\\/\\\/wp.kristdemokraterna.se\\\/odeshog\\\/\"},{\"@type\":\"ListItem\",\"position\":2,\"name\":\"Partiavdelningen\"}]},{\"@type\":\"WebSite\",\"@id\":\"https:\\\/\\\/wp.kristdemokraterna.se\\\/odeshog\\\/#website\",\"url\":\"https:\\\/\\\/wp.kristdemokraterna.se\\\/odeshog\\\/\",\"name\":\"\u00d6desh\u00f6g\",\"description\":\"En till Kristdemokraterna webbplats\",\"inLanguage\":\"sv-SE\"}]}<\/script>\n<!-- \/ Yoast SEO plugin. -->","yoast_head_json":{"title":"Partiavdelningen - \u00d6desh\u00f6g","robots":{"index":"index","follow":"follow","max-snippet":"max-snippet:-1","max-image-preview":"max-image-preview:large","max-video-preview":"max-video-preview:-1"},"canonical":"https:\/\/wp.kristdemokraterna.se\/odeshog\/styrelsen\/","og_locale":"sv_SE","og_type":"article","og_title":"Partiavdelningen - \u00d6desh\u00f6g","og_description":"Kristdemokraterna i \u00d6desh\u00f6g har ca 70 medlemmar. \u00d6desh\u00f6gs partiavdelningsstyrelse best\u00e5r av: Ordf\u00f6rande: Magnus Oscarsson L\u00e4s mer Vice ordf\u00f6rande: Robert Wahlstr\u00f6m L\u00e4s mer Ledam\u00f6ter: Jonni Harrius L\u00e4s mer Hel\u00e9ne Thunberg L\u00e4s mer Lennart \u00c5berg L\u00e4s mer Peter Olofsson L\u00e4s mer Charlotte Gustafsson L\u00e4s mer Margoth Petersson L\u00e4s mer Annicki Oscarsson L\u00e4s mer Kass\u00f6r: Jonni Harrius L\u00e4s Read More","og_url":"https:\/\/wp.kristdemokraterna.se\/odeshog\/styrelsen\/","og_site_name":"\u00d6desh\u00f6g","article_modified_time":"2022-05-16T12:53:30+00:00","twitter_card":"summary_large_image","schema":{"@context":"https:\/\/schema.org","@graph":[{"@type":"WebPage","@id":"https:\/\/wp.kristdemokraterna.se\/odeshog\/styrelsen\/","url":"https:\/\/wp.kristdemokraterna.se\/odeshog\/styrelsen\/","name":"Partiavdelningen - \u00d6desh\u00f6g","isPartOf":{"@id":"https:\/\/wp.kristdemokraterna.se\/odeshog\/#website"},"datePublished":"2016-04-27T11:54:57+00:00","dateModified":"2022-05-16T12:53:30+00:00","breadcrumb":{"@id":"https:\/\/wp.kristdemokraterna.se\/odeshog\/styrelsen\/#breadcrumb"},"inLanguage":"sv-SE","potentialAction":[{"@type":"ReadAction","target":["https:\/\/wp.kristdemokraterna.se\/odeshog\/styrelsen\/"]}]},{"@type":"BreadcrumbList","@id":"https:\/\/wp.kristdemokraterna.se\/odeshog\/styrelsen\/#breadcrumb","itemListElement":[{"@type":"ListItem","position":1,"name":"Hem","item":"https:\/\/wp.kristdemokraterna.se\/odeshog\/"},{"@type":"ListItem","position":2,"name":"Partiavdelningen"}]},{"@type":"WebSite","@id":"https:\/\/wp.kristdemokraterna.se\/odeshog\/#website","url":"https:\/\/wp.kristdemokraterna.se\/odeshog\/","name":"\u00d6desh\u00f6g","description":"En till Kristdemokraterna webbplats","inLanguage":"sv-SE"}]}},"_links":{"self":[{"href":"https:\/\/wp.kristdemokraterna.se\/odeshog\/wp-json\/wp\/v2\/pages\/31","targetHints":{"allow":["GET"]}}],"collection":[{"href":"https:\/\/wp.kristdemokraterna.se\/odeshog\/wp-json\/wp\/v2\/pages"}],"about":[{"href":"https:\/\/wp.kristdemokraterna.se\/odeshog\/wp-json\/wp\/v2\/types\/page"}],"author":[{"embeddable":true,"href":"https:\/\/wp.kristdemokraterna.se\/odeshog\/wp-json\/wp\/v2\/users\/747"}],"replies":[{"embeddable":true,"href":"https:\/\/wp.kristdemokraterna.se\/odeshog\/wp-json\/wp\/v2\/comments?post=31"}],"version-history":[{"count":6,"href":"https:\/\/wp.kristdemokraterna.se\/odeshog\/wp-json\/wp\/v2\/pages\/31\/revisions"}],"predecessor-version":[{"id":922,"href":"https:\/\/wp.kristdemokraterna.se\/odeshog\/wp-json\/wp\/v2\/pages\/31\/revisions\/922"}],"wp:attachment":[{"href":"https:\/\/wp.kristdemokraterna.se\/odeshog\/wp-json\/wp\/v2\/media?parent=31"}],"curies":[{"name":"wp","href":"https:\/\/api.w.org\/{rel}","templated":true}]}}