{"id":40,"date":"2016-04-27T13:56:45","date_gmt":"2016-04-27T11:56:45","guid":{"rendered":"http:\/\/wp.kristdemokraterna.se\/odeshog2\/?page_id=40"},"modified":"2022-08-30T18:01:48","modified_gmt":"2022-08-30T16:01:48","slug":"i-kommunen","status":"publish","type":"page","link":"https:\/\/wp.kristdemokraterna.se\/odeshog\/i-kommunen\/","title":{"rendered":"I Kommunen"},"content":{"rendered":"<blockquote><p>Skolan och f\u00f6rskolan kommer st\u00e5 i centrum nu n\u00e4r vi ska bygga nya lokaler. Utbildnings- och arbetsmarknads- fr\u00e5gor b\u00e5de inom offentlig och privat verksamhet kommer vara viktiga. Fr\u00e5gor som krisberedskap, energi- och klimat kommer vara prioriterade. Att \u00d6desh\u00f6gs kommun \u00e4r attraktiv och arbetar f\u00f6r tillv\u00e4xt ser jag som viktigare \u00e4n n\u00e5gonsin f\u00f6r att fler ska vilja bo, leva och verka h\u00e4r. Det handlar bl.a. om att planera f\u00f6r fler bost\u00e4der och ny verksamhetsmark. Tillg\u00e5ng till bredband \u00e4r en annan viktig fr\u00e5ga f\u00f6r landsbygden. Vi vill forts\u00e4tta att arbeta f\u00f6r utbyggnad av fiber i kommunen. Jag ser positivt p\u00e5 framtiden och att vi politiker i kommunen kan arbeta tillsammans f\u00f6r kommunens b\u00e4sta. Vi kristdemokrater \u00e4r redo att forts\u00e4tta ta ansvar och skapa framtidstro f\u00f6r \u00d6desh\u00f6g.<\/p><\/blockquote>\n<p><a href=\"http:\/\/wp.kristdemokraterna.se\/odeshog\/files\/2022\/08\/valtidning-kd-o\u0308desho\u0308g-valet-2022.pdf\"><img loading=\"lazy\" decoding=\"async\" class=\"wp-image-1059 aligncenter\" src=\"http:\/\/wp.kristdemokraterna.se\/odeshog\/files\/2022\/08\/skarmbild-2022-08-30-174314.jpg\" alt=\"\" width=\"212\" height=\"301\" srcset=\"https:\/\/wp.kristdemokraterna.se\/odeshog\/files\/2022\/08\/skarmbild-2022-08-30-174314.jpg 529w, https:\/\/wp.kristdemokraterna.se\/odeshog\/files\/2022\/08\/skarmbild-2022-08-30-174314-212x300.jpg 212w, https:\/\/wp.kristdemokraterna.se\/odeshog\/files\/2022\/08\/skarmbild-2022-08-30-174314-141x200.jpg 141w, https:\/\/wp.kristdemokraterna.se\/odeshog\/files\/2022\/08\/skarmbild-2022-08-30-174314-370x525.jpg 370w, https:\/\/wp.kristdemokraterna.se\/odeshog\/files\/2022\/08\/skarmbild-2022-08-30-174314-450x638.jpg 450w, https:\/\/wp.kristdemokraterna.se\/odeshog\/files\/2022\/08\/skarmbild-2022-08-30-174314-280x397.jpg 280w, https:\/\/wp.kristdemokraterna.se\/odeshog\/files\/2022\/08\/skarmbild-2022-08-30-174314-340x482.jpg 340w, https:\/\/wp.kristdemokraterna.se\/odeshog\/files\/2022\/08\/skarmbild-2022-08-30-174314-39x56.jpg 39w\" sizes=\"auto, (max-width: 212px) 100vw, 212px\" \/><\/a><\/p>\n","protected":false},"excerpt":{"rendered":"<p>Skolan och f\u00f6rskolan kommer st\u00e5 i centrum nu n\u00e4r vi ska bygga nya lokaler. Utbildnings- och arbetsmarknads- fr\u00e5gor b\u00e5de inom offentlig och privat verksamhet kommer vara viktiga. Fr\u00e5gor som krisberedskap, energi- och klimat kommer vara prioriterade. Att \u00d6desh\u00f6gs kommun \u00e4r attraktiv och arbetar f\u00f6r tillv\u00e4xt ser jag som viktigare \u00e4n n\u00e5gonsin f\u00f6r att fler ska <a class=\"read-more-link\" href=\"https:\/\/wp.kristdemokraterna.se\/odeshog\/i-kommunen\/\">Read More<\/a><\/p>\n","protected":false},"author":747,"featured_media":0,"parent":0,"menu_order":7,"comment_status":"closed","ping_status":"closed","template":"","meta":{"_acf_changed":false,"footnotes":""},"class_list":["post-40","page","type-page","status-publish","hentry"],"acf":[],"yoast_head":"<!-- This site is optimized with the Yoast SEO plugin v27.4 - https:\/\/yoast.com\/product\/yoast-seo-wordpress\/ -->\n<title>I Kommunen - \u00d6desh\u00f6g<\/title>\n<meta name=\"robots\" content=\"index, follow, max-snippet:-1, max-image-preview:large, max-video-preview:-1\" \/>\n<link rel=\"canonical\" href=\"https:\/\/wp.kristdemokraterna.se\/odeshog\/i-kommunen\/\" \/>\n<meta property=\"og:locale\" content=\"sv_SE\" \/>\n<meta property=\"og:type\" content=\"article\" \/>\n<meta property=\"og:title\" content=\"I Kommunen - \u00d6desh\u00f6g\" \/>\n<meta property=\"og:description\" content=\"Skolan och f\u00f6rskolan kommer st\u00e5 i centrum nu n\u00e4r vi ska bygga nya lokaler. Utbildnings- och arbetsmarknads- fr\u00e5gor b\u00e5de inom offentlig och privat verksamhet kommer vara viktiga. Fr\u00e5gor som krisberedskap, energi- och klimat kommer vara prioriterade. Att \u00d6desh\u00f6gs kommun \u00e4r attraktiv och arbetar f\u00f6r tillv\u00e4xt ser jag som viktigare \u00e4n n\u00e5gonsin f\u00f6r att fler ska Read More\" \/>\n<meta property=\"og:url\" content=\"https:\/\/wp.kristdemokraterna.se\/odeshog\/i-kommunen\/\" \/>\n<meta property=\"og:site_name\" content=\"\u00d6desh\u00f6g\" \/>\n<meta property=\"article:modified_time\" content=\"2022-08-30T16:01:48+00:00\" \/>\n<meta property=\"og:image\" content=\"http:\/\/wp.kristdemokraterna.se\/odeshog\/files\/2022\/08\/skarmbild-2022-08-30-174314.jpg\" \/>\n<meta name=\"twitter:card\" content=\"summary_large_image\" \/>\n<meta name=\"twitter:label1\" content=\"Ber\u00e4knad l\u00e4stid\" \/>\n\t<meta name=\"twitter:data1\" content=\"1 minut\" \/>\n<script type=\"application\/ld+json\" class=\"yoast-schema-graph\">{\"@context\":\"https:\\\/\\\/schema.org\",\"@graph\":[{\"@type\":\"WebPage\",\"@id\":\"https:\\\/\\\/wp.kristdemokraterna.se\\\/odeshog\\\/i-kommunen\\\/\",\"url\":\"https:\\\/\\\/wp.kristdemokraterna.se\\\/odeshog\\\/i-kommunen\\\/\",\"name\":\"I Kommunen - \u00d6desh\u00f6g\",\"isPartOf\":{\"@id\":\"https:\\\/\\\/wp.kristdemokraterna.se\\\/odeshog\\\/#website\"},\"primaryImageOfPage\":{\"@id\":\"https:\\\/\\\/wp.kristdemokraterna.se\\\/odeshog\\\/i-kommunen\\\/#primaryimage\"},\"image\":{\"@id\":\"https:\\\/\\\/wp.kristdemokraterna.se\\\/odeshog\\\/i-kommunen\\\/#primaryimage\"},\"thumbnailUrl\":\"http:\\\/\\\/wp.kristdemokraterna.se\\\/odeshog\\\/files\\\/2022\\\/08\\\/skarmbild-2022-08-30-174314.jpg\",\"datePublished\":\"2016-04-27T11:56:45+00:00\",\"dateModified\":\"2022-08-30T16:01:48+00:00\",\"breadcrumb\":{\"@id\":\"https:\\\/\\\/wp.kristdemokraterna.se\\\/odeshog\\\/i-kommunen\\\/#breadcrumb\"},\"inLanguage\":\"sv-SE\",\"potentialAction\":[{\"@type\":\"ReadAction\",\"target\":[\"https:\\\/\\\/wp.kristdemokraterna.se\\\/odeshog\\\/i-kommunen\\\/\"]}]},{\"@type\":\"ImageObject\",\"inLanguage\":\"sv-SE\",\"@id\":\"https:\\\/\\\/wp.kristdemokraterna.se\\\/odeshog\\\/i-kommunen\\\/#primaryimage\",\"url\":\"http:\\\/\\\/wp.kristdemokraterna.se\\\/odeshog\\\/files\\\/2022\\\/08\\\/skarmbild-2022-08-30-174314.jpg\",\"contentUrl\":\"http:\\\/\\\/wp.kristdemokraterna.se\\\/odeshog\\\/files\\\/2022\\\/08\\\/skarmbild-2022-08-30-174314.jpg\"},{\"@type\":\"BreadcrumbList\",\"@id\":\"https:\\\/\\\/wp.kristdemokraterna.se\\\/odeshog\\\/i-kommunen\\\/#breadcrumb\",\"itemListElement\":[{\"@type\":\"ListItem\",\"position\":1,\"name\":\"Hem\",\"item\":\"https:\\\/\\\/wp.kristdemokraterna.se\\\/odeshog\\\/\"},{\"@type\":\"ListItem\",\"position\":2,\"name\":\"I Kommunen\"}]},{\"@type\":\"WebSite\",\"@id\":\"https:\\\/\\\/wp.kristdemokraterna.se\\\/odeshog\\\/#website\",\"url\":\"https:\\\/\\\/wp.kristdemokraterna.se\\\/odeshog\\\/\",\"name\":\"\u00d6desh\u00f6g\",\"description\":\"En till Kristdemokraterna webbplats\",\"inLanguage\":\"sv-SE\"}]}<\/script>\n<!-- \/ Yoast SEO plugin. -->","yoast_head_json":{"title":"I Kommunen - \u00d6desh\u00f6g","robots":{"index":"index","follow":"follow","max-snippet":"max-snippet:-1","max-image-preview":"max-image-preview:large","max-video-preview":"max-video-preview:-1"},"canonical":"https:\/\/wp.kristdemokraterna.se\/odeshog\/i-kommunen\/","og_locale":"sv_SE","og_type":"article","og_title":"I Kommunen - \u00d6desh\u00f6g","og_description":"Skolan och f\u00f6rskolan kommer st\u00e5 i centrum nu n\u00e4r vi ska bygga nya lokaler. Utbildnings- och arbetsmarknads- fr\u00e5gor b\u00e5de inom offentlig och privat verksamhet kommer vara viktiga. Fr\u00e5gor som krisberedskap, energi- och klimat kommer vara prioriterade. Att \u00d6desh\u00f6gs kommun \u00e4r attraktiv och arbetar f\u00f6r tillv\u00e4xt ser jag som viktigare \u00e4n n\u00e5gonsin f\u00f6r att fler ska Read More","og_url":"https:\/\/wp.kristdemokraterna.se\/odeshog\/i-kommunen\/","og_site_name":"\u00d6desh\u00f6g","article_modified_time":"2022-08-30T16:01:48+00:00","og_image":[{"url":"http:\/\/wp.kristdemokraterna.se\/odeshog\/files\/2022\/08\/skarmbild-2022-08-30-174314.jpg","type":"","width":"","height":""}],"twitter_card":"summary_large_image","twitter_misc":{"Ber\u00e4knad l\u00e4stid":"1 minut"},"schema":{"@context":"https:\/\/schema.org","@graph":[{"@type":"WebPage","@id":"https:\/\/wp.kristdemokraterna.se\/odeshog\/i-kommunen\/","url":"https:\/\/wp.kristdemokraterna.se\/odeshog\/i-kommunen\/","name":"I Kommunen - \u00d6desh\u00f6g","isPartOf":{"@id":"https:\/\/wp.kristdemokraterna.se\/odeshog\/#website"},"primaryImageOfPage":{"@id":"https:\/\/wp.kristdemokraterna.se\/odeshog\/i-kommunen\/#primaryimage"},"image":{"@id":"https:\/\/wp.kristdemokraterna.se\/odeshog\/i-kommunen\/#primaryimage"},"thumbnailUrl":"http:\/\/wp.kristdemokraterna.se\/odeshog\/files\/2022\/08\/skarmbild-2022-08-30-174314.jpg","datePublished":"2016-04-27T11:56:45+00:00","dateModified":"2022-08-30T16:01:48+00:00","breadcrumb":{"@id":"https:\/\/wp.kristdemokraterna.se\/odeshog\/i-kommunen\/#breadcrumb"},"inLanguage":"sv-SE","potentialAction":[{"@type":"ReadAction","target":["https:\/\/wp.kristdemokraterna.se\/odeshog\/i-kommunen\/"]}]},{"@type":"ImageObject","inLanguage":"sv-SE","@id":"https:\/\/wp.kristdemokraterna.se\/odeshog\/i-kommunen\/#primaryimage","url":"http:\/\/wp.kristdemokraterna.se\/odeshog\/files\/2022\/08\/skarmbild-2022-08-30-174314.jpg","contentUrl":"http:\/\/wp.kristdemokraterna.se\/odeshog\/files\/2022\/08\/skarmbild-2022-08-30-174314.jpg"},{"@type":"BreadcrumbList","@id":"https:\/\/wp.kristdemokraterna.se\/odeshog\/i-kommunen\/#breadcrumb","itemListElement":[{"@type":"ListItem","position":1,"name":"Hem","item":"https:\/\/wp.kristdemokraterna.se\/odeshog\/"},{"@type":"ListItem","position":2,"name":"I Kommunen"}]},{"@type":"WebSite","@id":"https:\/\/wp.kristdemokraterna.se\/odeshog\/#website","url":"https:\/\/wp.kristdemokraterna.se\/odeshog\/","name":"\u00d6desh\u00f6g","description":"En till Kristdemokraterna webbplats","inLanguage":"sv-SE"}]}},"_links":{"self":[{"href":"https:\/\/wp.kristdemokraterna.se\/odeshog\/wp-json\/wp\/v2\/pages\/40","targetHints":{"allow":["GET"]}}],"collection":[{"href":"https:\/\/wp.kristdemokraterna.se\/odeshog\/wp-json\/wp\/v2\/pages"}],"about":[{"href":"https:\/\/wp.kristdemokraterna.se\/odeshog\/wp-json\/wp\/v2\/types\/page"}],"author":[{"embeddable":true,"href":"https:\/\/wp.kristdemokraterna.se\/odeshog\/wp-json\/wp\/v2\/users\/747"}],"replies":[{"embeddable":true,"href":"https:\/\/wp.kristdemokraterna.se\/odeshog\/wp-json\/wp\/v2\/comments?post=40"}],"version-history":[{"count":8,"href":"https:\/\/wp.kristdemokraterna.se\/odeshog\/wp-json\/wp\/v2\/pages\/40\/revisions"}],"predecessor-version":[{"id":1062,"href":"https:\/\/wp.kristdemokraterna.se\/odeshog\/wp-json\/wp\/v2\/pages\/40\/revisions\/1062"}],"wp:attachment":[{"href":"https:\/\/wp.kristdemokraterna.se\/odeshog\/wp-json\/wp\/v2\/media?parent=40"}],"curies":[{"name":"wp","href":"https:\/\/api.w.org\/{rel}","templated":true}]}}

<blockquote><p>Skolan och förskolan kommer stå i centrum nu när vi ska bygga nya lokaler. Utbildnings- och arbetsmarknads- frågor både inom offentlig och privat verksamhet kommer vara viktiga. Frågor som krisberedskap, energi- och klimat kommer vara prioriterade. Att Ödeshögs kommun är attraktiv och arbetar för tillväxt ser jag som viktigare än någonsin för att fler ska vilja bo, leva och verka här. Det handlar bl.a. om att planera för fler bostäder och ny verksamhetsmark. Tillgång till bredband är en annan viktig fråga för landsbygden. Vi vill fortsätta att arbeta för utbyggnad av fiber i kommunen. Jag ser positivt på framtiden och att vi politiker i kommunen kan arbeta tillsammans för kommunens bästa. Vi kristdemokrater är redo att fortsätta ta ansvar och skapa framtidstro för Ödeshög.</p></blockquote>
<p><a href="http://wp.kristdemokraterna.se/odeshog/files/2022/08/valtidning-kd-ödeshög-valet-2022.pdf"><img loading="lazy" decoding="async" class="wp-image-1059 aligncenter" src="http://wp.kristdemokraterna.se/odeshog/files/2022/08/skarmbild-2022-08-30-174314.jpg" alt="" width="212" height="301" srcset="https://wp.kristdemokraterna.se/odeshog/files/2022/08/skarmbild-2022-08-30-174314.jpg 529w, https://wp.kristdemokraterna.se/odeshog/files/2022/08/skarmbild-2022-08-30-174314-212x300.jpg 212w, https://wp.kristdemokraterna.se/odeshog/files/2022/08/skarmbild-2022-08-30-174314-141x200.jpg 141w, https://wp.kristdemokraterna.se/odeshog/files/2022/08/skarmbild-2022-08-30-174314-370x525.jpg 370w, https://wp.kristdemokraterna.se/odeshog/files/2022/08/skarmbild-2022-08-30-174314-450x638.jpg 450w, https://wp.kristdemokraterna.se/odeshog/files/2022/08/skarmbild-2022-08-30-174314-280x397.jpg 280w, https://wp.kristdemokraterna.se/odeshog/files/2022/08/skarmbild-2022-08-30-174314-340x482.jpg 340w, https://wp.kristdemokraterna.se/odeshog/files/2022/08/skarmbild-2022-08-30-174314-39x56.jpg 39w" sizes="auto, (max-width: 212px) 100vw, 212px" /></a></p>

<p>Skolan och förskolan kommer stå i centrum nu när vi ska bygga nya lokaler. Utbildnings- och arbetsmarknads- frågor både inom offentlig och privat verksamhet kommer vara viktiga. Frågor som krisberedskap, energi- och klimat kommer vara prioriterade. Att Ödeshögs kommun är attraktiv och arbetar för tillväxt ser jag som viktigare än någonsin för att fler ska <a class="read-more-link" href="https://wp.kristdemokraterna.se/odeshog/i-kommunen/">Read More</a></p>

<!-- This site is optimized with the Yoast SEO plugin v27.4 - https://yoast.com/product/yoast-seo-wordpress/ -->
<title>I Kommunen - Ödeshög</title>
<meta name="robots" content="index, follow, max-snippet:-1, max-image-preview:large, max-video-preview:-1" />
<link rel="canonical" href="https://wp.kristdemokraterna.se/odeshog/i-kommunen/" />
<meta property="og:locale" content="sv_SE" />
<meta property="og:type" content="article" />
<meta property="og:title" content="I Kommunen - Ödeshög" />
<meta property="og:description" content="Skolan och förskolan kommer stå i centrum nu när vi ska bygga nya lokaler. Utbildnings- och arbetsmarknads- frågor både inom offentlig och privat verksamhet kommer vara viktiga. Frågor som krisberedskap, energi- och klimat kommer vara prioriterade. Att Ödeshögs kommun är attraktiv och arbetar för tillväxt ser jag som viktigare än någonsin för att fler ska Read More" />
<meta property="og:url" content="https://wp.kristdemokraterna.se/odeshog/i-kommunen/" />
<meta property="og:site_name" content="Ödeshög" />
<meta property="article:modified_time" content="2022-08-30T16:01:48+00:00" />
<meta property="og:image" content="http://wp.kristdemokraterna.se/odeshog/files/2022/08/skarmbild-2022-08-30-174314.jpg" />
<meta name="twitter:card" content="summary_large_image" />
<meta name="twitter:label1" content="Beräknad lästid" />
	<meta name="twitter:data1" content="1 minut" />
<script type="application/ld+json" class="yoast-schema-graph">{"@context":"https:\/\/schema.org","@graph":[{"@type":"WebPage","@id":"https:\/\/wp.kristdemokraterna.se\/odeshog\/i-kommunen\/","url":"https:\/\/wp.kristdemokraterna.se\/odeshog\/i-kommunen\/","name":"I Kommunen - Ödeshög","isPartOf":{"@id":"https:\/\/wp.kristdemokraterna.se\/odeshog\/#website"},"primaryImageOfPage":{"@id":"https:\/\/wp.kristdemokraterna.se\/odeshog\/i-kommunen\/#primaryimage"},"image":{"@id":"https:\/\/wp.kristdemokraterna.se\/odeshog\/i-kommunen\/#primaryimage"},"thumbnailUrl":"http:\/\/wp.kristdemokraterna.se\/odeshog\/files\/2022\/08\/skarmbild-2022-08-30-174314.jpg","datePublished":"2016-04-27T11:56:45+00:00","dateModified":"2022-08-30T16:01:48+00:00","breadcrumb":{"@id":"https:\/\/wp.kristdemokraterna.se\/odeshog\/i-kommunen\/#breadcrumb"},"inLanguage":"sv-SE","potentialAction":[{"@type":"ReadAction","target":["https:\/\/wp.kristdemokraterna.se\/odeshog\/i-kommunen\/"]}]},{"@type":"ImageObject","inLanguage":"sv-SE","@id":"https:\/\/wp.kristdemokraterna.se\/odeshog\/i-kommunen\/#primaryimage","url":"http:\/\/wp.kristdemokraterna.se\/odeshog\/files\/2022\/08\/skarmbild-2022-08-30-174314.jpg","contentUrl":"http:\/\/wp.kristdemokraterna.se\/odeshog\/files\/2022\/08\/skarmbild-2022-08-30-174314.jpg"},{"@type":"BreadcrumbList","@id":"https:\/\/wp.kristdemokraterna.se\/odeshog\/i-kommunen\/#breadcrumb","itemListElement":[{"@type":"ListItem","position":1,"name":"Hem","item":"https:\/\/wp.kristdemokraterna.se\/odeshog\/"},{"@type":"ListItem","position":2,"name":"I Kommunen"}]},{"@type":"WebSite","@id":"https:\/\/wp.kristdemokraterna.se\/odeshog\/#website","url":"https:\/\/wp.kristdemokraterna.se\/odeshog\/","name":"Ödeshög","description":"En till Kristdemokraterna webbplats","inLanguage":"sv-SE"}]}</script>
<!-- / Yoast SEO plugin. -->

I Kommunen - Ödeshög

Skolan och förskolan kommer stå i centrum nu när vi ska bygga nya lokaler. Utbildnings- och arbetsmarknads- frågor både inom offentlig och privat verksamhet kommer vara viktiga. Frågor som krisberedskap, energi- och klimat kommer vara prioriterade. Att Ödeshögs kommun är attraktiv och arbetar för tillväxt ser jag som viktigare än någonsin för att fler ska Read More

Ödeshög
