{"id":595,"date":"2022-05-11T10:46:57","date_gmt":"2022-05-11T08:46:57","guid":{"rendered":"https:\/\/wp.kristdemokraterna.se\/odeshog\/?page_id=595"},"modified":"2022-07-08T10:57:35","modified_gmt":"2022-07-08T08:57:35","slug":"kd-odeshog","status":"publish","type":"page","link":"https:\/\/wp.kristdemokraterna.se\/odeshog\/kd-odeshog\/","title":{"rendered":"KD \u00d6desh\u00f6g"},"content":{"rendered":"<p><a href=\"http:\/\/wp.kristdemokraterna.se\/odeshog\/files\/2022\/07\/gruppbild_4411-scaled.jpg\"><img loading=\"lazy\" decoding=\"async\" class=\"alignnone size-large wp-image-943\" src=\"http:\/\/wp.kristdemokraterna.se\/odeshog\/files\/2022\/07\/gruppbild_4411-1024x630.jpg\" alt=\"\" width=\"1024\" height=\"630\" srcset=\"https:\/\/wp.kristdemokraterna.se\/odeshog\/files\/2022\/07\/gruppbild_4411-1024x630.jpg 1024w, https:\/\/wp.kristdemokraterna.se\/odeshog\/files\/2022\/07\/gruppbild_4411-300x184.jpg 300w, https:\/\/wp.kristdemokraterna.se\/odeshog\/files\/2022\/07\/gruppbild_4411-768x472.jpg 768w, https:\/\/wp.kristdemokraterna.se\/odeshog\/files\/2022\/07\/gruppbild_4411-1536x944.jpg 1536w, https:\/\/wp.kristdemokraterna.se\/odeshog\/files\/2022\/07\/gruppbild_4411-2048x1259.jpg 2048w, https:\/\/wp.kristdemokraterna.se\/odeshog\/files\/2022\/07\/gruppbild_4411-325x200.jpg 325w, https:\/\/wp.kristdemokraterna.se\/odeshog\/files\/2022\/07\/gruppbild_4411-370x227.jpg 370w, https:\/\/wp.kristdemokraterna.se\/odeshog\/files\/2022\/07\/gruppbild_4411-770x473.jpg 770w, https:\/\/wp.kristdemokraterna.se\/odeshog\/files\/2022\/07\/gruppbild_4411-450x277.jpg 450w, https:\/\/wp.kristdemokraterna.se\/odeshog\/files\/2022\/07\/gruppbild_4411-280x172.jpg 280w, https:\/\/wp.kristdemokraterna.se\/odeshog\/files\/2022\/07\/gruppbild_4411-340x209.jpg 340w, https:\/\/wp.kristdemokraterna.se\/odeshog\/files\/2022\/07\/gruppbild_4411-200x123.jpg 200w, https:\/\/wp.kristdemokraterna.se\/odeshog\/files\/2022\/07\/gruppbild_4411-91x56.jpg 91w\" sizes=\"auto, (max-width: 1024px) 100vw, 1024px\" \/><\/a><\/p>\n<p>N\u00e5gra av medlemmarna som st\u00e4ller upp i \u00e5rets val.<\/p>\n","protected":false},"excerpt":{"rendered":"<p>N\u00e5gra av medlemmarna som st\u00e4ller upp i \u00e5rets val.<\/p>\n","protected":false},"author":747,"featured_media":0,"parent":0,"menu_order":0,"comment_status":"closed","ping_status":"closed","template":"","meta":{"_acf_changed":false,"footnotes":""},"class_list":["post-595","page","type-page","status-publish","hentry"],"acf":[],"yoast_head":"<!-- This site is optimized with the Yoast SEO plugin v27.4 - https:\/\/yoast.com\/product\/yoast-seo-wordpress\/ -->\n<title>KD \u00d6desh\u00f6g - \u00d6desh\u00f6g<\/title>\n<meta name=\"robots\" content=\"index, follow, max-snippet:-1, max-image-preview:large, max-video-preview:-1\" \/>\n<link rel=\"canonical\" href=\"https:\/\/wp.kristdemokraterna.se\/odeshog\/kd-odeshog\/\" \/>\n<meta property=\"og:locale\" content=\"sv_SE\" \/>\n<meta property=\"og:type\" content=\"article\" \/>\n<meta property=\"og:title\" content=\"KD \u00d6desh\u00f6g - \u00d6desh\u00f6g\" \/>\n<meta property=\"og:description\" content=\"N\u00e5gra av medlemmarna som st\u00e4ller upp i \u00e5rets val.\" \/>\n<meta property=\"og:url\" content=\"https:\/\/wp.kristdemokraterna.se\/odeshog\/kd-odeshog\/\" \/>\n<meta property=\"og:site_name\" content=\"\u00d6desh\u00f6g\" \/>\n<meta property=\"article:modified_time\" content=\"2022-07-08T08:57:35+00:00\" \/>\n<meta property=\"og:image\" content=\"http:\/\/wp.kristdemokraterna.se\/odeshog\/files\/2022\/07\/gruppbild_4411-1024x630.jpg\" \/>\n<meta name=\"twitter:card\" content=\"summary_large_image\" \/>\n<script type=\"application\/ld+json\" class=\"yoast-schema-graph\">{\"@context\":\"https:\\\/\\\/schema.org\",\"@graph\":[{\"@type\":\"WebPage\",\"@id\":\"https:\\\/\\\/wp.kristdemokraterna.se\\\/odeshog\\\/kd-odeshog\\\/\",\"url\":\"https:\\\/\\\/wp.kristdemokraterna.se\\\/odeshog\\\/kd-odeshog\\\/\",\"name\":\"KD \u00d6desh\u00f6g - \u00d6desh\u00f6g\",\"isPartOf\":{\"@id\":\"https:\\\/\\\/wp.kristdemokraterna.se\\\/odeshog\\\/#website\"},\"primaryImageOfPage\":{\"@id\":\"https:\\\/\\\/wp.kristdemokraterna.se\\\/odeshog\\\/kd-odeshog\\\/#primaryimage\"},\"image\":{\"@id\":\"https:\\\/\\\/wp.kristdemokraterna.se\\\/odeshog\\\/kd-odeshog\\\/#primaryimage\"},\"thumbnailUrl\":\"http:\\\/\\\/wp.kristdemokraterna.se\\\/odeshog\\\/files\\\/2022\\\/07\\\/gruppbild_4411-1024x630.jpg\",\"datePublished\":\"2022-05-11T08:46:57+00:00\",\"dateModified\":\"2022-07-08T08:57:35+00:00\",\"breadcrumb\":{\"@id\":\"https:\\\/\\\/wp.kristdemokraterna.se\\\/odeshog\\\/kd-odeshog\\\/#breadcrumb\"},\"inLanguage\":\"sv-SE\",\"potentialAction\":[{\"@type\":\"ReadAction\",\"target\":[\"https:\\\/\\\/wp.kristdemokraterna.se\\\/odeshog\\\/kd-odeshog\\\/\"]}]},{\"@type\":\"ImageObject\",\"inLanguage\":\"sv-SE\",\"@id\":\"https:\\\/\\\/wp.kristdemokraterna.se\\\/odeshog\\\/kd-odeshog\\\/#primaryimage\",\"url\":\"http:\\\/\\\/wp.kristdemokraterna.se\\\/odeshog\\\/files\\\/2022\\\/07\\\/gruppbild_4411-1024x630.jpg\",\"contentUrl\":\"http:\\\/\\\/wp.kristdemokraterna.se\\\/odeshog\\\/files\\\/2022\\\/07\\\/gruppbild_4411-1024x630.jpg\"},{\"@type\":\"BreadcrumbList\",\"@id\":\"https:\\\/\\\/wp.kristdemokraterna.se\\\/odeshog\\\/kd-odeshog\\\/#breadcrumb\",\"itemListElement\":[{\"@type\":\"ListItem\",\"position\":1,\"name\":\"Hem\",\"item\":\"https:\\\/\\\/wp.kristdemokraterna.se\\\/odeshog\\\/\"},{\"@type\":\"ListItem\",\"position\":2,\"name\":\"KD \u00d6desh\u00f6g\"}]},{\"@type\":\"WebSite\",\"@id\":\"https:\\\/\\\/wp.kristdemokraterna.se\\\/odeshog\\\/#website\",\"url\":\"https:\\\/\\\/wp.kristdemokraterna.se\\\/odeshog\\\/\",\"name\":\"\u00d6desh\u00f6g\",\"description\":\"En till Kristdemokraterna webbplats\",\"inLanguage\":\"sv-SE\"}]}<\/script>\n<!-- \/ Yoast SEO plugin. -->","yoast_head_json":{"title":"KD \u00d6desh\u00f6g - \u00d6desh\u00f6g","robots":{"index":"index","follow":"follow","max-snippet":"max-snippet:-1","max-image-preview":"max-image-preview:large","max-video-preview":"max-video-preview:-1"},"canonical":"https:\/\/wp.kristdemokraterna.se\/odeshog\/kd-odeshog\/","og_locale":"sv_SE","og_type":"article","og_title":"KD \u00d6desh\u00f6g - \u00d6desh\u00f6g","og_description":"N\u00e5gra av medlemmarna som st\u00e4ller upp i \u00e5rets val.","og_url":"https:\/\/wp.kristdemokraterna.se\/odeshog\/kd-odeshog\/","og_site_name":"\u00d6desh\u00f6g","article_modified_time":"2022-07-08T08:57:35+00:00","og_image":[{"url":"http:\/\/wp.kristdemokraterna.se\/odeshog\/files\/2022\/07\/gruppbild_4411-1024x630.jpg","type":"","width":"","height":""}],"twitter_card":"summary_large_image","schema":{"@context":"https:\/\/schema.org","@graph":[{"@type":"WebPage","@id":"https:\/\/wp.kristdemokraterna.se\/odeshog\/kd-odeshog\/","url":"https:\/\/wp.kristdemokraterna.se\/odeshog\/kd-odeshog\/","name":"KD \u00d6desh\u00f6g - \u00d6desh\u00f6g","isPartOf":{"@id":"https:\/\/wp.kristdemokraterna.se\/odeshog\/#website"},"primaryImageOfPage":{"@id":"https:\/\/wp.kristdemokraterna.se\/odeshog\/kd-odeshog\/#primaryimage"},"image":{"@id":"https:\/\/wp.kristdemokraterna.se\/odeshog\/kd-odeshog\/#primaryimage"},"thumbnailUrl":"http:\/\/wp.kristdemokraterna.se\/odeshog\/files\/2022\/07\/gruppbild_4411-1024x630.jpg","datePublished":"2022-05-11T08:46:57+00:00","dateModified":"2022-07-08T08:57:35+00:00","breadcrumb":{"@id":"https:\/\/wp.kristdemokraterna.se\/odeshog\/kd-odeshog\/#breadcrumb"},"inLanguage":"sv-SE","potentialAction":[{"@type":"ReadAction","target":["https:\/\/wp.kristdemokraterna.se\/odeshog\/kd-odeshog\/"]}]},{"@type":"ImageObject","inLanguage":"sv-SE","@id":"https:\/\/wp.kristdemokraterna.se\/odeshog\/kd-odeshog\/#primaryimage","url":"http:\/\/wp.kristdemokraterna.se\/odeshog\/files\/2022\/07\/gruppbild_4411-1024x630.jpg","contentUrl":"http:\/\/wp.kristdemokraterna.se\/odeshog\/files\/2022\/07\/gruppbild_4411-1024x630.jpg"},{"@type":"BreadcrumbList","@id":"https:\/\/wp.kristdemokraterna.se\/odeshog\/kd-odeshog\/#breadcrumb","itemListElement":[{"@type":"ListItem","position":1,"name":"Hem","item":"https:\/\/wp.kristdemokraterna.se\/odeshog\/"},{"@type":"ListItem","position":2,"name":"KD \u00d6desh\u00f6g"}]},{"@type":"WebSite","@id":"https:\/\/wp.kristdemokraterna.se\/odeshog\/#website","url":"https:\/\/wp.kristdemokraterna.se\/odeshog\/","name":"\u00d6desh\u00f6g","description":"En till Kristdemokraterna webbplats","inLanguage":"sv-SE"}]}},"_links":{"self":[{"href":"https:\/\/wp.kristdemokraterna.se\/odeshog\/wp-json\/wp\/v2\/pages\/595","targetHints":{"allow":["GET"]}}],"collection":[{"href":"https:\/\/wp.kristdemokraterna.se\/odeshog\/wp-json\/wp\/v2\/pages"}],"about":[{"href":"https:\/\/wp.kristdemokraterna.se\/odeshog\/wp-json\/wp\/v2\/types\/page"}],"author":[{"embeddable":true,"href":"https:\/\/wp.kristdemokraterna.se\/odeshog\/wp-json\/wp\/v2\/users\/747"}],"replies":[{"embeddable":true,"href":"https:\/\/wp.kristdemokraterna.se\/odeshog\/wp-json\/wp\/v2\/comments?post=595"}],"version-history":[{"count":7,"href":"https:\/\/wp.kristdemokraterna.se\/odeshog\/wp-json\/wp\/v2\/pages\/595\/revisions"}],"predecessor-version":[{"id":1000,"href":"https:\/\/wp.kristdemokraterna.se\/odeshog\/wp-json\/wp\/v2\/pages\/595\/revisions\/1000"}],"wp:attachment":[{"href":"https:\/\/wp.kristdemokraterna.se\/odeshog\/wp-json\/wp\/v2\/media?parent=595"}],"curies":[{"name":"wp","href":"https:\/\/api.w.org\/{rel}","templated":true}]}}

KD Ödeshög

<p><a href="http://wp.kristdemokraterna.se/odeshog/files/2022/07/gruppbild_4411-scaled.jpg"><img loading="lazy" decoding="async" class="alignnone size-large wp-image-943" src="http://wp.kristdemokraterna.se/odeshog/files/2022/07/gruppbild_4411-1024x630.jpg" alt="" width="1024" height="630" srcset="https://wp.kristdemokraterna.se/odeshog/files/2022/07/gruppbild_4411-1024x630.jpg 1024w, https://wp.kristdemokraterna.se/odeshog/files/2022/07/gruppbild_4411-300x184.jpg 300w, https://wp.kristdemokraterna.se/odeshog/files/2022/07/gruppbild_4411-768x472.jpg 768w, https://wp.kristdemokraterna.se/odeshog/files/2022/07/gruppbild_4411-1536x944.jpg 1536w, https://wp.kristdemokraterna.se/odeshog/files/2022/07/gruppbild_4411-2048x1259.jpg 2048w, https://wp.kristdemokraterna.se/odeshog/files/2022/07/gruppbild_4411-325x200.jpg 325w, https://wp.kristdemokraterna.se/odeshog/files/2022/07/gruppbild_4411-370x227.jpg 370w, https://wp.kristdemokraterna.se/odeshog/files/2022/07/gruppbild_4411-770x473.jpg 770w, https://wp.kristdemokraterna.se/odeshog/files/2022/07/gruppbild_4411-450x277.jpg 450w, https://wp.kristdemokraterna.se/odeshog/files/2022/07/gruppbild_4411-280x172.jpg 280w, https://wp.kristdemokraterna.se/odeshog/files/2022/07/gruppbild_4411-340x209.jpg 340w, https://wp.kristdemokraterna.se/odeshog/files/2022/07/gruppbild_4411-200x123.jpg 200w, https://wp.kristdemokraterna.se/odeshog/files/2022/07/gruppbild_4411-91x56.jpg 91w" sizes="auto, (max-width: 1024px) 100vw, 1024px" /></a></p>
<p>Några av medlemmarna som ställer upp i årets val.</p>

<p>Några av medlemmarna som ställer upp i årets val.</p>

<!-- This site is optimized with the Yoast SEO plugin v27.4 - https://yoast.com/product/yoast-seo-wordpress/ -->
<title>KD Ödeshög - Ödeshög</title>
<meta name="robots" content="index, follow, max-snippet:-1, max-image-preview:large, max-video-preview:-1" />
<link rel="canonical" href="https://wp.kristdemokraterna.se/odeshog/kd-odeshog/" />
<meta property="og:locale" content="sv_SE" />
<meta property="og:type" content="article" />
<meta property="og:title" content="KD Ödeshög - Ödeshög" />
<meta property="og:description" content="Några av medlemmarna som ställer upp i årets val." />
<meta property="og:url" content="https://wp.kristdemokraterna.se/odeshog/kd-odeshog/" />
<meta property="og:site_name" content="Ödeshög" />
<meta property="article:modified_time" content="2022-07-08T08:57:35+00:00" />
<meta property="og:image" content="http://wp.kristdemokraterna.se/odeshog/files/2022/07/gruppbild_4411-1024x630.jpg" />
<meta name="twitter:card" content="summary_large_image" />
<script type="application/ld+json" class="yoast-schema-graph">{"@context":"https:\/\/schema.org","@graph":[{"@type":"WebPage","@id":"https:\/\/wp.kristdemokraterna.se\/odeshog\/kd-odeshog\/","url":"https:\/\/wp.kristdemokraterna.se\/odeshog\/kd-odeshog\/","name":"KD Ödeshög - Ödeshög","isPartOf":{"@id":"https:\/\/wp.kristdemokraterna.se\/odeshog\/#website"},"primaryImageOfPage":{"@id":"https:\/\/wp.kristdemokraterna.se\/odeshog\/kd-odeshog\/#primaryimage"},"image":{"@id":"https:\/\/wp.kristdemokraterna.se\/odeshog\/kd-odeshog\/#primaryimage"},"thumbnailUrl":"http:\/\/wp.kristdemokraterna.se\/odeshog\/files\/2022\/07\/gruppbild_4411-1024x630.jpg","datePublished":"2022-05-11T08:46:57+00:00","dateModified":"2022-07-08T08:57:35+00:00","breadcrumb":{"@id":"https:\/\/wp.kristdemokraterna.se\/odeshog\/kd-odeshog\/#breadcrumb"},"inLanguage":"sv-SE","potentialAction":[{"@type":"ReadAction","target":["https:\/\/wp.kristdemokraterna.se\/odeshog\/kd-odeshog\/"]}]},{"@type":"ImageObject","inLanguage":"sv-SE","@id":"https:\/\/wp.kristdemokraterna.se\/odeshog\/kd-odeshog\/#primaryimage","url":"http:\/\/wp.kristdemokraterna.se\/odeshog\/files\/2022\/07\/gruppbild_4411-1024x630.jpg","contentUrl":"http:\/\/wp.kristdemokraterna.se\/odeshog\/files\/2022\/07\/gruppbild_4411-1024x630.jpg"},{"@type":"BreadcrumbList","@id":"https:\/\/wp.kristdemokraterna.se\/odeshog\/kd-odeshog\/#breadcrumb","itemListElement":[{"@type":"ListItem","position":1,"name":"Hem","item":"https:\/\/wp.kristdemokraterna.se\/odeshog\/"},{"@type":"ListItem","position":2,"name":"KD Ödeshög"}]},{"@type":"WebSite","@id":"https:\/\/wp.kristdemokraterna.se\/odeshog\/#website","url":"https:\/\/wp.kristdemokraterna.se\/odeshog\/","name":"Ödeshög","description":"En till Kristdemokraterna webbplats","inLanguage":"sv-SE"}]}</script>
<!-- / Yoast SEO plugin. -->

KD Ödeshög - Ödeshög

Några av medlemmarna som ställer upp i årets val.

Ödeshög
