{"id":625,"date":"2022-05-11T12:09:58","date_gmt":"2022-05-11T10:09:58","guid":{"rendered":"https:\/\/wp.kristdemokraterna.se\/odeshog\/?page_id=625"},"modified":"2026-04-19T16:23:15","modified_gmt":"2026-04-19T14:23:15","slug":"fortroendevalda-alternativ","status":"publish","type":"page","link":"https:\/\/wp.kristdemokraterna.se\/odeshog\/fortroendevalda-alternativ\/","title":{"rendered":"F\u00f6rtroendevalda"},"content":{"rendered":"<p style=\"font-family: Arial\"><strong>Kristdemokraternas uppdrag i \u00d6desh\u00f6gs kommun mandatperioden 2023-2026<\/strong><\/p>\n<p>H\u00e4r kan du se vilka som f\u00f6retr\u00e4der KD i kommunens olika n\u00e4mnder och styrelser. Klicka p\u00e5 den n\u00e4mnd\/styrelse du vill se i spalten till v\u00e4nster.<\/p>\n<p>Totalt har vi 23 f\u00f6retr\u00e4dare i 7 n\u00e4mnder samt 2 bolag.<\/p>\n<p>I n\u00e4mnderna sitter politiker som \u00e4r utsedda av kommunfullm\u00e4ktige. N\u00e4mnderna leder kommunens f\u00f6rvaltningar som i sin tur utf\u00f6r den dagliga verksamheten.<\/p>\n<p>Kommunen har intresse i ett antal bolag. Kommunfullm\u00e4ktige har det yttersta \u00e4garansvaret och beslutar bland annat vilka bolag som ska finnas och utser styrelse med mera.<\/p>\n","protected":false},"excerpt":{"rendered":"<p>Kristdemokraternas uppdrag i \u00d6desh\u00f6gs kommun mandatperioden 2023-2026 H\u00e4r kan du se vilka som f\u00f6retr\u00e4der KD i kommunens olika n\u00e4mnder och styrelser. Klicka p\u00e5 den n\u00e4mnd\/styrelse du vill se i spalten till v\u00e4nster. Totalt har vi 23 f\u00f6retr\u00e4dare i 7 n\u00e4mnder samt 2 bolag. I n\u00e4mnderna sitter politiker som \u00e4r utsedda av kommunfullm\u00e4ktige. N\u00e4mnderna leder kommunens <a class=\"read-more-link\" href=\"https:\/\/wp.kristdemokraterna.se\/odeshog\/fortroendevalda-alternativ\/\">Read More<\/a><\/p>\n","protected":false},"author":747,"featured_media":0,"parent":0,"menu_order":0,"comment_status":"closed","ping_status":"closed","template":"","meta":{"_acf_changed":false,"footnotes":""},"class_list":["post-625","page","type-page","status-publish","hentry"],"acf":[],"yoast_head":"<!-- This site is optimized with the Yoast SEO plugin v27.4 - https:\/\/yoast.com\/product\/yoast-seo-wordpress\/ -->\n<title>F\u00f6rtroendevalda - \u00d6desh\u00f6g<\/title>\n<meta name=\"robots\" content=\"index, follow, max-snippet:-1, max-image-preview:large, max-video-preview:-1\" \/>\n<link rel=\"canonical\" href=\"https:\/\/wp.kristdemokraterna.se\/odeshog\/fortroendevalda-alternativ\/\" \/>\n<meta property=\"og:locale\" content=\"sv_SE\" \/>\n<meta property=\"og:type\" content=\"article\" \/>\n<meta property=\"og:title\" content=\"F\u00f6rtroendevalda - \u00d6desh\u00f6g\" \/>\n<meta property=\"og:description\" content=\"Kristdemokraternas uppdrag i \u00d6desh\u00f6gs kommun mandatperioden 2023-2026 H\u00e4r kan du se vilka som f\u00f6retr\u00e4der KD i kommunens olika n\u00e4mnder och styrelser. Klicka p\u00e5 den n\u00e4mnd\/styrelse du vill se i spalten till v\u00e4nster. Totalt har vi 23 f\u00f6retr\u00e4dare i 7 n\u00e4mnder samt 2 bolag. I n\u00e4mnderna sitter politiker som \u00e4r utsedda av kommunfullm\u00e4ktige. N\u00e4mnderna leder kommunens Read More\" \/>\n<meta property=\"og:url\" content=\"https:\/\/wp.kristdemokraterna.se\/odeshog\/fortroendevalda-alternativ\/\" \/>\n<meta property=\"og:site_name\" content=\"\u00d6desh\u00f6g\" \/>\n<meta property=\"article:modified_time\" content=\"2026-04-19T14:23:15+00:00\" \/>\n<meta name=\"twitter:card\" content=\"summary_large_image\" \/>\n<meta name=\"twitter:label1\" content=\"Ber\u00e4knad l\u00e4stid\" \/>\n\t<meta name=\"twitter:data1\" content=\"1 minut\" \/>\n<script type=\"application\/ld+json\" class=\"yoast-schema-graph\">{\"@context\":\"https:\\\/\\\/schema.org\",\"@graph\":[{\"@type\":\"WebPage\",\"@id\":\"https:\\\/\\\/wp.kristdemokraterna.se\\\/odeshog\\\/fortroendevalda-alternativ\\\/\",\"url\":\"https:\\\/\\\/wp.kristdemokraterna.se\\\/odeshog\\\/fortroendevalda-alternativ\\\/\",\"name\":\"F\u00f6rtroendevalda - \u00d6desh\u00f6g\",\"isPartOf\":{\"@id\":\"https:\\\/\\\/wp.kristdemokraterna.se\\\/odeshog\\\/#website\"},\"datePublished\":\"2022-05-11T10:09:58+00:00\",\"dateModified\":\"2026-04-19T14:23:15+00:00\",\"breadcrumb\":{\"@id\":\"https:\\\/\\\/wp.kristdemokraterna.se\\\/odeshog\\\/fortroendevalda-alternativ\\\/#breadcrumb\"},\"inLanguage\":\"sv-SE\",\"potentialAction\":[{\"@type\":\"ReadAction\",\"target\":[\"https:\\\/\\\/wp.kristdemokraterna.se\\\/odeshog\\\/fortroendevalda-alternativ\\\/\"]}]},{\"@type\":\"BreadcrumbList\",\"@id\":\"https:\\\/\\\/wp.kristdemokraterna.se\\\/odeshog\\\/fortroendevalda-alternativ\\\/#breadcrumb\",\"itemListElement\":[{\"@type\":\"ListItem\",\"position\":1,\"name\":\"Hem\",\"item\":\"https:\\\/\\\/wp.kristdemokraterna.se\\\/odeshog\\\/\"},{\"@type\":\"ListItem\",\"position\":2,\"name\":\"F\u00f6rtroendevalda\"}]},{\"@type\":\"WebSite\",\"@id\":\"https:\\\/\\\/wp.kristdemokraterna.se\\\/odeshog\\\/#website\",\"url\":\"https:\\\/\\\/wp.kristdemokraterna.se\\\/odeshog\\\/\",\"name\":\"\u00d6desh\u00f6g\",\"description\":\"En till Kristdemokraterna webbplats\",\"inLanguage\":\"sv-SE\"}]}<\/script>\n<!-- \/ Yoast SEO plugin. -->","yoast_head_json":{"title":"F\u00f6rtroendevalda - \u00d6desh\u00f6g","robots":{"index":"index","follow":"follow","max-snippet":"max-snippet:-1","max-image-preview":"max-image-preview:large","max-video-preview":"max-video-preview:-1"},"canonical":"https:\/\/wp.kristdemokraterna.se\/odeshog\/fortroendevalda-alternativ\/","og_locale":"sv_SE","og_type":"article","og_title":"F\u00f6rtroendevalda - \u00d6desh\u00f6g","og_description":"Kristdemokraternas uppdrag i \u00d6desh\u00f6gs kommun mandatperioden 2023-2026 H\u00e4r kan du se vilka som f\u00f6retr\u00e4der KD i kommunens olika n\u00e4mnder och styrelser. Klicka p\u00e5 den n\u00e4mnd\/styrelse du vill se i spalten till v\u00e4nster. Totalt har vi 23 f\u00f6retr\u00e4dare i 7 n\u00e4mnder samt 2 bolag. I n\u00e4mnderna sitter politiker som \u00e4r utsedda av kommunfullm\u00e4ktige. N\u00e4mnderna leder kommunens Read More","og_url":"https:\/\/wp.kristdemokraterna.se\/odeshog\/fortroendevalda-alternativ\/","og_site_name":"\u00d6desh\u00f6g","article_modified_time":"2026-04-19T14:23:15+00:00","twitter_card":"summary_large_image","twitter_misc":{"Ber\u00e4knad l\u00e4stid":"1 minut"},"schema":{"@context":"https:\/\/schema.org","@graph":[{"@type":"WebPage","@id":"https:\/\/wp.kristdemokraterna.se\/odeshog\/fortroendevalda-alternativ\/","url":"https:\/\/wp.kristdemokraterna.se\/odeshog\/fortroendevalda-alternativ\/","name":"F\u00f6rtroendevalda - \u00d6desh\u00f6g","isPartOf":{"@id":"https:\/\/wp.kristdemokraterna.se\/odeshog\/#website"},"datePublished":"2022-05-11T10:09:58+00:00","dateModified":"2026-04-19T14:23:15+00:00","breadcrumb":{"@id":"https:\/\/wp.kristdemokraterna.se\/odeshog\/fortroendevalda-alternativ\/#breadcrumb"},"inLanguage":"sv-SE","potentialAction":[{"@type":"ReadAction","target":["https:\/\/wp.kristdemokraterna.se\/odeshog\/fortroendevalda-alternativ\/"]}]},{"@type":"BreadcrumbList","@id":"https:\/\/wp.kristdemokraterna.se\/odeshog\/fortroendevalda-alternativ\/#breadcrumb","itemListElement":[{"@type":"ListItem","position":1,"name":"Hem","item":"https:\/\/wp.kristdemokraterna.se\/odeshog\/"},{"@type":"ListItem","position":2,"name":"F\u00f6rtroendevalda"}]},{"@type":"WebSite","@id":"https:\/\/wp.kristdemokraterna.se\/odeshog\/#website","url":"https:\/\/wp.kristdemokraterna.se\/odeshog\/","name":"\u00d6desh\u00f6g","description":"En till Kristdemokraterna webbplats","inLanguage":"sv-SE"}]}},"_links":{"self":[{"href":"https:\/\/wp.kristdemokraterna.se\/odeshog\/wp-json\/wp\/v2\/pages\/625","targetHints":{"allow":["GET"]}}],"collection":[{"href":"https:\/\/wp.kristdemokraterna.se\/odeshog\/wp-json\/wp\/v2\/pages"}],"about":[{"href":"https:\/\/wp.kristdemokraterna.se\/odeshog\/wp-json\/wp\/v2\/types\/page"}],"author":[{"embeddable":true,"href":"https:\/\/wp.kristdemokraterna.se\/odeshog\/wp-json\/wp\/v2\/users\/747"}],"replies":[{"embeddable":true,"href":"https:\/\/wp.kristdemokraterna.se\/odeshog\/wp-json\/wp\/v2\/comments?post=625"}],"version-history":[{"count":18,"href":"https:\/\/wp.kristdemokraterna.se\/odeshog\/wp-json\/wp\/v2\/pages\/625\/revisions"}],"predecessor-version":[{"id":1164,"href":"https:\/\/wp.kristdemokraterna.se\/odeshog\/wp-json\/wp\/v2\/pages\/625\/revisions\/1164"}],"wp:attachment":[{"href":"https:\/\/wp.kristdemokraterna.se\/odeshog\/wp-json\/wp\/v2\/media?parent=625"}],"curies":[{"name":"wp","href":"https:\/\/api.w.org\/{rel}","templated":true}]}}

Förtroendevalda

<p style="font-family: Arial"><strong>Kristdemokraternas uppdrag i Ödeshögs kommun mandatperioden 2023-2026</strong></p>
<p>Här kan du se vilka som företräder KD i kommunens olika nämnder och styrelser. Klicka på den nämnd/styrelse du vill se i spalten till vänster.</p>
<p>Totalt har vi 23 företrädare i 7 nämnder samt 2 bolag.</p>
<p>I nämnderna sitter politiker som är utsedda av kommunfullmäktige. Nämnderna leder kommunens förvaltningar som i sin tur utför den dagliga verksamheten.</p>
<p>Kommunen har intresse i ett antal bolag. Kommunfullmäktige har det yttersta ägaransvaret och beslutar bland annat vilka bolag som ska finnas och utser styrelse med mera.</p>

<p>Kristdemokraternas uppdrag i Ödeshögs kommun mandatperioden 2023-2026 Här kan du se vilka som företräder KD i kommunens olika nämnder och styrelser. Klicka på den nämnd/styrelse du vill se i spalten till vänster. Totalt har vi 23 företrädare i 7 nämnder samt 2 bolag. I nämnderna sitter politiker som är utsedda av kommunfullmäktige. Nämnderna leder kommunens <a class="read-more-link" href="https://wp.kristdemokraterna.se/odeshog/fortroendevalda-alternativ/">Read More</a></p>

<!-- This site is optimized with the Yoast SEO plugin v27.4 - https://yoast.com/product/yoast-seo-wordpress/ -->
<title>Förtroendevalda - Ödeshög</title>
<meta name="robots" content="index, follow, max-snippet:-1, max-image-preview:large, max-video-preview:-1" />
<link rel="canonical" href="https://wp.kristdemokraterna.se/odeshog/fortroendevalda-alternativ/" />
<meta property="og:locale" content="sv_SE" />
<meta property="og:type" content="article" />
<meta property="og:title" content="Förtroendevalda - Ödeshög" />
<meta property="og:description" content="Kristdemokraternas uppdrag i Ödeshögs kommun mandatperioden 2023-2026 Här kan du se vilka som företräder KD i kommunens olika nämnder och styrelser. Klicka på den nämnd/styrelse du vill se i spalten till vänster. Totalt har vi 23 företrädare i 7 nämnder samt 2 bolag. I nämnderna sitter politiker som är utsedda av kommunfullmäktige. Nämnderna leder kommunens Read More" />
<meta property="og:url" content="https://wp.kristdemokraterna.se/odeshog/fortroendevalda-alternativ/" />
<meta property="og:site_name" content="Ödeshög" />
<meta property="article:modified_time" content="2026-04-19T14:23:15+00:00" />
<meta name="twitter:card" content="summary_large_image" />
<meta name="twitter:label1" content="Beräknad lästid" />
	<meta name="twitter:data1" content="1 minut" />
<script type="application/ld+json" class="yoast-schema-graph">{"@context":"https:\/\/schema.org","@graph":[{"@type":"WebPage","@id":"https:\/\/wp.kristdemokraterna.se\/odeshog\/fortroendevalda-alternativ\/","url":"https:\/\/wp.kristdemokraterna.se\/odeshog\/fortroendevalda-alternativ\/","name":"Förtroendevalda - Ödeshög","isPartOf":{"@id":"https:\/\/wp.kristdemokraterna.se\/odeshog\/#website"},"datePublished":"2022-05-11T10:09:58+00:00","dateModified":"2026-04-19T14:23:15+00:00","breadcrumb":{"@id":"https:\/\/wp.kristdemokraterna.se\/odeshog\/fortroendevalda-alternativ\/#breadcrumb"},"inLanguage":"sv-SE","potentialAction":[{"@type":"ReadAction","target":["https:\/\/wp.kristdemokraterna.se\/odeshog\/fortroendevalda-alternativ\/"]}]},{"@type":"BreadcrumbList","@id":"https:\/\/wp.kristdemokraterna.se\/odeshog\/fortroendevalda-alternativ\/#breadcrumb","itemListElement":[{"@type":"ListItem","position":1,"name":"Hem","item":"https:\/\/wp.kristdemokraterna.se\/odeshog\/"},{"@type":"ListItem","position":2,"name":"Förtroendevalda"}]},{"@type":"WebSite","@id":"https:\/\/wp.kristdemokraterna.se\/odeshog\/#website","url":"https:\/\/wp.kristdemokraterna.se\/odeshog\/","name":"Ödeshög","description":"En till Kristdemokraterna webbplats","inLanguage":"sv-SE"}]}</script>
<!-- / Yoast SEO plugin. -->

Förtroendevalda - Ödeshög

Kristdemokraternas uppdrag i Ödeshögs kommun mandatperioden 2023-2026 Här kan du se vilka som företräder KD i kommunens olika nämnder och styrelser. Klicka på den nämnd/styrelse du vill se i spalten till vänster. Totalt har vi 23 företrädare i 7 nämnder samt 2 bolag. I nämnderna sitter politiker som är utsedda av kommunfullmäktige. Nämnderna leder kommunens Read More

Ödeshög
