{"id":672,"date":"2022-05-12T10:35:36","date_gmt":"2022-05-12T08:35:36","guid":{"rendered":"https:\/\/wp.kristdemokraterna.se\/odeshog\/?page_id=672"},"modified":"2026-04-20T22:58:22","modified_gmt":"2026-04-20T20:58:22","slug":"anders-rydberg","status":"publish","type":"page","link":"https:\/\/wp.kristdemokraterna.se\/odeshog\/anders-rydberg\/","title":{"rendered":"Anders Rydberg"},"content":{"rendered":"<p><a href=\"http:\/\/wp.kristdemokraterna.se\/odeshog\/files\/2022\/07\/kd-4383-scaled.jpg\"><img loading=\"lazy\" decoding=\"async\" class=\"alignnone size-medium wp-image-956\" src=\"http:\/\/wp.kristdemokraterna.se\/odeshog\/files\/2022\/07\/kd-4383-273x300.jpg\" alt=\"\" width=\"273\" height=\"300\" srcset=\"https:\/\/wp.kristdemokraterna.se\/odeshog\/files\/2022\/07\/kd-4383-273x300.jpg 273w, https:\/\/wp.kristdemokraterna.se\/odeshog\/files\/2022\/07\/kd-4383-931x1024.jpg 931w, https:\/\/wp.kristdemokraterna.se\/odeshog\/files\/2022\/07\/kd-4383-768x845.jpg 768w, https:\/\/wp.kristdemokraterna.se\/odeshog\/files\/2022\/07\/kd-4383-1396x1536.jpg 1396w, https:\/\/wp.kristdemokraterna.se\/odeshog\/files\/2022\/07\/kd-4383-1862x2048.jpg 1862w, https:\/\/wp.kristdemokraterna.se\/odeshog\/files\/2022\/07\/kd-4383-182x200.jpg 182w, https:\/\/wp.kristdemokraterna.se\/odeshog\/files\/2022\/07\/kd-4383-370x407.jpg 370w, https:\/\/wp.kristdemokraterna.se\/odeshog\/files\/2022\/07\/kd-4383-770x847.jpg 770w, https:\/\/wp.kristdemokraterna.se\/odeshog\/files\/2022\/07\/kd-4383-450x495.jpg 450w, https:\/\/wp.kristdemokraterna.se\/odeshog\/files\/2022\/07\/kd-4383-280x308.jpg 280w, https:\/\/wp.kristdemokraterna.se\/odeshog\/files\/2022\/07\/kd-4383-340x374.jpg 340w, https:\/\/wp.kristdemokraterna.se\/odeshog\/files\/2022\/07\/kd-4383-51x56.jpg 51w\" sizes=\"auto, (max-width: 273px) 100vw, 273px\" \/><\/a><\/p>\n<p style=\"font-family: Arial\"><strong>Kommunala uppdrag<\/strong><\/p>\n<pre style=\"font-family: Arial\">Ledamot Kommunfullm\u00e4ktige<\/pre>\n","protected":false},"excerpt":{"rendered":"<p>Kommunala uppdrag Ledamot Kommunfullm\u00e4ktige<\/p>\n","protected":false},"author":747,"featured_media":0,"parent":0,"menu_order":0,"comment_status":"closed","ping_status":"closed","template":"","meta":{"_acf_changed":false,"footnotes":""},"class_list":["post-672","page","type-page","status-publish","hentry"],"acf":[],"yoast_head":"<!-- This site is optimized with the Yoast SEO plugin v27.4 - https:\/\/yoast.com\/product\/yoast-seo-wordpress\/ -->\n<title>Anders Rydberg - \u00d6desh\u00f6g<\/title>\n<meta name=\"robots\" content=\"index, follow, max-snippet:-1, max-image-preview:large, max-video-preview:-1\" \/>\n<link rel=\"canonical\" href=\"https:\/\/wp.kristdemokraterna.se\/odeshog\/anders-rydberg\/\" \/>\n<meta property=\"og:locale\" content=\"sv_SE\" \/>\n<meta property=\"og:type\" content=\"article\" \/>\n<meta property=\"og:title\" content=\"Anders Rydberg - \u00d6desh\u00f6g\" \/>\n<meta property=\"og:description\" content=\"Kommunala uppdrag Ledamot Kommunfullm\u00e4ktige\" \/>\n<meta property=\"og:url\" content=\"https:\/\/wp.kristdemokraterna.se\/odeshog\/anders-rydberg\/\" \/>\n<meta property=\"og:site_name\" content=\"\u00d6desh\u00f6g\" \/>\n<meta property=\"article:modified_time\" content=\"2026-04-20T20:58:22+00:00\" \/>\n<meta property=\"og:image\" content=\"https:\/\/wp.kristdemokraterna.se\/odeshog\/files\/2022\/07\/kd-4383-931x1024.jpg\" \/>\n\t<meta property=\"og:image:width\" content=\"931\" \/>\n\t<meta property=\"og:image:height\" content=\"1024\" \/>\n\t<meta property=\"og:image:type\" content=\"image\/jpeg\" \/>\n<meta name=\"twitter:card\" content=\"summary_large_image\" \/>\n<meta name=\"twitter:label1\" content=\"Ber\u00e4knad l\u00e4stid\" \/>\n\t<meta name=\"twitter:data1\" content=\"1 minut\" \/>\n<script type=\"application\/ld+json\" class=\"yoast-schema-graph\">{\"@context\":\"https:\\\/\\\/schema.org\",\"@graph\":[{\"@type\":\"WebPage\",\"@id\":\"https:\\\/\\\/wp.kristdemokraterna.se\\\/odeshog\\\/anders-rydberg\\\/\",\"url\":\"https:\\\/\\\/wp.kristdemokraterna.se\\\/odeshog\\\/anders-rydberg\\\/\",\"name\":\"Anders Rydberg - \u00d6desh\u00f6g\",\"isPartOf\":{\"@id\":\"https:\\\/\\\/wp.kristdemokraterna.se\\\/odeshog\\\/#website\"},\"primaryImageOfPage\":{\"@id\":\"https:\\\/\\\/wp.kristdemokraterna.se\\\/odeshog\\\/anders-rydberg\\\/#primaryimage\"},\"image\":{\"@id\":\"https:\\\/\\\/wp.kristdemokraterna.se\\\/odeshog\\\/anders-rydberg\\\/#primaryimage\"},\"thumbnailUrl\":\"http:\\\/\\\/wp.kristdemokraterna.se\\\/odeshog\\\/files\\\/2022\\\/07\\\/kd-4383-273x300.jpg\",\"datePublished\":\"2022-05-12T08:35:36+00:00\",\"dateModified\":\"2026-04-20T20:58:22+00:00\",\"breadcrumb\":{\"@id\":\"https:\\\/\\\/wp.kristdemokraterna.se\\\/odeshog\\\/anders-rydberg\\\/#breadcrumb\"},\"inLanguage\":\"sv-SE\",\"potentialAction\":[{\"@type\":\"ReadAction\",\"target\":[\"https:\\\/\\\/wp.kristdemokraterna.se\\\/odeshog\\\/anders-rydberg\\\/\"]}]},{\"@type\":\"ImageObject\",\"inLanguage\":\"sv-SE\",\"@id\":\"https:\\\/\\\/wp.kristdemokraterna.se\\\/odeshog\\\/anders-rydberg\\\/#primaryimage\",\"url\":\"http:\\\/\\\/wp.kristdemokraterna.se\\\/odeshog\\\/files\\\/2022\\\/07\\\/kd-4383-273x300.jpg\",\"contentUrl\":\"http:\\\/\\\/wp.kristdemokraterna.se\\\/odeshog\\\/files\\\/2022\\\/07\\\/kd-4383-273x300.jpg\"},{\"@type\":\"BreadcrumbList\",\"@id\":\"https:\\\/\\\/wp.kristdemokraterna.se\\\/odeshog\\\/anders-rydberg\\\/#breadcrumb\",\"itemListElement\":[{\"@type\":\"ListItem\",\"position\":1,\"name\":\"Hem\",\"item\":\"https:\\\/\\\/wp.kristdemokraterna.se\\\/odeshog\\\/\"},{\"@type\":\"ListItem\",\"position\":2,\"name\":\"Anders Rydberg\"}]},{\"@type\":\"WebSite\",\"@id\":\"https:\\\/\\\/wp.kristdemokraterna.se\\\/odeshog\\\/#website\",\"url\":\"https:\\\/\\\/wp.kristdemokraterna.se\\\/odeshog\\\/\",\"name\":\"\u00d6desh\u00f6g\",\"description\":\"En till Kristdemokraterna webbplats\",\"inLanguage\":\"sv-SE\"}]}<\/script>\n<!-- \/ Yoast SEO plugin. -->","yoast_head_json":{"title":"Anders Rydberg - \u00d6desh\u00f6g","robots":{"index":"index","follow":"follow","max-snippet":"max-snippet:-1","max-image-preview":"max-image-preview:large","max-video-preview":"max-video-preview:-1"},"canonical":"https:\/\/wp.kristdemokraterna.se\/odeshog\/anders-rydberg\/","og_locale":"sv_SE","og_type":"article","og_title":"Anders Rydberg - \u00d6desh\u00f6g","og_description":"Kommunala uppdrag Ledamot Kommunfullm\u00e4ktige","og_url":"https:\/\/wp.kristdemokraterna.se\/odeshog\/anders-rydberg\/","og_site_name":"\u00d6desh\u00f6g","article_modified_time":"2026-04-20T20:58:22+00:00","og_image":[{"width":931,"height":1024,"url":"https:\/\/wp.kristdemokraterna.se\/odeshog\/files\/2022\/07\/kd-4383-931x1024.jpg","type":"image\/jpeg"}],"twitter_card":"summary_large_image","twitter_misc":{"Ber\u00e4knad l\u00e4stid":"1 minut"},"schema":{"@context":"https:\/\/schema.org","@graph":[{"@type":"WebPage","@id":"https:\/\/wp.kristdemokraterna.se\/odeshog\/anders-rydberg\/","url":"https:\/\/wp.kristdemokraterna.se\/odeshog\/anders-rydberg\/","name":"Anders Rydberg - \u00d6desh\u00f6g","isPartOf":{"@id":"https:\/\/wp.kristdemokraterna.se\/odeshog\/#website"},"primaryImageOfPage":{"@id":"https:\/\/wp.kristdemokraterna.se\/odeshog\/anders-rydberg\/#primaryimage"},"image":{"@id":"https:\/\/wp.kristdemokraterna.se\/odeshog\/anders-rydberg\/#primaryimage"},"thumbnailUrl":"http:\/\/wp.kristdemokraterna.se\/odeshog\/files\/2022\/07\/kd-4383-273x300.jpg","datePublished":"2022-05-12T08:35:36+00:00","dateModified":"2026-04-20T20:58:22+00:00","breadcrumb":{"@id":"https:\/\/wp.kristdemokraterna.se\/odeshog\/anders-rydberg\/#breadcrumb"},"inLanguage":"sv-SE","potentialAction":[{"@type":"ReadAction","target":["https:\/\/wp.kristdemokraterna.se\/odeshog\/anders-rydberg\/"]}]},{"@type":"ImageObject","inLanguage":"sv-SE","@id":"https:\/\/wp.kristdemokraterna.se\/odeshog\/anders-rydberg\/#primaryimage","url":"http:\/\/wp.kristdemokraterna.se\/odeshog\/files\/2022\/07\/kd-4383-273x300.jpg","contentUrl":"http:\/\/wp.kristdemokraterna.se\/odeshog\/files\/2022\/07\/kd-4383-273x300.jpg"},{"@type":"BreadcrumbList","@id":"https:\/\/wp.kristdemokraterna.se\/odeshog\/anders-rydberg\/#breadcrumb","itemListElement":[{"@type":"ListItem","position":1,"name":"Hem","item":"https:\/\/wp.kristdemokraterna.se\/odeshog\/"},{"@type":"ListItem","position":2,"name":"Anders Rydberg"}]},{"@type":"WebSite","@id":"https:\/\/wp.kristdemokraterna.se\/odeshog\/#website","url":"https:\/\/wp.kristdemokraterna.se\/odeshog\/","name":"\u00d6desh\u00f6g","description":"En till Kristdemokraterna webbplats","inLanguage":"sv-SE"}]}},"_links":{"self":[{"href":"https:\/\/wp.kristdemokraterna.se\/odeshog\/wp-json\/wp\/v2\/pages\/672","targetHints":{"allow":["GET"]}}],"collection":[{"href":"https:\/\/wp.kristdemokraterna.se\/odeshog\/wp-json\/wp\/v2\/pages"}],"about":[{"href":"https:\/\/wp.kristdemokraterna.se\/odeshog\/wp-json\/wp\/v2\/types\/page"}],"author":[{"embeddable":true,"href":"https:\/\/wp.kristdemokraterna.se\/odeshog\/wp-json\/wp\/v2\/users\/747"}],"replies":[{"embeddable":true,"href":"https:\/\/wp.kristdemokraterna.se\/odeshog\/wp-json\/wp\/v2\/comments?post=672"}],"version-history":[{"count":5,"href":"https:\/\/wp.kristdemokraterna.se\/odeshog\/wp-json\/wp\/v2\/pages\/672\/revisions"}],"predecessor-version":[{"id":1130,"href":"https:\/\/wp.kristdemokraterna.se\/odeshog\/wp-json\/wp\/v2\/pages\/672\/revisions\/1130"}],"wp:attachment":[{"href":"https:\/\/wp.kristdemokraterna.se\/odeshog\/wp-json\/wp\/v2\/media?parent=672"}],"curies":[{"name":"wp","href":"https:\/\/api.w.org\/{rel}","templated":true}]}}

<p><a href="http://wp.kristdemokraterna.se/odeshog/files/2022/07/kd-4383-scaled.jpg"><img loading="lazy" decoding="async" class="alignnone size-medium wp-image-956" src="http://wp.kristdemokraterna.se/odeshog/files/2022/07/kd-4383-273x300.jpg" alt="" width="273" height="300" srcset="https://wp.kristdemokraterna.se/odeshog/files/2022/07/kd-4383-273x300.jpg 273w, https://wp.kristdemokraterna.se/odeshog/files/2022/07/kd-4383-931x1024.jpg 931w, https://wp.kristdemokraterna.se/odeshog/files/2022/07/kd-4383-768x845.jpg 768w, https://wp.kristdemokraterna.se/odeshog/files/2022/07/kd-4383-1396x1536.jpg 1396w, https://wp.kristdemokraterna.se/odeshog/files/2022/07/kd-4383-1862x2048.jpg 1862w, https://wp.kristdemokraterna.se/odeshog/files/2022/07/kd-4383-182x200.jpg 182w, https://wp.kristdemokraterna.se/odeshog/files/2022/07/kd-4383-370x407.jpg 370w, https://wp.kristdemokraterna.se/odeshog/files/2022/07/kd-4383-770x847.jpg 770w, https://wp.kristdemokraterna.se/odeshog/files/2022/07/kd-4383-450x495.jpg 450w, https://wp.kristdemokraterna.se/odeshog/files/2022/07/kd-4383-280x308.jpg 280w, https://wp.kristdemokraterna.se/odeshog/files/2022/07/kd-4383-340x374.jpg 340w, https://wp.kristdemokraterna.se/odeshog/files/2022/07/kd-4383-51x56.jpg 51w" sizes="auto, (max-width: 273px) 100vw, 273px" /></a></p>
<p style="font-family: Arial"><strong>Kommunala uppdrag</strong></p>
<pre style="font-family: Arial">Ledamot Kommunfullmäktige</pre>

<p>Kommunala uppdrag Ledamot Kommunfullmäktige</p>

<!-- This site is optimized with the Yoast SEO plugin v27.4 - https://yoast.com/product/yoast-seo-wordpress/ -->
<title>Anders Rydberg - Ödeshög</title>
<meta name="robots" content="index, follow, max-snippet:-1, max-image-preview:large, max-video-preview:-1" />
<link rel="canonical" href="https://wp.kristdemokraterna.se/odeshog/anders-rydberg/" />
<meta property="og:locale" content="sv_SE" />
<meta property="og:type" content="article" />
<meta property="og:title" content="Anders Rydberg - Ödeshög" />
<meta property="og:description" content="Kommunala uppdrag Ledamot Kommunfullmäktige" />
<meta property="og:url" content="https://wp.kristdemokraterna.se/odeshog/anders-rydberg/" />
<meta property="og:site_name" content="Ödeshög" />
<meta property="article:modified_time" content="2026-04-20T20:58:22+00:00" />
<meta property="og:image" content="https://wp.kristdemokraterna.se/odeshog/files/2022/07/kd-4383-931x1024.jpg" />
	<meta property="og:image:width" content="931" />
	<meta property="og:image:height" content="1024" />
	<meta property="og:image:type" content="image/jpeg" />
<meta name="twitter:card" content="summary_large_image" />
<meta name="twitter:label1" content="Beräknad lästid" />
	<meta name="twitter:data1" content="1 minut" />
<script type="application/ld+json" class="yoast-schema-graph">{"@context":"https:\/\/schema.org","@graph":[{"@type":"WebPage","@id":"https:\/\/wp.kristdemokraterna.se\/odeshog\/anders-rydberg\/","url":"https:\/\/wp.kristdemokraterna.se\/odeshog\/anders-rydberg\/","name":"Anders Rydberg - Ödeshög","isPartOf":{"@id":"https:\/\/wp.kristdemokraterna.se\/odeshog\/#website"},"primaryImageOfPage":{"@id":"https:\/\/wp.kristdemokraterna.se\/odeshog\/anders-rydberg\/#primaryimage"},"image":{"@id":"https:\/\/wp.kristdemokraterna.se\/odeshog\/anders-rydberg\/#primaryimage"},"thumbnailUrl":"http:\/\/wp.kristdemokraterna.se\/odeshog\/files\/2022\/07\/kd-4383-273x300.jpg","datePublished":"2022-05-12T08:35:36+00:00","dateModified":"2026-04-20T20:58:22+00:00","breadcrumb":{"@id":"https:\/\/wp.kristdemokraterna.se\/odeshog\/anders-rydberg\/#breadcrumb"},"inLanguage":"sv-SE","potentialAction":[{"@type":"ReadAction","target":["https:\/\/wp.kristdemokraterna.se\/odeshog\/anders-rydberg\/"]}]},{"@type":"ImageObject","inLanguage":"sv-SE","@id":"https:\/\/wp.kristdemokraterna.se\/odeshog\/anders-rydberg\/#primaryimage","url":"http:\/\/wp.kristdemokraterna.se\/odeshog\/files\/2022\/07\/kd-4383-273x300.jpg","contentUrl":"http:\/\/wp.kristdemokraterna.se\/odeshog\/files\/2022\/07\/kd-4383-273x300.jpg"},{"@type":"BreadcrumbList","@id":"https:\/\/wp.kristdemokraterna.se\/odeshog\/anders-rydberg\/#breadcrumb","itemListElement":[{"@type":"ListItem","position":1,"name":"Hem","item":"https:\/\/wp.kristdemokraterna.se\/odeshog\/"},{"@type":"ListItem","position":2,"name":"Anders Rydberg"}]},{"@type":"WebSite","@id":"https:\/\/wp.kristdemokraterna.se\/odeshog\/#website","url":"https:\/\/wp.kristdemokraterna.se\/odeshog\/","name":"Ödeshög","description":"En till Kristdemokraterna webbplats","inLanguage":"sv-SE"}]}</script>
<!-- / Yoast SEO plugin. -->

Anders Rydberg - Ödeshög

Kommunala uppdrag Ledamot Kommunfullmäktige

Ödeshög
