{"id":872,"date":"2022-05-16T10:21:13","date_gmt":"2022-05-16T08:21:13","guid":{"rendered":"https:\/\/wp.kristdemokraterna.se\/odeshog\/?page_id=872"},"modified":"2022-05-16T14:32:50","modified_gmt":"2022-05-16T12:32:50","slug":"skollokaler","status":"publish","type":"page","link":"https:\/\/wp.kristdemokraterna.se\/odeshog\/kd-gor-skillnad\/barn-och-unga\/skollokaler\/","title":{"rendered":"Skollokaler"},"content":{"rendered":"<p><b>Nya f\u00f6rskole- och skollokaler<\/b><\/p>\n<p><span style=\"font-weight: 400\">Vi har under flera \u00e5r gl\u00e4djande sett att barn och unga \u00f6kar i \u00d6desh\u00f6g och samtidigt har vi stora behov av att renovera och bygga om v\u00e5ra skollokaler. Det \u00e4r en stor investering f\u00f6r \u00d6desh\u00f6gs kommun och vi har under mandatperioden lagt upp en 10-\u00e5rig investeringsplan f\u00f6r att finansiera de stora investeringarna.\u00a0<\/span><\/p>\n<p><span style=\"font-weight: 400\">En f\u00f6rstudie togs fram under h\u00f6sten 2021 som f\u00f6rslog att Fridtjuv Bergskolan blir en F-3 skola och att en ny f\u00f6rskola lokaliseras p\u00e5 omr\u00e5det, att Lysingskolan blir en 4-9 skola och att R\u00f6ks skola forts\u00e4tter att vara en F-3 skola med f\u00f6rskola. Barn- och utbildningsn\u00e4mnden fattade i december beslut enligt f\u00f6rslaget och i februari s\u00e5 ocks\u00e5 kommunstyrelsen. Nu forts\u00e4tter genomf\u00f6randeprocessen att ta fram nya f\u00f6rskole och skollokaler och d\u00e5 ska olika intressen tas tillvara som l\u00e4rar-, l\u00e4rande- och barnperspektivet samt andra medarbetargruppers perspektiv.\u00a0<\/span><\/p>\n<p><span style=\"font-weight: 400\">En viktig del i det fortsatta arbetet blir ocks\u00e5 att ta med fritids, fritidsg\u00e5rden och Kulturskolan i processen. Under tiden vi genomf\u00f6r ombyggnationerna kommer det kr\u00e4vas goda ers\u00e4ttningslokaler och en del omflyttningar. Detta kommer bli en utmanande tid och vi vill g\u00f6ra v\u00e5rt b\u00e4sta f\u00f6r att det ska fungera s\u00e5 bra som m\u00f6jligt f\u00f6r v\u00e5ra elever och v\u00e5ra medarbetare. <\/span>M\u00e5let \u00e4r att vi ska skapa framtidens f\u00f6rskola och skola med den b\u00e4sta milj\u00f6n f\u00f6r v\u00e5ra barn- och unga.<\/p>\n","protected":false},"excerpt":{"rendered":"<p>Nya f\u00f6rskole- och skollokaler Vi har under flera \u00e5r gl\u00e4djande sett att barn och unga \u00f6kar i \u00d6desh\u00f6g och samtidigt har vi stora behov av att renovera och bygga om v\u00e5ra skollokaler. Det \u00e4r en stor investering f\u00f6r \u00d6desh\u00f6gs kommun och vi har under mandatperioden lagt upp en 10-\u00e5rig investeringsplan f\u00f6r att finansiera de stora <a class=\"read-more-link\" href=\"https:\/\/wp.kristdemokraterna.se\/odeshog\/kd-gor-skillnad\/barn-och-unga\/skollokaler\/\">Read More<\/a><\/p>\n","protected":false},"author":747,"featured_media":0,"parent":853,"menu_order":0,"comment_status":"closed","ping_status":"closed","template":"","meta":{"_acf_changed":false,"footnotes":""},"class_list":["post-872","page","type-page","status-publish","hentry"],"acf":[],"yoast_head":"<!-- This site is optimized with the Yoast SEO plugin v27.4 - https:\/\/yoast.com\/product\/yoast-seo-wordpress\/ -->\n<title>Skollokaler - \u00d6desh\u00f6g<\/title>\n<meta name=\"robots\" content=\"index, follow, max-snippet:-1, max-image-preview:large, max-video-preview:-1\" \/>\n<link rel=\"canonical\" href=\"https:\/\/wp.kristdemokraterna.se\/odeshog\/kd-gor-skillnad\/barn-och-unga\/skollokaler\/\" \/>\n<meta property=\"og:locale\" content=\"sv_SE\" \/>\n<meta property=\"og:type\" content=\"article\" \/>\n<meta property=\"og:title\" content=\"Skollokaler - \u00d6desh\u00f6g\" \/>\n<meta property=\"og:description\" content=\"Nya f\u00f6rskole- och skollokaler Vi har under flera \u00e5r gl\u00e4djande sett att barn och unga \u00f6kar i \u00d6desh\u00f6g och samtidigt har vi stora behov av att renovera och bygga om v\u00e5ra skollokaler. Det \u00e4r en stor investering f\u00f6r \u00d6desh\u00f6gs kommun och vi har under mandatperioden lagt upp en 10-\u00e5rig investeringsplan f\u00f6r att finansiera de stora Read More\" \/>\n<meta property=\"og:url\" content=\"https:\/\/wp.kristdemokraterna.se\/odeshog\/kd-gor-skillnad\/barn-och-unga\/skollokaler\/\" \/>\n<meta property=\"og:site_name\" content=\"\u00d6desh\u00f6g\" \/>\n<meta property=\"article:modified_time\" content=\"2022-05-16T12:32:50+00:00\" \/>\n<meta name=\"twitter:card\" content=\"summary_large_image\" \/>\n<meta name=\"twitter:label1\" content=\"Ber\u00e4knad l\u00e4stid\" \/>\n\t<meta name=\"twitter:data1\" content=\"1 minut\" \/>\n<script type=\"application\/ld+json\" class=\"yoast-schema-graph\">{\"@context\":\"https:\\\/\\\/schema.org\",\"@graph\":[{\"@type\":\"WebPage\",\"@id\":\"https:\\\/\\\/wp.kristdemokraterna.se\\\/odeshog\\\/kd-gor-skillnad\\\/barn-och-unga\\\/skollokaler\\\/\",\"url\":\"https:\\\/\\\/wp.kristdemokraterna.se\\\/odeshog\\\/kd-gor-skillnad\\\/barn-och-unga\\\/skollokaler\\\/\",\"name\":\"Skollokaler - \u00d6desh\u00f6g\",\"isPartOf\":{\"@id\":\"https:\\\/\\\/wp.kristdemokraterna.se\\\/odeshog\\\/#website\"},\"datePublished\":\"2022-05-16T08:21:13+00:00\",\"dateModified\":\"2022-05-16T12:32:50+00:00\",\"breadcrumb\":{\"@id\":\"https:\\\/\\\/wp.kristdemokraterna.se\\\/odeshog\\\/kd-gor-skillnad\\\/barn-och-unga\\\/skollokaler\\\/#breadcrumb\"},\"inLanguage\":\"sv-SE\",\"potentialAction\":[{\"@type\":\"ReadAction\",\"target\":[\"https:\\\/\\\/wp.kristdemokraterna.se\\\/odeshog\\\/kd-gor-skillnad\\\/barn-och-unga\\\/skollokaler\\\/\"]}]},{\"@type\":\"BreadcrumbList\",\"@id\":\"https:\\\/\\\/wp.kristdemokraterna.se\\\/odeshog\\\/kd-gor-skillnad\\\/barn-och-unga\\\/skollokaler\\\/#breadcrumb\",\"itemListElement\":[{\"@type\":\"ListItem\",\"position\":1,\"name\":\"Hem\",\"item\":\"https:\\\/\\\/wp.kristdemokraterna.se\\\/odeshog\\\/\"},{\"@type\":\"ListItem\",\"position\":2,\"name\":\"KD g\u00f6r skillnad\",\"item\":\"https:\\\/\\\/wp.kristdemokraterna.se\\\/odeshog\\\/kd-gor-skillnad\\\/\"},{\"@type\":\"ListItem\",\"position\":3,\"name\":\"Barn och Unga\",\"item\":\"https:\\\/\\\/wp.kristdemokraterna.se\\\/odeshog\\\/kd-gor-skillnad\\\/barn-och-unga\\\/\"},{\"@type\":\"ListItem\",\"position\":4,\"name\":\"Skollokaler\"}]},{\"@type\":\"WebSite\",\"@id\":\"https:\\\/\\\/wp.kristdemokraterna.se\\\/odeshog\\\/#website\",\"url\":\"https:\\\/\\\/wp.kristdemokraterna.se\\\/odeshog\\\/\",\"name\":\"\u00d6desh\u00f6g\",\"description\":\"En till Kristdemokraterna webbplats\",\"inLanguage\":\"sv-SE\"}]}<\/script>\n<!-- \/ Yoast SEO plugin. -->","yoast_head_json":{"title":"Skollokaler - \u00d6desh\u00f6g","robots":{"index":"index","follow":"follow","max-snippet":"max-snippet:-1","max-image-preview":"max-image-preview:large","max-video-preview":"max-video-preview:-1"},"canonical":"https:\/\/wp.kristdemokraterna.se\/odeshog\/kd-gor-skillnad\/barn-och-unga\/skollokaler\/","og_locale":"sv_SE","og_type":"article","og_title":"Skollokaler - \u00d6desh\u00f6g","og_description":"Nya f\u00f6rskole- och skollokaler Vi har under flera \u00e5r gl\u00e4djande sett att barn och unga \u00f6kar i \u00d6desh\u00f6g och samtidigt har vi stora behov av att renovera och bygga om v\u00e5ra skollokaler. Det \u00e4r en stor investering f\u00f6r \u00d6desh\u00f6gs kommun och vi har under mandatperioden lagt upp en 10-\u00e5rig investeringsplan f\u00f6r att finansiera de stora Read More","og_url":"https:\/\/wp.kristdemokraterna.se\/odeshog\/kd-gor-skillnad\/barn-och-unga\/skollokaler\/","og_site_name":"\u00d6desh\u00f6g","article_modified_time":"2022-05-16T12:32:50+00:00","twitter_card":"summary_large_image","twitter_misc":{"Ber\u00e4knad l\u00e4stid":"1 minut"},"schema":{"@context":"https:\/\/schema.org","@graph":[{"@type":"WebPage","@id":"https:\/\/wp.kristdemokraterna.se\/odeshog\/kd-gor-skillnad\/barn-och-unga\/skollokaler\/","url":"https:\/\/wp.kristdemokraterna.se\/odeshog\/kd-gor-skillnad\/barn-och-unga\/skollokaler\/","name":"Skollokaler - \u00d6desh\u00f6g","isPartOf":{"@id":"https:\/\/wp.kristdemokraterna.se\/odeshog\/#website"},"datePublished":"2022-05-16T08:21:13+00:00","dateModified":"2022-05-16T12:32:50+00:00","breadcrumb":{"@id":"https:\/\/wp.kristdemokraterna.se\/odeshog\/kd-gor-skillnad\/barn-och-unga\/skollokaler\/#breadcrumb"},"inLanguage":"sv-SE","potentialAction":[{"@type":"ReadAction","target":["https:\/\/wp.kristdemokraterna.se\/odeshog\/kd-gor-skillnad\/barn-och-unga\/skollokaler\/"]}]},{"@type":"BreadcrumbList","@id":"https:\/\/wp.kristdemokraterna.se\/odeshog\/kd-gor-skillnad\/barn-och-unga\/skollokaler\/#breadcrumb","itemListElement":[{"@type":"ListItem","position":1,"name":"Hem","item":"https:\/\/wp.kristdemokraterna.se\/odeshog\/"},{"@type":"ListItem","position":2,"name":"KD g\u00f6r skillnad","item":"https:\/\/wp.kristdemokraterna.se\/odeshog\/kd-gor-skillnad\/"},{"@type":"ListItem","position":3,"name":"Barn och Unga","item":"https:\/\/wp.kristdemokraterna.se\/odeshog\/kd-gor-skillnad\/barn-och-unga\/"},{"@type":"ListItem","position":4,"name":"Skollokaler"}]},{"@type":"WebSite","@id":"https:\/\/wp.kristdemokraterna.se\/odeshog\/#website","url":"https:\/\/wp.kristdemokraterna.se\/odeshog\/","name":"\u00d6desh\u00f6g","description":"En till Kristdemokraterna webbplats","inLanguage":"sv-SE"}]}},"_links":{"self":[{"href":"https:\/\/wp.kristdemokraterna.se\/odeshog\/wp-json\/wp\/v2\/pages\/872","targetHints":{"allow":["GET"]}}],"collection":[{"href":"https:\/\/wp.kristdemokraterna.se\/odeshog\/wp-json\/wp\/v2\/pages"}],"about":[{"href":"https:\/\/wp.kristdemokraterna.se\/odeshog\/wp-json\/wp\/v2\/types\/page"}],"author":[{"embeddable":true,"href":"https:\/\/wp.kristdemokraterna.se\/odeshog\/wp-json\/wp\/v2\/users\/747"}],"replies":[{"embeddable":true,"href":"https:\/\/wp.kristdemokraterna.se\/odeshog\/wp-json\/wp\/v2\/comments?post=872"}],"version-history":[{"count":2,"href":"https:\/\/wp.kristdemokraterna.se\/odeshog\/wp-json\/wp\/v2\/pages\/872\/revisions"}],"predecessor-version":[{"id":915,"href":"https:\/\/wp.kristdemokraterna.se\/odeshog\/wp-json\/wp\/v2\/pages\/872\/revisions\/915"}],"up":[{"embeddable":true,"href":"https:\/\/wp.kristdemokraterna.se\/odeshog\/wp-json\/wp\/v2\/pages\/853"}],"wp:attachment":[{"href":"https:\/\/wp.kristdemokraterna.se\/odeshog\/wp-json\/wp\/v2\/media?parent=872"}],"curies":[{"name":"wp","href":"https:\/\/api.w.org\/{rel}","templated":true}]}}