{"id":979,"date":"2022-07-08T07:13:05","date_gmt":"2022-07-08T05:13:05","guid":{"rendered":"https:\/\/wp.kristdemokraterna.se\/odeshog\/?page_id=979"},"modified":"2022-08-19T20:20:48","modified_gmt":"2022-08-19T18:20:48","slug":"kollektivtrafik","status":"publish","type":"page","link":"https:\/\/wp.kristdemokraterna.se\/odeshog\/i-landstinget\/axplock-fran-det-regionala-valprogrammet\/kollektivtrafik\/","title":{"rendered":"Kollektivtrafik"},"content":{"rendered":"<p>\u00d6desh\u00f6g st\u00e5r inf\u00f6r m\u00e5nga utmaningar f\u00f6r att kunna utvecklas som kommun och att vi ska kunna fullf\u00f6lja det kommunala uppdraget p\u00e5 den niv\u00e5 som v\u00e5ra kommuninv\u00e5nare vill.<\/p>\n<p>Det g\u00e5r bra f\u00f6r \u00d6desh\u00f6g just nu, f\u00f6retag vill etablera sig, m\u00e4nniskor vill flytta hit, men att resa kollektivt blir sv\u00e5rare och sv\u00e5rare. Med \u00f6kade br\u00e4nslepriser och f\u00f6rs\u00e4mrad kollektivtrafik riskerar utvecklingen att stanna upp eller i v\u00e4rsta fall g\u00e5 i fel riktning.<\/p>\n<p>Kommunen har inv\u00e5nare som antingen inte kan, inte f\u00e5r, inte har r\u00e5d eller vill k\u00f6ra bil. M\u00e5nga unga f\u00e5r sv\u00e5rare och sv\u00e5rare att ta sig till gymnasieskolan och \u00e4r beroende av f\u00f6r\u00e4ldrarna f\u00f6r att kunna h\u00e5lla p\u00e5 med kultur och idrott.<\/p>\n<p>Vi Kristdemokrater kommer att arbeta f\u00f6r att alla ska ha m\u00f6jlighet till kollektivtrafik oavsett var i regionen de bor.<\/p>\n<h2><strong>Inf\u00f6r en r\u00e4ttvis bed\u00f6mningsmodell av kollektivtrafiken<\/strong><\/h2>\n<p>\u00d6desh\u00f6g har en stor andel som pendlar till och fr\u00e5n gymnasieskolor och arbetsplatser b\u00e5de i och utanf\u00f6r kommunen.<\/p>\n<p>N\u00e4r Regionen idag planerar linjerna f\u00f6r kollektivtrafiken baserar man det p\u00e5 antal resen\u00e4rer och inte hur l\u00e5ngt man \u00e5ker. En resa mellan tv\u00e5 h\u00e5llplatser i Link\u00f6ping likst\u00e4lls med en resa mellan \u00d6desh\u00f6g och Link\u00f6ping. Detta syns\u00e4tt missgynnar oss som bor p\u00e5 landsbygden och v\u00e5ra linjer riskerar att l\u00e4ggas ned.<\/p>\n<p>Vi Kristdemokrater vill se en reform av regelverket f\u00f6r bed\u00f6mning av vilka linjer som ska l\u00e4ggas ned och vilka som ska satsas p\u00e5 d\u00e4r man till h\u00f6gre grad tar h\u00e4nsyn till landsbygden d\u00e4r bilen idag ofta \u00e4r det enda alternativet.<\/p>\n<h2><strong>Inf\u00f6r v\u00e4ntetidsgaranti f\u00f6r sjukresor<\/strong><\/h2>\n<p>En ofta livsviktig del av den s\u00e4rskilda kollektivtrafiken \u00e4r sjukresor. Ett v\u00e5rdbes\u00f6k kan i sig inneb\u00e4ra en hel del oro och os\u00e4kerhet, och det \u00e4r d\u00e4rf\u00f6r s\u00e4rskilt viktigt att minska risken f\u00f6r oro kring transporten till bes\u00f6ket. Det \u00e4r n\u00f6dv\u00e4ndigt att den enskilde kan vara s\u00e4ker p\u00e5 att komma fram i tid till bes\u00f6ket i v\u00e5rden, men ocks\u00e5 att hemresan efter bes\u00f6ket ska kunna ske s\u00e5 snart efter avklarat v\u00e5rdbes\u00f6k som m\u00f6jligt.<\/p>\n<p>D\u00e4rf\u00f6r vill vi fr\u00e5n Kristdemokraterna se en reform av regelverket f\u00f6r sjukresor som inneb\u00e4r att en s\u00e5 kallad v\u00e4ntetidsgaranti inf\u00f6rs som stipulerar hur l\u00e5ng v\u00e4ntetid som kan accepteras oavsett resans l\u00e4ngd.<\/p>\n<h2><strong>Inr\u00e4tta expressbusslinje mellan Link\u00f6ping och J\u00f6nk\u00f6ping<\/strong><\/h2>\n<p>Utbyggnaden av j\u00e4rnv\u00e4gen mellan Link\u00f6ping och J\u00f6nk\u00f6ping har f\u00f6rsenats och det k\u00e4nns idag mycket oklart hur framtiden ser ut f\u00f6r nya j\u00e4rnv\u00e4gssp\u00e5r. D\u00e4rf\u00f6r kr\u00e4vs en annan fungerande l\u00f6sning. Det \u00e4r idag inte m\u00f6jligt att pendla till mellan Link\u00f6ping &#8211; J\u00f6nk\u00f6ping, trots att det \u00e4r ett angr\u00e4nsande l\u00e4n och en stor arbetsmarknads- och utvecklingsregion.<\/p>\n<p>Vi f\u00f6resl\u00e5r d\u00e4rf\u00f6r att en expressbusslinje inr\u00e4ttas mellan Link\u00f6ping och J\u00f6nk\u00f6ping, som ocks\u00e5 skulle m\u00f6jligg\u00f6ra effektiva stopp vid exempelvis \u00d6desh\u00f6g och Gr\u00e4nna, och d\u00e4rmed f\u00f6rb\u00e4ttra pendlingsm\u00f6jligheterna fr\u00e5n och till dessa orter.<\/p>\n<p><a href=\"https:\/\/wp.kristdemokraterna.se\/odeshog\/files\/2022\/08\/220816-kd-forslag-for-en-battre-kollektivtrafik-pa-landsbygden-2.pdf\"><img loading=\"lazy\" decoding=\"async\" class=\"wp-image-1047 aligncenter\" src=\"http:\/\/wp.kristdemokraterna.se\/odeshog\/files\/2022\/08\/skarmbild-2022-08-19-201107.jpg\" alt=\"\" width=\"162\" height=\"229\" srcset=\"https:\/\/wp.kristdemokraterna.se\/odeshog\/files\/2022\/08\/skarmbild-2022-08-19-201107.jpg 528w, https:\/\/wp.kristdemokraterna.se\/odeshog\/files\/2022\/08\/skarmbild-2022-08-19-201107-212x300.jpg 212w, https:\/\/wp.kristdemokraterna.se\/odeshog\/files\/2022\/08\/skarmbild-2022-08-19-201107-141x200.jpg 141w, https:\/\/wp.kristdemokraterna.se\/odeshog\/files\/2022\/08\/skarmbild-2022-08-19-201107-370x524.jpg 370w, https:\/\/wp.kristdemokraterna.se\/odeshog\/files\/2022\/08\/skarmbild-2022-08-19-201107-450x638.jpg 450w, https:\/\/wp.kristdemokraterna.se\/odeshog\/files\/2022\/08\/skarmbild-2022-08-19-201107-280x397.jpg 280w, https:\/\/wp.kristdemokraterna.se\/odeshog\/files\/2022\/08\/skarmbild-2022-08-19-201107-340x482.jpg 340w, https:\/\/wp.kristdemokraterna.se\/odeshog\/files\/2022\/08\/skarmbild-2022-08-19-201107-40x56.jpg 40w\" sizes=\"auto, (max-width: 162px) 100vw, 162px\" \/><\/a><\/p>\n","protected":false},"excerpt":{"rendered":"<p>\u00d6desh\u00f6g st\u00e5r inf\u00f6r m\u00e5nga utmaningar f\u00f6r att kunna utvecklas som kommun och att vi ska kunna fullf\u00f6lja det kommunala uppdraget p\u00e5 den niv\u00e5 som v\u00e5ra kommuninv\u00e5nare vill. Det g\u00e5r bra f\u00f6r \u00d6desh\u00f6g just nu, f\u00f6retag vill etablera sig, m\u00e4nniskor vill flytta hit, men att resa kollektivt blir sv\u00e5rare och sv\u00e5rare. Med \u00f6kade br\u00e4nslepriser och f\u00f6rs\u00e4mrad <a class=\"read-more-link\" href=\"https:\/\/wp.kristdemokraterna.se\/odeshog\/i-landstinget\/axplock-fran-det-regionala-valprogrammet\/kollektivtrafik\/\">Read More<\/a><\/p>\n","protected":false},"author":747,"featured_media":0,"parent":977,"menu_order":1,"comment_status":"closed","ping_status":"closed","template":"","meta":{"_acf_changed":false,"footnotes":""},"class_list":["post-979","page","type-page","status-publish","hentry"],"acf":[],"yoast_head":"<!-- This site is optimized with the Yoast SEO plugin v27.3 - https:\/\/yoast.com\/product\/yoast-seo-wordpress\/ -->\n<title>Kollektivtrafik - \u00d6desh\u00f6g<\/title>\n<meta name=\"robots\" content=\"index, follow, max-snippet:-1, max-image-preview:large, max-video-preview:-1\" \/>\n<link rel=\"canonical\" href=\"https:\/\/wp.kristdemokraterna.se\/odeshog\/i-landstinget\/axplock-fran-det-regionala-valprogrammet\/kollektivtrafik\/\" \/>\n<meta property=\"og:locale\" content=\"sv_SE\" \/>\n<meta property=\"og:type\" content=\"article\" \/>\n<meta property=\"og:title\" content=\"Kollektivtrafik - \u00d6desh\u00f6g\" \/>\n<meta property=\"og:description\" content=\"\u00d6desh\u00f6g st\u00e5r inf\u00f6r m\u00e5nga utmaningar f\u00f6r att kunna utvecklas som kommun och att vi ska kunna fullf\u00f6lja det kommunala uppdraget p\u00e5 den niv\u00e5 som v\u00e5ra kommuninv\u00e5nare vill. Det g\u00e5r bra f\u00f6r \u00d6desh\u00f6g just nu, f\u00f6retag vill etablera sig, m\u00e4nniskor vill flytta hit, men att resa kollektivt blir sv\u00e5rare och sv\u00e5rare. Med \u00f6kade br\u00e4nslepriser och f\u00f6rs\u00e4mrad Read More\" \/>\n<meta property=\"og:url\" content=\"https:\/\/wp.kristdemokraterna.se\/odeshog\/i-landstinget\/axplock-fran-det-regionala-valprogrammet\/kollektivtrafik\/\" \/>\n<meta property=\"og:site_name\" content=\"\u00d6desh\u00f6g\" \/>\n<meta property=\"article:modified_time\" content=\"2022-08-19T18:20:48+00:00\" \/>\n<meta property=\"og:image\" content=\"http:\/\/wp.kristdemokraterna.se\/odeshog\/files\/2022\/08\/skarmbild-2022-08-19-201107.jpg\" \/>\n<meta name=\"twitter:card\" content=\"summary_large_image\" \/>\n<meta name=\"twitter:label1\" content=\"Ber\u00e4knad l\u00e4stid\" \/>\n\t<meta name=\"twitter:data1\" content=\"3 minuter\" \/>\n<script type=\"application\/ld+json\" class=\"yoast-schema-graph\">{\"@context\":\"https:\\\/\\\/schema.org\",\"@graph\":[{\"@type\":\"WebPage\",\"@id\":\"https:\\\/\\\/wp.kristdemokraterna.se\\\/odeshog\\\/i-landstinget\\\/axplock-fran-det-regionala-valprogrammet\\\/kollektivtrafik\\\/\",\"url\":\"https:\\\/\\\/wp.kristdemokraterna.se\\\/odeshog\\\/i-landstinget\\\/axplock-fran-det-regionala-valprogrammet\\\/kollektivtrafik\\\/\",\"name\":\"Kollektivtrafik - \u00d6desh\u00f6g\",\"isPartOf\":{\"@id\":\"https:\\\/\\\/wp.kristdemokraterna.se\\\/odeshog\\\/#website\"},\"primaryImageOfPage\":{\"@id\":\"https:\\\/\\\/wp.kristdemokraterna.se\\\/odeshog\\\/i-landstinget\\\/axplock-fran-det-regionala-valprogrammet\\\/kollektivtrafik\\\/#primaryimage\"},\"image\":{\"@id\":\"https:\\\/\\\/wp.kristdemokraterna.se\\\/odeshog\\\/i-landstinget\\\/axplock-fran-det-regionala-valprogrammet\\\/kollektivtrafik\\\/#primaryimage\"},\"thumbnailUrl\":\"http:\\\/\\\/wp.kristdemokraterna.se\\\/odeshog\\\/files\\\/2022\\\/08\\\/skarmbild-2022-08-19-201107.jpg\",\"datePublished\":\"2022-07-08T05:13:05+00:00\",\"dateModified\":\"2022-08-19T18:20:48+00:00\",\"breadcrumb\":{\"@id\":\"https:\\\/\\\/wp.kristdemokraterna.se\\\/odeshog\\\/i-landstinget\\\/axplock-fran-det-regionala-valprogrammet\\\/kollektivtrafik\\\/#breadcrumb\"},\"inLanguage\":\"sv-SE\",\"potentialAction\":[{\"@type\":\"ReadAction\",\"target\":[\"https:\\\/\\\/wp.kristdemokraterna.se\\\/odeshog\\\/i-landstinget\\\/axplock-fran-det-regionala-valprogrammet\\\/kollektivtrafik\\\/\"]}]},{\"@type\":\"ImageObject\",\"inLanguage\":\"sv-SE\",\"@id\":\"https:\\\/\\\/wp.kristdemokraterna.se\\\/odeshog\\\/i-landstinget\\\/axplock-fran-det-regionala-valprogrammet\\\/kollektivtrafik\\\/#primaryimage\",\"url\":\"http:\\\/\\\/wp.kristdemokraterna.se\\\/odeshog\\\/files\\\/2022\\\/08\\\/skarmbild-2022-08-19-201107.jpg\",\"contentUrl\":\"http:\\\/\\\/wp.kristdemokraterna.se\\\/odeshog\\\/files\\\/2022\\\/08\\\/skarmbild-2022-08-19-201107.jpg\"},{\"@type\":\"BreadcrumbList\",\"@id\":\"https:\\\/\\\/wp.kristdemokraterna.se\\\/odeshog\\\/i-landstinget\\\/axplock-fran-det-regionala-valprogrammet\\\/kollektivtrafik\\\/#breadcrumb\",\"itemListElement\":[{\"@type\":\"ListItem\",\"position\":1,\"name\":\"Hem\",\"item\":\"https:\\\/\\\/wp.kristdemokraterna.se\\\/odeshog\\\/\"},{\"@type\":\"ListItem\",\"position\":2,\"name\":\"I Regionen\",\"item\":\"https:\\\/\\\/wp.kristdemokraterna.se\\\/odeshog\\\/i-landstinget\\\/\"},{\"@type\":\"ListItem\",\"position\":3,\"name\":\"Axplock &#8211; Regionalt valprogram\",\"item\":\"https:\\\/\\\/wp.kristdemokraterna.se\\\/odeshog\\\/i-landstinget\\\/axplock-fran-det-regionala-valprogrammet\\\/\"},{\"@type\":\"ListItem\",\"position\":4,\"name\":\"Kollektivtrafik\"}]},{\"@type\":\"WebSite\",\"@id\":\"https:\\\/\\\/wp.kristdemokraterna.se\\\/odeshog\\\/#website\",\"url\":\"https:\\\/\\\/wp.kristdemokraterna.se\\\/odeshog\\\/\",\"name\":\"\u00d6desh\u00f6g\",\"description\":\"En till Kristdemokraterna webbplats\",\"inLanguage\":\"sv-SE\"}]}<\/script>\n<!-- \/ Yoast SEO plugin. -->","yoast_head_json":{"title":"Kollektivtrafik - \u00d6desh\u00f6g","robots":{"index":"index","follow":"follow","max-snippet":"max-snippet:-1","max-image-preview":"max-image-preview:large","max-video-preview":"max-video-preview:-1"},"canonical":"https:\/\/wp.kristdemokraterna.se\/odeshog\/i-landstinget\/axplock-fran-det-regionala-valprogrammet\/kollektivtrafik\/","og_locale":"sv_SE","og_type":"article","og_title":"Kollektivtrafik - \u00d6desh\u00f6g","og_description":"\u00d6desh\u00f6g st\u00e5r inf\u00f6r m\u00e5nga utmaningar f\u00f6r att kunna utvecklas som kommun och att vi ska kunna fullf\u00f6lja det kommunala uppdraget p\u00e5 den niv\u00e5 som v\u00e5ra kommuninv\u00e5nare vill. Det g\u00e5r bra f\u00f6r \u00d6desh\u00f6g just nu, f\u00f6retag vill etablera sig, m\u00e4nniskor vill flytta hit, men att resa kollektivt blir sv\u00e5rare och sv\u00e5rare. Med \u00f6kade br\u00e4nslepriser och f\u00f6rs\u00e4mrad Read More","og_url":"https:\/\/wp.kristdemokraterna.se\/odeshog\/i-landstinget\/axplock-fran-det-regionala-valprogrammet\/kollektivtrafik\/","og_site_name":"\u00d6desh\u00f6g","article_modified_time":"2022-08-19T18:20:48+00:00","og_image":[{"url":"http:\/\/wp.kristdemokraterna.se\/odeshog\/files\/2022\/08\/skarmbild-2022-08-19-201107.jpg","type":"","width":"","height":""}],"twitter_card":"summary_large_image","twitter_misc":{"Ber\u00e4knad l\u00e4stid":"3 minuter"},"schema":{"@context":"https:\/\/schema.org","@graph":[{"@type":"WebPage","@id":"https:\/\/wp.kristdemokraterna.se\/odeshog\/i-landstinget\/axplock-fran-det-regionala-valprogrammet\/kollektivtrafik\/","url":"https:\/\/wp.kristdemokraterna.se\/odeshog\/i-landstinget\/axplock-fran-det-regionala-valprogrammet\/kollektivtrafik\/","name":"Kollektivtrafik - \u00d6desh\u00f6g","isPartOf":{"@id":"https:\/\/wp.kristdemokraterna.se\/odeshog\/#website"},"primaryImageOfPage":{"@id":"https:\/\/wp.kristdemokraterna.se\/odeshog\/i-landstinget\/axplock-fran-det-regionala-valprogrammet\/kollektivtrafik\/#primaryimage"},"image":{"@id":"https:\/\/wp.kristdemokraterna.se\/odeshog\/i-landstinget\/axplock-fran-det-regionala-valprogrammet\/kollektivtrafik\/#primaryimage"},"thumbnailUrl":"http:\/\/wp.kristdemokraterna.se\/odeshog\/files\/2022\/08\/skarmbild-2022-08-19-201107.jpg","datePublished":"2022-07-08T05:13:05+00:00","dateModified":"2022-08-19T18:20:48+00:00","breadcrumb":{"@id":"https:\/\/wp.kristdemokraterna.se\/odeshog\/i-landstinget\/axplock-fran-det-regionala-valprogrammet\/kollektivtrafik\/#breadcrumb"},"inLanguage":"sv-SE","potentialAction":[{"@type":"ReadAction","target":["https:\/\/wp.kristdemokraterna.se\/odeshog\/i-landstinget\/axplock-fran-det-regionala-valprogrammet\/kollektivtrafik\/"]}]},{"@type":"ImageObject","inLanguage":"sv-SE","@id":"https:\/\/wp.kristdemokraterna.se\/odeshog\/i-landstinget\/axplock-fran-det-regionala-valprogrammet\/kollektivtrafik\/#primaryimage","url":"http:\/\/wp.kristdemokraterna.se\/odeshog\/files\/2022\/08\/skarmbild-2022-08-19-201107.jpg","contentUrl":"http:\/\/wp.kristdemokraterna.se\/odeshog\/files\/2022\/08\/skarmbild-2022-08-19-201107.jpg"},{"@type":"BreadcrumbList","@id":"https:\/\/wp.kristdemokraterna.se\/odeshog\/i-landstinget\/axplock-fran-det-regionala-valprogrammet\/kollektivtrafik\/#breadcrumb","itemListElement":[{"@type":"ListItem","position":1,"name":"Hem","item":"https:\/\/wp.kristdemokraterna.se\/odeshog\/"},{"@type":"ListItem","position":2,"name":"I Regionen","item":"https:\/\/wp.kristdemokraterna.se\/odeshog\/i-landstinget\/"},{"@type":"ListItem","position":3,"name":"Axplock &#8211; Regionalt valprogram","item":"https:\/\/wp.kristdemokraterna.se\/odeshog\/i-landstinget\/axplock-fran-det-regionala-valprogrammet\/"},{"@type":"ListItem","position":4,"name":"Kollektivtrafik"}]},{"@type":"WebSite","@id":"https:\/\/wp.kristdemokraterna.se\/odeshog\/#website","url":"https:\/\/wp.kristdemokraterna.se\/odeshog\/","name":"\u00d6desh\u00f6g","description":"En till Kristdemokraterna webbplats","inLanguage":"sv-SE"}]}},"_links":{"self":[{"href":"https:\/\/wp.kristdemokraterna.se\/odeshog\/wp-json\/wp\/v2\/pages\/979","targetHints":{"allow":["GET"]}}],"collection":[{"href":"https:\/\/wp.kristdemokraterna.se\/odeshog\/wp-json\/wp\/v2\/pages"}],"about":[{"href":"https:\/\/wp.kristdemokraterna.se\/odeshog\/wp-json\/wp\/v2\/types\/page"}],"author":[{"embeddable":true,"href":"https:\/\/wp.kristdemokraterna.se\/odeshog\/wp-json\/wp\/v2\/users\/747"}],"replies":[{"embeddable":true,"href":"https:\/\/wp.kristdemokraterna.se\/odeshog\/wp-json\/wp\/v2\/comments?post=979"}],"version-history":[{"count":11,"href":"https:\/\/wp.kristdemokraterna.se\/odeshog\/wp-json\/wp\/v2\/pages\/979\/revisions"}],"predecessor-version":[{"id":1054,"href":"https:\/\/wp.kristdemokraterna.se\/odeshog\/wp-json\/wp\/v2\/pages\/979\/revisions\/1054"}],"up":[{"embeddable":true,"href":"https:\/\/wp.kristdemokraterna.se\/odeshog\/wp-json\/wp\/v2\/pages\/977"}],"wp:attachment":[{"href":"https:\/\/wp.kristdemokraterna.se\/odeshog\/wp-json\/wp\/v2\/media?parent=979"}],"curies":[{"name":"wp","href":"https:\/\/api.w.org\/{rel}","templated":true}]}}