{"id":363,"date":"2017-12-04T16:11:27","date_gmt":"2017-12-04T15:11:27","guid":{"rendered":"http:\/\/wp.kristdemokraterna.se\/oland\/?page_id=363"},"modified":"2025-03-10T12:17:38","modified_gmt":"2025-03-10T11:17:38","slug":"kontakta-oss-2","status":"publish","type":"page","link":"https:\/\/wp.kristdemokraterna.se\/oland\/textsida-med-vanster-sidebar\/kontakta-oss-2\/","title":{"rendered":"Kontakta oss"},"content":{"rendered":"<h3>Kontakta v\u00e5r partiavdelning<br \/>\nPostadress:<\/h3>\n<p>Kristdemokraterna \u00d6land<br \/>\nSj\u00f6lundsv\u00e4gen 19, 387 70 L\u00f6ttorp<\/p>\n<h3>Partiavdelningsstyrelse 2025<\/h3>\n<p><strong>Marwin Johansson 073-229 00 22<\/strong><br \/>\nPartiavdelningsordf\u00f6rande<\/p>\n<p><a href=\"http:\/\/wp.kristdemokraterna.se\/oland\/files\/2025\/03\/marwin.jpg\"><img loading=\"lazy\" decoding=\"async\" class=\"alignnone wp-image-558\" src=\"http:\/\/wp.kristdemokraterna.se\/oland\/files\/2025\/03\/marwin-300x300.jpg\" alt=\"\" width=\"172\" height=\"172\" srcset=\"https:\/\/wp.kristdemokraterna.se\/oland\/files\/2025\/03\/marwin-300x300.jpg 300w, https:\/\/wp.kristdemokraterna.se\/oland\/files\/2025\/03\/marwin-1024x1024.jpg 1024w, https:\/\/wp.kristdemokraterna.se\/oland\/files\/2025\/03\/marwin-150x150.jpg 150w, https:\/\/wp.kristdemokraterna.se\/oland\/files\/2025\/03\/marwin-768x768.jpg 768w, https:\/\/wp.kristdemokraterna.se\/oland\/files\/2025\/03\/marwin-200x200.jpg 200w, https:\/\/wp.kristdemokraterna.se\/oland\/files\/2025\/03\/marwin-370x370.jpg 370w, https:\/\/wp.kristdemokraterna.se\/oland\/files\/2025\/03\/marwin-90x90.jpg 90w, https:\/\/wp.kristdemokraterna.se\/oland\/files\/2025\/03\/marwin-770x770.jpg 770w, https:\/\/wp.kristdemokraterna.se\/oland\/files\/2025\/03\/marwin-450x450.jpg 450w, https:\/\/wp.kristdemokraterna.se\/oland\/files\/2025\/03\/marwin-280x280.jpg 280w, https:\/\/wp.kristdemokraterna.se\/oland\/files\/2025\/03\/marwin-340x340.jpg 340w, https:\/\/wp.kristdemokraterna.se\/oland\/files\/2025\/03\/marwin-56x56.jpg 56w, https:\/\/wp.kristdemokraterna.se\/oland\/files\/2025\/03\/marwin.jpg 1446w\" sizes=\"auto, (max-width: 172px) 100vw, 172px\" \/><\/a><\/p>\n<p><strong>Samuel Sigvardsson 073-370 41 20<\/strong><br \/>\n1:e vice partiavdelningsordf\u00f6rande<\/p>\n<p><a href=\"http:\/\/wp.kristdemokraterna.se\/oland\/files\/2025\/03\/samuel.jpg\"><img loading=\"lazy\" decoding=\"async\" class=\"alignnone wp-image-561\" src=\"http:\/\/wp.kristdemokraterna.se\/oland\/files\/2025\/03\/samuel-300x300.jpg\" alt=\"\" width=\"189\" height=\"189\" srcset=\"https:\/\/wp.kristdemokraterna.se\/oland\/files\/2025\/03\/samuel-300x300.jpg 300w, https:\/\/wp.kristdemokraterna.se\/oland\/files\/2025\/03\/samuel-150x150.jpg 150w, https:\/\/wp.kristdemokraterna.se\/oland\/files\/2025\/03\/samuel-199x200.jpg 199w, https:\/\/wp.kristdemokraterna.se\/oland\/files\/2025\/03\/samuel-370x371.jpg 370w, https:\/\/wp.kristdemokraterna.se\/oland\/files\/2025\/03\/samuel-90x90.jpg 90w, https:\/\/wp.kristdemokraterna.se\/oland\/files\/2025\/03\/samuel-450x451.jpg 450w, https:\/\/wp.kristdemokraterna.se\/oland\/files\/2025\/03\/samuel-280x281.jpg 280w, https:\/\/wp.kristdemokraterna.se\/oland\/files\/2025\/03\/samuel-340x341.jpg 340w, https:\/\/wp.kristdemokraterna.se\/oland\/files\/2025\/03\/samuel-200x200.jpg 200w, https:\/\/wp.kristdemokraterna.se\/oland\/files\/2025\/03\/samuel-56x56.jpg 56w, https:\/\/wp.kristdemokraterna.se\/oland\/files\/2025\/03\/samuel.jpg 756w\" sizes=\"auto, (max-width: 189px) 100vw, 189px\" \/><\/a><\/p>\n<p><strong>Bo Sj\u00f6din 073-986 85 21<\/strong><br \/>\nPartiavdelningsstyrelseledamot<\/p>\n<p><strong>Jonas Wulff 070-309 09 24<\/strong><br \/>\nPartiavdelningsstyrelseledamot<\/p>\n<p><a href=\"http:\/\/wp.kristdemokraterna.se\/oland\/files\/2025\/03\/jonas.jpg\"><img loading=\"lazy\" decoding=\"async\" class=\"alignnone wp-image-556\" src=\"http:\/\/wp.kristdemokraterna.se\/oland\/files\/2025\/03\/jonas-300x235.jpg\" alt=\"\" width=\"193\" height=\"152\" srcset=\"https:\/\/wp.kristdemokraterna.se\/oland\/files\/2025\/03\/jonas-300x235.jpg 300w, https:\/\/wp.kristdemokraterna.se\/oland\/files\/2025\/03\/jonas-768x602.jpg 768w, https:\/\/wp.kristdemokraterna.se\/oland\/files\/2025\/03\/jonas-255x200.jpg 255w, https:\/\/wp.kristdemokraterna.se\/oland\/files\/2025\/03\/jonas-370x290.jpg 370w, https:\/\/wp.kristdemokraterna.se\/oland\/files\/2025\/03\/jonas-770x604.jpg 770w, https:\/\/wp.kristdemokraterna.se\/oland\/files\/2025\/03\/jonas-450x353.jpg 450w, https:\/\/wp.kristdemokraterna.se\/oland\/files\/2025\/03\/jonas-280x219.jpg 280w, https:\/\/wp.kristdemokraterna.se\/oland\/files\/2025\/03\/jonas-340x266.jpg 340w, https:\/\/wp.kristdemokraterna.se\/oland\/files\/2025\/03\/jonas-200x157.jpg 200w, https:\/\/wp.kristdemokraterna.se\/oland\/files\/2025\/03\/jonas-71x56.jpg 71w, https:\/\/wp.kristdemokraterna.se\/oland\/files\/2025\/03\/jonas.jpg 828w\" sizes=\"auto, (max-width: 193px) 100vw, 193px\" \/><\/a><\/p>\n<p><strong>Madeleine Karlstr\u00f6m 070-332 60 80<\/strong><br \/>\nPartiavdelningsstyrelseledamot<\/p>\n<p><a href=\"http:\/\/wp.kristdemokraterna.se\/oland\/files\/2025\/03\/madde.jpg\"><img loading=\"lazy\" decoding=\"async\" class=\"alignnone wp-image-581\" src=\"http:\/\/wp.kristdemokraterna.se\/oland\/files\/2025\/03\/madde-224x300.jpg\" alt=\"\" width=\"165\" height=\"221\" srcset=\"https:\/\/wp.kristdemokraterna.se\/oland\/files\/2025\/03\/madde-224x300.jpg 224w, https:\/\/wp.kristdemokraterna.se\/oland\/files\/2025\/03\/madde-149x200.jpg 149w, https:\/\/wp.kristdemokraterna.se\/oland\/files\/2025\/03\/madde-370x495.jpg 370w, https:\/\/wp.kristdemokraterna.se\/oland\/files\/2025\/03\/madde-450x603.jpg 450w, https:\/\/wp.kristdemokraterna.se\/oland\/files\/2025\/03\/madde-280x375.jpg 280w, https:\/\/wp.kristdemokraterna.se\/oland\/files\/2025\/03\/madde-340x455.jpg 340w, https:\/\/wp.kristdemokraterna.se\/oland\/files\/2025\/03\/madde-42x56.jpg 42w, https:\/\/wp.kristdemokraterna.se\/oland\/files\/2025\/03\/madde.jpg 717w\" sizes=\"auto, (max-width: 165px) 100vw, 165px\" \/><\/a><\/p>\n<p><strong>Erik Carlsson 070-526 60 74<\/strong><br \/>\nPartiavdelningsstyrelseers\u00e4ttare<\/p>\n<p><a href=\"http:\/\/wp.kristdemokraterna.se\/oland\/files\/2025\/03\/erik.jpg\"><img loading=\"lazy\" decoding=\"async\" class=\"alignnone wp-image-578\" src=\"http:\/\/wp.kristdemokraterna.se\/oland\/files\/2025\/03\/erik-292x300.jpg\" alt=\"\" width=\"163\" height=\"167\" srcset=\"https:\/\/wp.kristdemokraterna.se\/oland\/files\/2025\/03\/erik-292x300.jpg 292w, https:\/\/wp.kristdemokraterna.se\/oland\/files\/2025\/03\/erik-998x1024.jpg 998w, https:\/\/wp.kristdemokraterna.se\/oland\/files\/2025\/03\/erik-768x788.jpg 768w, https:\/\/wp.kristdemokraterna.se\/oland\/files\/2025\/03\/erik-1496x1536.jpg 1496w, https:\/\/wp.kristdemokraterna.se\/oland\/files\/2025\/03\/erik-195x200.jpg 195w, https:\/\/wp.kristdemokraterna.se\/oland\/files\/2025\/03\/erik-370x380.jpg 370w, https:\/\/wp.kristdemokraterna.se\/oland\/files\/2025\/03\/erik-770x790.jpg 770w, https:\/\/wp.kristdemokraterna.se\/oland\/files\/2025\/03\/erik-450x462.jpg 450w, https:\/\/wp.kristdemokraterna.se\/oland\/files\/2025\/03\/erik-280x287.jpg 280w, https:\/\/wp.kristdemokraterna.se\/oland\/files\/2025\/03\/erik-340x349.jpg 340w, https:\/\/wp.kristdemokraterna.se\/oland\/files\/2025\/03\/erik-55x56.jpg 55w, https:\/\/wp.kristdemokraterna.se\/oland\/files\/2025\/03\/erik.jpg 1995w\" sizes=\"auto, (max-width: 163px) 100vw, 163px\" \/><\/a><\/p>\n<p><strong>Helena Erlandsson 070-604 26 28<\/strong><br \/>\nPartiavdelningsstyrelseers\u00e4ttare<\/p>\n<p><a href=\"http:\/\/wp.kristdemokraterna.se\/oland\/files\/2025\/03\/helena.jpg\"><img loading=\"lazy\" decoding=\"async\" class=\"alignnone  wp-image-584\" src=\"http:\/\/wp.kristdemokraterna.se\/oland\/files\/2025\/03\/helena-199x300.jpg\" alt=\"\" width=\"159\" height=\"240\" srcset=\"https:\/\/wp.kristdemokraterna.se\/oland\/files\/2025\/03\/helena-199x300.jpg 199w, https:\/\/wp.kristdemokraterna.se\/oland\/files\/2025\/03\/helena-133x200.jpg 133w, https:\/\/wp.kristdemokraterna.se\/oland\/files\/2025\/03\/helena-370x557.jpg 370w, https:\/\/wp.kristdemokraterna.se\/oland\/files\/2025\/03\/helena-450x677.jpg 450w, https:\/\/wp.kristdemokraterna.se\/oland\/files\/2025\/03\/helena-267x402.jpg 267w, https:\/\/wp.kristdemokraterna.se\/oland\/files\/2025\/03\/helena-340x512.jpg 340w, https:\/\/wp.kristdemokraterna.se\/oland\/files\/2025\/03\/helena-37x56.jpg 37w, https:\/\/wp.kristdemokraterna.se\/oland\/files\/2025\/03\/helena.jpg 638w\" sizes=\"auto, (max-width: 159px) 100vw, 159px\" \/><\/a><\/p>\n<p><strong>Denise Fransson<\/strong><br \/>\nPartiavdelningsstyrelseers\u00e4ttare<\/p>\n<p><a href=\"http:\/\/wp.kristdemokraterna.se\/oland\/files\/2025\/03\/denise.jpg\"><img loading=\"lazy\" decoding=\"async\" class=\"alignnone wp-image-553\" src=\"http:\/\/wp.kristdemokraterna.se\/oland\/files\/2025\/03\/denise-300x230.jpg\" alt=\"\" width=\"177\" height=\"135\" srcset=\"https:\/\/wp.kristdemokraterna.se\/oland\/files\/2025\/03\/denise-300x230.jpg 300w, https:\/\/wp.kristdemokraterna.se\/oland\/files\/2025\/03\/denise-1024x783.jpg 1024w, https:\/\/wp.kristdemokraterna.se\/oland\/files\/2025\/03\/denise-768x588.jpg 768w, https:\/\/wp.kristdemokraterna.se\/oland\/files\/2025\/03\/denise-261x200.jpg 261w, https:\/\/wp.kristdemokraterna.se\/oland\/files\/2025\/03\/denise-370x283.jpg 370w, https:\/\/wp.kristdemokraterna.se\/oland\/files\/2025\/03\/denise-770x589.jpg 770w, https:\/\/wp.kristdemokraterna.se\/oland\/files\/2025\/03\/denise-450x344.jpg 450w, https:\/\/wp.kristdemokraterna.se\/oland\/files\/2025\/03\/denise-280x214.jpg 280w, https:\/\/wp.kristdemokraterna.se\/oland\/files\/2025\/03\/denise-340x260.jpg 340w, https:\/\/wp.kristdemokraterna.se\/oland\/files\/2025\/03\/denise-200x153.jpg 200w, https:\/\/wp.kristdemokraterna.se\/oland\/files\/2025\/03\/denise-73x56.jpg 73w, https:\/\/wp.kristdemokraterna.se\/oland\/files\/2025\/03\/denise.jpg 1179w\" sizes=\"auto, (max-width: 177px) 100vw, 177px\" \/><\/a><\/p>\n<p><strong>Sebastian Hall\u00e9n 073-909 71 93<\/strong><br \/>\nPartiavdelningsstyrelseers\u00e4ttare<\/p>\n<p><a href=\"http:\/\/wp.kristdemokraterna.se\/oland\/files\/2025\/03\/sebastian-scaled.jpg\"><img loading=\"lazy\" decoding=\"async\" class=\"alignnone wp-image-566\" src=\"http:\/\/wp.kristdemokraterna.se\/oland\/files\/2025\/03\/sebastian-225x300.jpg\" alt=\"\" width=\"137\" height=\"183\" srcset=\"https:\/\/wp.kristdemokraterna.se\/oland\/files\/2025\/03\/sebastian-225x300.jpg 225w, https:\/\/wp.kristdemokraterna.se\/oland\/files\/2025\/03\/sebastian-768x1024.jpg 768w, https:\/\/wp.kristdemokraterna.se\/oland\/files\/2025\/03\/sebastian-1152x1536.jpg 1152w, https:\/\/wp.kristdemokraterna.se\/oland\/files\/2025\/03\/sebastian-1536x2048.jpg 1536w, https:\/\/wp.kristdemokraterna.se\/oland\/files\/2025\/03\/sebastian-150x200.jpg 150w, https:\/\/wp.kristdemokraterna.se\/oland\/files\/2025\/03\/sebastian-370x493.jpg 370w, https:\/\/wp.kristdemokraterna.se\/oland\/files\/2025\/03\/sebastian-770x1027.jpg 770w, https:\/\/wp.kristdemokraterna.se\/oland\/files\/2025\/03\/sebastian-450x600.jpg 450w, https:\/\/wp.kristdemokraterna.se\/oland\/files\/2025\/03\/sebastian-280x373.jpg 280w, https:\/\/wp.kristdemokraterna.se\/oland\/files\/2025\/03\/sebastian-340x453.jpg 340w, https:\/\/wp.kristdemokraterna.se\/oland\/files\/2025\/03\/sebastian-42x56.jpg 42w, https:\/\/wp.kristdemokraterna.se\/oland\/files\/2025\/03\/sebastian-scaled.jpg 1920w\" sizes=\"auto, (max-width: 137px) 100vw, 137px\" \/><\/a><\/p>\n<p><strong>Jeanette Lindh<\/strong><br \/>\nPartiavdelningsstyrelseers\u00e4ttare<\/p>\n","protected":false},"excerpt":{"rendered":"<p>Kontakta v\u00e5r partiavdelning Postadress: Kristdemokraterna \u00d6land Sj\u00f6lundsv\u00e4gen 19, 387 70 L\u00f6ttorp Partiavdelningsstyrelse 2025 Marwin Johansson 073-229 00 22 Partiavdelningsordf\u00f6rande Samuel Sigvardsson 073-370 41 20 1:e vice partiavdelningsordf\u00f6rande Bo Sj\u00f6din 073-986 85 21 Partiavdelningsstyrelseledamot Jonas Wulff 070-309 09 24 Partiavdelningsstyrelseledamot Madeleine Karlstr\u00f6m 070-332 60 80 Partiavdelningsstyrelseledamot Erik Carlsson 070-526 60 74 Partiavdelningsstyrelseers\u00e4ttare Helena Erlandsson 070-604 26 <a class=\"read-more-link\" href=\"https:\/\/wp.kristdemokraterna.se\/oland\/textsida-med-vanster-sidebar\/kontakta-oss-2\/\">L\u00e4s mer<\/a><\/p>\n","protected":false},"author":480,"featured_media":0,"parent":269,"menu_order":0,"comment_status":"closed","ping_status":"closed","template":"page.php","meta":{"_acf_changed":false,"footnotes":""},"class_list":["post-363","page","type-page","status-publish","hentry"],"acf":[],"yoast_head":"<!-- This site is optimized with the Yoast SEO plugin v27.4 - https:\/\/yoast.com\/product\/yoast-seo-wordpress\/ -->\n<title>Kontakta oss - Kristdemokraterna p\u00e5 \u00d6land<\/title>\n<meta name=\"robots\" content=\"index, follow, max-snippet:-1, max-image-preview:large, max-video-preview:-1\" \/>\n<link rel=\"canonical\" href=\"https:\/\/wp.kristdemokraterna.se\/oland\/textsida-med-vanster-sidebar\/kontakta-oss-2\/\" \/>\n<meta property=\"og:locale\" content=\"sv_SE\" \/>\n<meta property=\"og:type\" content=\"article\" \/>\n<meta property=\"og:title\" content=\"Kontakta oss - Kristdemokraterna p\u00e5 \u00d6land\" \/>\n<meta property=\"og:description\" content=\"Kontakta v\u00e5r partiavdelning Postadress: Kristdemokraterna \u00d6land Sj\u00f6lundsv\u00e4gen 19, 387 70 L\u00f6ttorp Partiavdelningsstyrelse 2025 Marwin Johansson 073-229 00 22 Partiavdelningsordf\u00f6rande Samuel Sigvardsson 073-370 41 20 1:e vice partiavdelningsordf\u00f6rande Bo Sj\u00f6din 073-986 85 21 Partiavdelningsstyrelseledamot Jonas Wulff 070-309 09 24 Partiavdelningsstyrelseledamot Madeleine Karlstr\u00f6m 070-332 60 80 Partiavdelningsstyrelseledamot Erik Carlsson 070-526 60 74 Partiavdelningsstyrelseers\u00e4ttare Helena Erlandsson 070-604 26 L\u00e4s mer\" \/>\n<meta property=\"og:url\" content=\"https:\/\/wp.kristdemokraterna.se\/oland\/textsida-med-vanster-sidebar\/kontakta-oss-2\/\" \/>\n<meta property=\"og:site_name\" content=\"Kristdemokraterna p\u00e5 \u00d6land\" \/>\n<meta property=\"article:modified_time\" content=\"2025-03-10T11:17:38+00:00\" \/>\n<meta property=\"og:image\" content=\"https:\/\/wp.kristdemokraterna.se\/oland\/files\/2025\/03\/marwin.jpg\" \/>\n\t<meta property=\"og:image:width\" content=\"1446\" \/>\n\t<meta property=\"og:image:height\" content=\"1446\" \/>\n\t<meta property=\"og:image:type\" content=\"image\/jpeg\" \/>\n<meta name=\"twitter:card\" content=\"summary_large_image\" \/>\n<meta name=\"twitter:label1\" content=\"Ber\u00e4knad l\u00e4stid\" \/>\n\t<meta name=\"twitter:data1\" content=\"2 minuter\" \/>\n<script type=\"application\/ld+json\" class=\"yoast-schema-graph\">{\"@context\":\"https:\\\/\\\/schema.org\",\"@graph\":[{\"@type\":\"WebPage\",\"@id\":\"https:\\\/\\\/wp.kristdemokraterna.se\\\/oland\\\/textsida-med-vanster-sidebar\\\/kontakta-oss-2\\\/\",\"url\":\"https:\\\/\\\/wp.kristdemokraterna.se\\\/oland\\\/textsida-med-vanster-sidebar\\\/kontakta-oss-2\\\/\",\"name\":\"Kontakta oss - Kristdemokraterna p\u00e5 \u00d6land\",\"isPartOf\":{\"@id\":\"https:\\\/\\\/wp.kristdemokraterna.se\\\/oland\\\/#website\"},\"primaryImageOfPage\":{\"@id\":\"https:\\\/\\\/wp.kristdemokraterna.se\\\/oland\\\/textsida-med-vanster-sidebar\\\/kontakta-oss-2\\\/#primaryimage\"},\"image\":{\"@id\":\"https:\\\/\\\/wp.kristdemokraterna.se\\\/oland\\\/textsida-med-vanster-sidebar\\\/kontakta-oss-2\\\/#primaryimage\"},\"thumbnailUrl\":\"http:\\\/\\\/wp.kristdemokraterna.se\\\/oland\\\/files\\\/2025\\\/03\\\/marwin-300x300.jpg\",\"datePublished\":\"2017-12-04T15:11:27+00:00\",\"dateModified\":\"2025-03-10T11:17:38+00:00\",\"breadcrumb\":{\"@id\":\"https:\\\/\\\/wp.kristdemokraterna.se\\\/oland\\\/textsida-med-vanster-sidebar\\\/kontakta-oss-2\\\/#breadcrumb\"},\"inLanguage\":\"sv-SE\",\"potentialAction\":[{\"@type\":\"ReadAction\",\"target\":[\"https:\\\/\\\/wp.kristdemokraterna.se\\\/oland\\\/textsida-med-vanster-sidebar\\\/kontakta-oss-2\\\/\"]}]},{\"@type\":\"ImageObject\",\"inLanguage\":\"sv-SE\",\"@id\":\"https:\\\/\\\/wp.kristdemokraterna.se\\\/oland\\\/textsida-med-vanster-sidebar\\\/kontakta-oss-2\\\/#primaryimage\",\"url\":\"https:\\\/\\\/wp.kristdemokraterna.se\\\/oland\\\/files\\\/2025\\\/03\\\/marwin.jpg\",\"contentUrl\":\"https:\\\/\\\/wp.kristdemokraterna.se\\\/oland\\\/files\\\/2025\\\/03\\\/marwin.jpg\",\"width\":1446,\"height\":1446},{\"@type\":\"BreadcrumbList\",\"@id\":\"https:\\\/\\\/wp.kristdemokraterna.se\\\/oland\\\/textsida-med-vanster-sidebar\\\/kontakta-oss-2\\\/#breadcrumb\",\"itemListElement\":[{\"@type\":\"ListItem\",\"position\":1,\"name\":\"Hem\",\"item\":\"https:\\\/\\\/wp.kristdemokraterna.se\\\/oland\\\/\"},{\"@type\":\"ListItem\",\"position\":2,\"name\":\"V\u00e5r partiavdelning\",\"item\":\"https:\\\/\\\/wp.kristdemokraterna.se\\\/oland\\\/textsida-med-vanster-sidebar\\\/\"},{\"@type\":\"ListItem\",\"position\":3,\"name\":\"Kontakta oss\"}]},{\"@type\":\"WebSite\",\"@id\":\"https:\\\/\\\/wp.kristdemokraterna.se\\\/oland\\\/#website\",\"url\":\"https:\\\/\\\/wp.kristdemokraterna.se\\\/oland\\\/\",\"name\":\"Kristdemokraterna p\u00e5 \u00d6land\",\"description\":\"En till Kristdemokraterna webbplats\",\"inLanguage\":\"sv-SE\"}]}<\/script>\n<!-- \/ Yoast SEO plugin. -->","yoast_head_json":{"title":"Kontakta oss - Kristdemokraterna p\u00e5 \u00d6land","robots":{"index":"index","follow":"follow","max-snippet":"max-snippet:-1","max-image-preview":"max-image-preview:large","max-video-preview":"max-video-preview:-1"},"canonical":"https:\/\/wp.kristdemokraterna.se\/oland\/textsida-med-vanster-sidebar\/kontakta-oss-2\/","og_locale":"sv_SE","og_type":"article","og_title":"Kontakta oss - Kristdemokraterna p\u00e5 \u00d6land","og_description":"Kontakta v\u00e5r partiavdelning Postadress: Kristdemokraterna \u00d6land Sj\u00f6lundsv\u00e4gen 19, 387 70 L\u00f6ttorp Partiavdelningsstyrelse 2025 Marwin Johansson 073-229 00 22 Partiavdelningsordf\u00f6rande Samuel Sigvardsson 073-370 41 20 1:e vice partiavdelningsordf\u00f6rande Bo Sj\u00f6din 073-986 85 21 Partiavdelningsstyrelseledamot Jonas Wulff 070-309 09 24 Partiavdelningsstyrelseledamot Madeleine Karlstr\u00f6m 070-332 60 80 Partiavdelningsstyrelseledamot Erik Carlsson 070-526 60 74 Partiavdelningsstyrelseers\u00e4ttare Helena Erlandsson 070-604 26 L\u00e4s mer","og_url":"https:\/\/wp.kristdemokraterna.se\/oland\/textsida-med-vanster-sidebar\/kontakta-oss-2\/","og_site_name":"Kristdemokraterna p\u00e5 \u00d6land","article_modified_time":"2025-03-10T11:17:38+00:00","og_image":[{"width":1446,"height":1446,"url":"https:\/\/wp.kristdemokraterna.se\/oland\/files\/2025\/03\/marwin.jpg","type":"image\/jpeg"}],"twitter_card":"summary_large_image","twitter_misc":{"Ber\u00e4knad l\u00e4stid":"2 minuter"},"schema":{"@context":"https:\/\/schema.org","@graph":[{"@type":"WebPage","@id":"https:\/\/wp.kristdemokraterna.se\/oland\/textsida-med-vanster-sidebar\/kontakta-oss-2\/","url":"https:\/\/wp.kristdemokraterna.se\/oland\/textsida-med-vanster-sidebar\/kontakta-oss-2\/","name":"Kontakta oss - Kristdemokraterna p\u00e5 \u00d6land","isPartOf":{"@id":"https:\/\/wp.kristdemokraterna.se\/oland\/#website"},"primaryImageOfPage":{"@id":"https:\/\/wp.kristdemokraterna.se\/oland\/textsida-med-vanster-sidebar\/kontakta-oss-2\/#primaryimage"},"image":{"@id":"https:\/\/wp.kristdemokraterna.se\/oland\/textsida-med-vanster-sidebar\/kontakta-oss-2\/#primaryimage"},"thumbnailUrl":"http:\/\/wp.kristdemokraterna.se\/oland\/files\/2025\/03\/marwin-300x300.jpg","datePublished":"2017-12-04T15:11:27+00:00","dateModified":"2025-03-10T11:17:38+00:00","breadcrumb":{"@id":"https:\/\/wp.kristdemokraterna.se\/oland\/textsida-med-vanster-sidebar\/kontakta-oss-2\/#breadcrumb"},"inLanguage":"sv-SE","potentialAction":[{"@type":"ReadAction","target":["https:\/\/wp.kristdemokraterna.se\/oland\/textsida-med-vanster-sidebar\/kontakta-oss-2\/"]}]},{"@type":"ImageObject","inLanguage":"sv-SE","@id":"https:\/\/wp.kristdemokraterna.se\/oland\/textsida-med-vanster-sidebar\/kontakta-oss-2\/#primaryimage","url":"https:\/\/wp.kristdemokraterna.se\/oland\/files\/2025\/03\/marwin.jpg","contentUrl":"https:\/\/wp.kristdemokraterna.se\/oland\/files\/2025\/03\/marwin.jpg","width":1446,"height":1446},{"@type":"BreadcrumbList","@id":"https:\/\/wp.kristdemokraterna.se\/oland\/textsida-med-vanster-sidebar\/kontakta-oss-2\/#breadcrumb","itemListElement":[{"@type":"ListItem","position":1,"name":"Hem","item":"https:\/\/wp.kristdemokraterna.se\/oland\/"},{"@type":"ListItem","position":2,"name":"V\u00e5r partiavdelning","item":"https:\/\/wp.kristdemokraterna.se\/oland\/textsida-med-vanster-sidebar\/"},{"@type":"ListItem","position":3,"name":"Kontakta oss"}]},{"@type":"WebSite","@id":"https:\/\/wp.kristdemokraterna.se\/oland\/#website","url":"https:\/\/wp.kristdemokraterna.se\/oland\/","name":"Kristdemokraterna p\u00e5 \u00d6land","description":"En till Kristdemokraterna webbplats","inLanguage":"sv-SE"}]}},"_links":{"self":[{"href":"https:\/\/wp.kristdemokraterna.se\/oland\/wp-json\/wp\/v2\/pages\/363","targetHints":{"allow":["GET"]}}],"collection":[{"href":"https:\/\/wp.kristdemokraterna.se\/oland\/wp-json\/wp\/v2\/pages"}],"about":[{"href":"https:\/\/wp.kristdemokraterna.se\/oland\/wp-json\/wp\/v2\/types\/page"}],"author":[{"embeddable":true,"href":"https:\/\/wp.kristdemokraterna.se\/oland\/wp-json\/wp\/v2\/users\/480"}],"replies":[{"embeddable":true,"href":"https:\/\/wp.kristdemokraterna.se\/oland\/wp-json\/wp\/v2\/comments?post=363"}],"version-history":[{"count":21,"href":"https:\/\/wp.kristdemokraterna.se\/oland\/wp-json\/wp\/v2\/pages\/363\/revisions"}],"predecessor-version":[{"id":585,"href":"https:\/\/wp.kristdemokraterna.se\/oland\/wp-json\/wp\/v2\/pages\/363\/revisions\/585"}],"up":[{"embeddable":true,"href":"https:\/\/wp.kristdemokraterna.se\/oland\/wp-json\/wp\/v2\/pages\/269"}],"wp:attachment":[{"href":"https:\/\/wp.kristdemokraterna.se\/oland\/wp-json\/wp\/v2\/media?parent=363"}],"curies":[{"name":"wp","href":"https:\/\/api.w.org\/{rel}","templated":true}]}}