{"id":1340,"date":"2017-05-24T15:10:10","date_gmt":"2017-05-24T13:10:10","guid":{"rendered":"http:\/\/wp.kristdemokraterna.se\/orebro\/?page_id=1340"},"modified":"2022-12-14T11:27:32","modified_gmt":"2022-12-14T10:27:32","slug":"var-politik","status":"publish","type":"page","link":"https:\/\/wp.kristdemokraterna.se\/orebro\/var-politik\/","title":{"rendered":"V\u00e5r politik"},"content":{"rendered":"<p><a href=\"http:\/\/wp.kristdemokraterna.se\/orebro\/files\/2022\/06\/handlingsprogram_2022_webb.pdf\"><img loading=\"lazy\" decoding=\"async\" class=\"wp-image-2399  alignright\" src=\"http:\/\/wp.kristdemokraterna.se\/orebro\/files\/2022\/12\/handlingsprogram_2022_webb-211x300.jpg\" alt=\"\" width=\"392\" height=\"557\" srcset=\"https:\/\/wp.kristdemokraterna.se\/orebro\/files\/2022\/12\/handlingsprogram_2022_webb-211x300.jpg 211w, https:\/\/wp.kristdemokraterna.se\/orebro\/files\/2022\/12\/handlingsprogram_2022_webb-381x540.jpg 381w, https:\/\/wp.kristdemokraterna.se\/orebro\/files\/2022\/12\/handlingsprogram_2022_webb-768x1090.jpg 768w, https:\/\/wp.kristdemokraterna.se\/orebro\/files\/2022\/12\/handlingsprogram_2022_webb-1083x1536.jpg 1083w, https:\/\/wp.kristdemokraterna.se\/orebro\/files\/2022\/12\/handlingsprogram_2022_webb-1444x2048.jpg 1444w, https:\/\/wp.kristdemokraterna.se\/orebro\/files\/2022\/12\/handlingsprogram_2022_webb-141x200.jpg 141w, https:\/\/wp.kristdemokraterna.se\/orebro\/files\/2022\/12\/handlingsprogram_2022_webb-370x525.jpg 370w, https:\/\/wp.kristdemokraterna.se\/orebro\/files\/2022\/12\/handlingsprogram_2022_webb-770x1092.jpg 770w, https:\/\/wp.kristdemokraterna.se\/orebro\/files\/2022\/12\/handlingsprogram_2022_webb-450x638.jpg 450w, https:\/\/wp.kristdemokraterna.se\/orebro\/files\/2022\/12\/handlingsprogram_2022_webb-280x397.jpg 280w, https:\/\/wp.kristdemokraterna.se\/orebro\/files\/2022\/12\/handlingsprogram_2022_webb-340x482.jpg 340w, https:\/\/wp.kristdemokraterna.se\/orebro\/files\/2022\/12\/handlingsprogram_2022_webb-39x56.jpg 39w, https:\/\/wp.kristdemokraterna.se\/orebro\/files\/2022\/12\/handlingsprogram_2022_webb.jpg 1748w\" sizes=\"auto, (max-width: 392px) 100vw, 392px\" \/><\/a><\/p>\n<p>Kristdemokraterna v\u00e4rnar alla m\u00e4nniskors lika v\u00e4rde och s\u00e4tter m\u00e4nniskan i centrum. Vi beh\u00f6ver ett solidariskt samh\u00e4lle som skapar ett \u00d6rebro som \u00e4r h\u00e5llbart f\u00f6r v\u00e5ra barn och barnbarn. Med den grunden vill vi st\u00e5 f\u00f6r ett v\u00e4lf\u00e4rdsl\u00f6fte till alla \u00d6rebros inv\u00e5nare.<\/p>\n<p>\u00d6rebro har utvecklats mycket de senaste \u00e5ren &#8211; f\u00f6retag, f\u00f6reningar och m\u00e4nniskor vill bes\u00f6ka, verka och leva i v\u00e5r kommun. Detta ska vi bygga vidare p\u00e5. Men samtidigt finns oro och stora problem. Fler m\u00e4nniskor upplever sig otrygga, m\u00e4nniskor lever i utanf\u00f6rskap, l\u00e5ngt fr\u00e5n arbetsmarknad, utan framtidstro och bristen p\u00e5 samh\u00e4llsgemenskap \u00e4r p\u00e5taglig.<\/p>\n<p><strong>Kristdemokraterna vill arbeta f\u00f6r<\/strong> ett varmare och tryggare samh\u00e4lle. Ett samh\u00e4lle d\u00e4r ingen ska beh\u00f6va v\u00e4xa upp i ett s\u00e5 kallat utsatt omr\u00e5de. Vi \u00e4r redo att ta krafttag f\u00f6r att ge m\u00e4nniskor syssels\u00e4ttning, trygghet och framtidstro!<\/p>\n<p><strong>Fler ska kunna bygga och \u00e4ga<\/strong> sitt eget boende &#8211; radhus, kedjehus eller villa, i staden eller p\u00e5 landsbygden. Det ger \u00f6kad trygghet, stabilitet och ansvar f\u00f6r n\u00e4rmilj\u00f6n.<\/p>\n<p><strong>F\u00f6r att klara morgondagens \u00e4ldreomsorg<\/strong> vill vi utbilda fler, st\u00e4rka den medicinska och spr\u00e5kliga kompetensen, f\u00f6rb\u00e4ttra arbetsvillkor och \u00f6ka personalkontinuiteten.<\/p>\n<h4><a href=\"http:\/\/wp.kristdemokraterna.se\/orebro\/files\/2022\/06\/handlingsprogram_2022_webb.pdf\">L\u00e4s det lokala handlingprogrammet h\u00e4r!<\/a><\/h4>\n<p>I Kristdemokraternas handlingsprogram kan man l\u00e4sa om vilka prioriteringar som KD i \u00d6rebro g\u00f6r och vilken politik vi vill driva de kommande fyra \u00e5ren.<\/p>\n","protected":false},"excerpt":{"rendered":"<p>Kristdemokraterna v\u00e4rnar alla m\u00e4nniskors lika v\u00e4rde och s\u00e4tter m\u00e4nniskan i centrum. Vi beh\u00f6ver ett solidariskt samh\u00e4lle som skapar ett \u00d6rebro som \u00e4r h\u00e5llbart f\u00f6r v\u00e5ra barn och barnbarn. Med den grunden vill vi st\u00e5 f\u00f6r ett v\u00e4lf\u00e4rdsl\u00f6fte till alla \u00d6rebros inv\u00e5nare. \u00d6rebro har utvecklats mycket de senaste \u00e5ren &#8211; f\u00f6retag, f\u00f6reningar och m\u00e4nniskor vill bes\u00f6ka, <a class=\"read-more-link\" href=\"https:\/\/wp.kristdemokraterna.se\/orebro\/var-politik\/\">Read More<\/a><\/p>\n","protected":false},"author":694,"featured_media":0,"parent":0,"menu_order":0,"comment_status":"closed","ping_status":"closed","template":"","meta":{"_acf_changed":false,"footnotes":""},"class_list":["post-1340","page","type-page","status-publish","hentry"],"acf":[],"yoast_head":"<!-- This site is optimized with the Yoast SEO plugin v27.3 - https:\/\/yoast.com\/product\/yoast-seo-wordpress\/ -->\n<title>V\u00e5r politik - Kristdemokraterna i \u00d6rebro<\/title>\n<meta name=\"robots\" content=\"index, follow, max-snippet:-1, max-image-preview:large, max-video-preview:-1\" \/>\n<link rel=\"canonical\" href=\"https:\/\/wp.kristdemokraterna.se\/orebro\/var-politik\/\" \/>\n<meta property=\"og:locale\" content=\"sv_SE\" \/>\n<meta property=\"og:type\" content=\"article\" \/>\n<meta property=\"og:title\" content=\"V\u00e5r politik - Kristdemokraterna i \u00d6rebro\" \/>\n<meta property=\"og:description\" content=\"Kristdemokraterna v\u00e4rnar alla m\u00e4nniskors lika v\u00e4rde och s\u00e4tter m\u00e4nniskan i centrum. Vi beh\u00f6ver ett solidariskt samh\u00e4lle som skapar ett \u00d6rebro som \u00e4r h\u00e5llbart f\u00f6r v\u00e5ra barn och barnbarn. Med den grunden vill vi st\u00e5 f\u00f6r ett v\u00e4lf\u00e4rdsl\u00f6fte till alla \u00d6rebros inv\u00e5nare. \u00d6rebro har utvecklats mycket de senaste \u00e5ren &#8211; f\u00f6retag, f\u00f6reningar och m\u00e4nniskor vill bes\u00f6ka, Read More\" \/>\n<meta property=\"og:url\" content=\"https:\/\/wp.kristdemokraterna.se\/orebro\/var-politik\/\" \/>\n<meta property=\"og:site_name\" content=\"Kristdemokraterna i \u00d6rebro\" \/>\n<meta property=\"article:modified_time\" content=\"2022-12-14T10:27:32+00:00\" \/>\n<meta property=\"og:image\" content=\"http:\/\/wp.kristdemokraterna.se\/orebro\/files\/2022\/12\/handlingsprogram_2022_webb-211x300.jpg\" \/>\n<meta name=\"twitter:card\" content=\"summary_large_image\" \/>\n<meta name=\"twitter:label1\" content=\"Ber\u00e4knad l\u00e4stid\" \/>\n\t<meta name=\"twitter:data1\" content=\"2 minuter\" \/>\n<script type=\"application\/ld+json\" class=\"yoast-schema-graph\">{\"@context\":\"https:\\\/\\\/schema.org\",\"@graph\":[{\"@type\":\"WebPage\",\"@id\":\"https:\\\/\\\/wp.kristdemokraterna.se\\\/orebro\\\/var-politik\\\/\",\"url\":\"https:\\\/\\\/wp.kristdemokraterna.se\\\/orebro\\\/var-politik\\\/\",\"name\":\"V\u00e5r politik - Kristdemokraterna i \u00d6rebro\",\"isPartOf\":{\"@id\":\"https:\\\/\\\/wp.kristdemokraterna.se\\\/orebro\\\/#website\"},\"primaryImageOfPage\":{\"@id\":\"https:\\\/\\\/wp.kristdemokraterna.se\\\/orebro\\\/var-politik\\\/#primaryimage\"},\"image\":{\"@id\":\"https:\\\/\\\/wp.kristdemokraterna.se\\\/orebro\\\/var-politik\\\/#primaryimage\"},\"thumbnailUrl\":\"http:\\\/\\\/wp.kristdemokraterna.se\\\/orebro\\\/files\\\/2022\\\/12\\\/handlingsprogram_2022_webb-211x300.jpg\",\"datePublished\":\"2017-05-24T13:10:10+00:00\",\"dateModified\":\"2022-12-14T10:27:32+00:00\",\"breadcrumb\":{\"@id\":\"https:\\\/\\\/wp.kristdemokraterna.se\\\/orebro\\\/var-politik\\\/#breadcrumb\"},\"inLanguage\":\"sv-SE\",\"potentialAction\":[{\"@type\":\"ReadAction\",\"target\":[\"https:\\\/\\\/wp.kristdemokraterna.se\\\/orebro\\\/var-politik\\\/\"]}]},{\"@type\":\"ImageObject\",\"inLanguage\":\"sv-SE\",\"@id\":\"https:\\\/\\\/wp.kristdemokraterna.se\\\/orebro\\\/var-politik\\\/#primaryimage\",\"url\":\"http:\\\/\\\/wp.kristdemokraterna.se\\\/orebro\\\/files\\\/2022\\\/12\\\/handlingsprogram_2022_webb-211x300.jpg\",\"contentUrl\":\"http:\\\/\\\/wp.kristdemokraterna.se\\\/orebro\\\/files\\\/2022\\\/12\\\/handlingsprogram_2022_webb-211x300.jpg\"},{\"@type\":\"BreadcrumbList\",\"@id\":\"https:\\\/\\\/wp.kristdemokraterna.se\\\/orebro\\\/var-politik\\\/#breadcrumb\",\"itemListElement\":[{\"@type\":\"ListItem\",\"position\":1,\"name\":\"Hem\",\"item\":\"https:\\\/\\\/wp.kristdemokraterna.se\\\/orebro\\\/\"},{\"@type\":\"ListItem\",\"position\":2,\"name\":\"V\u00e5r politik\"}]},{\"@type\":\"WebSite\",\"@id\":\"https:\\\/\\\/wp.kristdemokraterna.se\\\/orebro\\\/#website\",\"url\":\"https:\\\/\\\/wp.kristdemokraterna.se\\\/orebro\\\/\",\"name\":\"Kristdemokraterna i \u00d6rebro\",\"description\":\"Det \u00e4r l\u00e4ttare att bygga trygga barn \u00e4n att laga trasiga vuxna\",\"inLanguage\":\"sv-SE\"}]}<\/script>\n<!-- \/ Yoast SEO plugin. -->","yoast_head_json":{"title":"V\u00e5r politik - Kristdemokraterna i \u00d6rebro","robots":{"index":"index","follow":"follow","max-snippet":"max-snippet:-1","max-image-preview":"max-image-preview:large","max-video-preview":"max-video-preview:-1"},"canonical":"https:\/\/wp.kristdemokraterna.se\/orebro\/var-politik\/","og_locale":"sv_SE","og_type":"article","og_title":"V\u00e5r politik - Kristdemokraterna i \u00d6rebro","og_description":"Kristdemokraterna v\u00e4rnar alla m\u00e4nniskors lika v\u00e4rde och s\u00e4tter m\u00e4nniskan i centrum. Vi beh\u00f6ver ett solidariskt samh\u00e4lle som skapar ett \u00d6rebro som \u00e4r h\u00e5llbart f\u00f6r v\u00e5ra barn och barnbarn. Med den grunden vill vi st\u00e5 f\u00f6r ett v\u00e4lf\u00e4rdsl\u00f6fte till alla \u00d6rebros inv\u00e5nare. \u00d6rebro har utvecklats mycket de senaste \u00e5ren &#8211; f\u00f6retag, f\u00f6reningar och m\u00e4nniskor vill bes\u00f6ka, Read More","og_url":"https:\/\/wp.kristdemokraterna.se\/orebro\/var-politik\/","og_site_name":"Kristdemokraterna i \u00d6rebro","article_modified_time":"2022-12-14T10:27:32+00:00","og_image":[{"url":"http:\/\/wp.kristdemokraterna.se\/orebro\/files\/2022\/12\/handlingsprogram_2022_webb-211x300.jpg","type":"","width":"","height":""}],"twitter_card":"summary_large_image","twitter_misc":{"Ber\u00e4knad l\u00e4stid":"2 minuter"},"schema":{"@context":"https:\/\/schema.org","@graph":[{"@type":"WebPage","@id":"https:\/\/wp.kristdemokraterna.se\/orebro\/var-politik\/","url":"https:\/\/wp.kristdemokraterna.se\/orebro\/var-politik\/","name":"V\u00e5r politik - Kristdemokraterna i \u00d6rebro","isPartOf":{"@id":"https:\/\/wp.kristdemokraterna.se\/orebro\/#website"},"primaryImageOfPage":{"@id":"https:\/\/wp.kristdemokraterna.se\/orebro\/var-politik\/#primaryimage"},"image":{"@id":"https:\/\/wp.kristdemokraterna.se\/orebro\/var-politik\/#primaryimage"},"thumbnailUrl":"http:\/\/wp.kristdemokraterna.se\/orebro\/files\/2022\/12\/handlingsprogram_2022_webb-211x300.jpg","datePublished":"2017-05-24T13:10:10+00:00","dateModified":"2022-12-14T10:27:32+00:00","breadcrumb":{"@id":"https:\/\/wp.kristdemokraterna.se\/orebro\/var-politik\/#breadcrumb"},"inLanguage":"sv-SE","potentialAction":[{"@type":"ReadAction","target":["https:\/\/wp.kristdemokraterna.se\/orebro\/var-politik\/"]}]},{"@type":"ImageObject","inLanguage":"sv-SE","@id":"https:\/\/wp.kristdemokraterna.se\/orebro\/var-politik\/#primaryimage","url":"http:\/\/wp.kristdemokraterna.se\/orebro\/files\/2022\/12\/handlingsprogram_2022_webb-211x300.jpg","contentUrl":"http:\/\/wp.kristdemokraterna.se\/orebro\/files\/2022\/12\/handlingsprogram_2022_webb-211x300.jpg"},{"@type":"BreadcrumbList","@id":"https:\/\/wp.kristdemokraterna.se\/orebro\/var-politik\/#breadcrumb","itemListElement":[{"@type":"ListItem","position":1,"name":"Hem","item":"https:\/\/wp.kristdemokraterna.se\/orebro\/"},{"@type":"ListItem","position":2,"name":"V\u00e5r politik"}]},{"@type":"WebSite","@id":"https:\/\/wp.kristdemokraterna.se\/orebro\/#website","url":"https:\/\/wp.kristdemokraterna.se\/orebro\/","name":"Kristdemokraterna i \u00d6rebro","description":"Det \u00e4r l\u00e4ttare att bygga trygga barn \u00e4n att laga trasiga vuxna","inLanguage":"sv-SE"}]}},"_links":{"self":[{"href":"https:\/\/wp.kristdemokraterna.se\/orebro\/wp-json\/wp\/v2\/pages\/1340","targetHints":{"allow":["GET"]}}],"collection":[{"href":"https:\/\/wp.kristdemokraterna.se\/orebro\/wp-json\/wp\/v2\/pages"}],"about":[{"href":"https:\/\/wp.kristdemokraterna.se\/orebro\/wp-json\/wp\/v2\/types\/page"}],"author":[{"embeddable":true,"href":"https:\/\/wp.kristdemokraterna.se\/orebro\/wp-json\/wp\/v2\/users\/694"}],"replies":[{"embeddable":true,"href":"https:\/\/wp.kristdemokraterna.se\/orebro\/wp-json\/wp\/v2\/comments?post=1340"}],"version-history":[{"count":16,"href":"https:\/\/wp.kristdemokraterna.se\/orebro\/wp-json\/wp\/v2\/pages\/1340\/revisions"}],"predecessor-version":[{"id":2400,"href":"https:\/\/wp.kristdemokraterna.se\/orebro\/wp-json\/wp\/v2\/pages\/1340\/revisions\/2400"}],"wp:attachment":[{"href":"https:\/\/wp.kristdemokraterna.se\/orebro\/wp-json\/wp\/v2\/media?parent=1340"}],"curies":[{"name":"wp","href":"https:\/\/api.w.org\/{rel}","templated":true}]}}