{"id":1354,"date":"2017-05-30T09:15:16","date_gmt":"2017-05-30T07:15:16","guid":{"rendered":"http:\/\/wp.kristdemokraterna.se\/orebro\/?page_id=1354"},"modified":"2025-10-30T15:49:02","modified_gmt":"2025-10-30T14:49:02","slug":"vara-fortroendevalda","status":"publish","type":"page","link":"https:\/\/wp.kristdemokraterna.se\/orebro\/kontakta-oss\/vara-fortroendevalda\/","title":{"rendered":"V\u00e5ra f\u00f6rtroendevalda"},"content":{"rendered":"<p><img loading=\"lazy\" decoding=\"async\" class=\"alignnone wp-image-2666 size-full\" src=\"http:\/\/wp.kristdemokraterna.se\/orebro\/files\/2025\/02\/skarmavbild-2025-02-02-kl.-20.38.14-1.png\" alt=\"\" width=\"2105\" height=\"1295\" srcset=\"https:\/\/wp.kristdemokraterna.se\/orebro\/files\/2025\/02\/skarmavbild-2025-02-02-kl.-20.38.14-1.png 2105w, https:\/\/wp.kristdemokraterna.se\/orebro\/files\/2025\/02\/skarmavbild-2025-02-02-kl.-20.38.14-1-300x185.png 300w, https:\/\/wp.kristdemokraterna.se\/orebro\/files\/2025\/02\/skarmavbild-2025-02-02-kl.-20.38.14-1-540x332.png 540w, https:\/\/wp.kristdemokraterna.se\/orebro\/files\/2025\/02\/skarmavbild-2025-02-02-kl.-20.38.14-1-768x472.png 768w, https:\/\/wp.kristdemokraterna.se\/orebro\/files\/2025\/02\/skarmavbild-2025-02-02-kl.-20.38.14-1-1536x945.png 1536w, https:\/\/wp.kristdemokraterna.se\/orebro\/files\/2025\/02\/skarmavbild-2025-02-02-kl.-20.38.14-1-2048x1260.png 2048w, https:\/\/wp.kristdemokraterna.se\/orebro\/files\/2025\/02\/skarmavbild-2025-02-02-kl.-20.38.14-1-325x200.png 325w, https:\/\/wp.kristdemokraterna.se\/orebro\/files\/2025\/02\/skarmavbild-2025-02-02-kl.-20.38.14-1-370x228.png 370w, https:\/\/wp.kristdemokraterna.se\/orebro\/files\/2025\/02\/skarmavbild-2025-02-02-kl.-20.38.14-1-770x474.png 770w, https:\/\/wp.kristdemokraterna.se\/orebro\/files\/2025\/02\/skarmavbild-2025-02-02-kl.-20.38.14-1-450x277.png 450w, https:\/\/wp.kristdemokraterna.se\/orebro\/files\/2025\/02\/skarmavbild-2025-02-02-kl.-20.38.14-1-280x172.png 280w, https:\/\/wp.kristdemokraterna.se\/orebro\/files\/2025\/02\/skarmavbild-2025-02-02-kl.-20.38.14-1-340x209.png 340w, https:\/\/wp.kristdemokraterna.se\/orebro\/files\/2025\/02\/skarmavbild-2025-02-02-kl.-20.38.14-1-200x123.png 200w, https:\/\/wp.kristdemokraterna.se\/orebro\/files\/2025\/02\/skarmavbild-2025-02-02-kl.-20.38.14-1-91x56.png 91w\" sizes=\"auto, (max-width: 2105px) 100vw, 2105px\" \/><br \/>\n<em>N\u00e5gra av de f\u00f6rtroendevalda f\u00f6r Kristdemokraterna mandatperioden 2023-2026.\u00a0<\/em><\/p>\n<p>Uppdaterad lista f\u00f6r f\u00f6rtroendevalda f\u00f6r Kristdemokraterna i \u00d6rebro kommun finns h\u00e4r: <a href=\"https:\/\/orebro.tromanpublik.se\/parti\/747616f1-4d22-4b3b-9341-e543ed872a32\">Kristdemokraterna (KD) &#8211; F\u00f6rtroendevalda i \u00d6rebro kommun<\/a><\/p>\n<p><strong><br \/>\nAnders Hagstr\u00f6m<br \/>\n<\/strong>2:e vice ordf\u00f6rande Kommunfullm\u00e4ktige<br \/>\n2:e vice ordf\u00f6rande Teknik- och servicen\u00e4mnden<br \/>\nErs\u00e4ttare Nerikes Brandk\u00e5r<\/p>\n<p><strong>Annika Andersson<\/strong><br \/>\nN\u00e4mndeman<\/p>\n<p><strong>Ava (Azita) Bahboudi<\/strong><br \/>\nLedamot Funktionsst\u00f6dsn\u00e4mnd<\/p>\n<p><strong>Christina H\u00e5kansson<\/strong><br \/>\nAndre vice ordf\u00f6rande J\u00e4mst\u00e4lldhetsdelegationen<br \/>\nLedamot V\u00e5rd- och omsorgsn\u00e4mnden<br \/>\nErs\u00e4ttare Specifika samverkansr\u00e5det f\u00f6r Folkh\u00e4lsa<br \/>\nErs\u00e4ttare Kommunfullm\u00e4ktige<br \/>\nErs\u00e4ttare Kommunstyrelsen<\/p>\n<p><strong>David Johansson<\/strong><br \/>\nN\u00e4mndeman<\/p>\n<p><strong>Efwa Ronquist<\/strong><br \/>\n2:e vice ordf\u00f6rande \u00d6rebroporten<br \/>\nLedamot \u00d6rebroporten F\u00f6rvaltning AB<br \/>\nLedamot \u00d6rebroporten Fastigheter AB<br \/>\nLedamot Gustavsvik Resorts AB<\/p>\n<p><strong>Elias Hallman<\/strong><br \/>\nLedamot Socialn\u00e4mnden<\/p>\n<p><strong>Elisabeth Sverresson<\/strong><br \/>\nSuppleant Futurum Fastigheter i \u00d6rebro AB<\/p>\n<p><strong>Ernst Folkeson<\/strong><br \/>\nErs\u00e4ttare Bygg- och milj\u00f6n\u00e4mnden<\/p>\n<p><strong>Ewa L\u00f6\u00f6w<br \/>\n<\/strong>Ledamot Teknik- och servicen\u00e4mnden<strong><br \/>\n<\/strong><\/p>\n<p><strong>Georg Barsom<\/strong><br \/>\n2:e vice ordf\u00f6rande Funktionsst\u00f6dsn\u00e4mnden<br \/>\nLedamot Kumbro<br \/>\nErs\u00e4ttare Tillg\u00e4nglighetsr\u00e5det<\/p>\n<p><strong>Gunn \u00d6jebrandt<\/strong><br \/>\nLedamot Valn\u00e4mnden<\/p>\n<p><strong>Gunvor Sundmark<br \/>\n<\/strong>Vigself\u00f6rr\u00e4ttare<\/p>\n<p><strong>Hampus Wadman<\/strong><br \/>\nErs\u00e4ttare V\u00e5rd- och omsorgsn\u00e4mnden<\/p>\n<p><strong>Hans Eklind<\/strong><br \/>\nLedamot Oslo-Stockholm 2.55<\/p>\n<p><strong>Jennifer Troeng Johansson<\/strong><br \/>\nSuppleant L\u00e4nsmusiken<\/p>\n<p><strong>Jesper Nordstr\u00f6m<\/strong><br \/>\nErs\u00e4ttare Grundskolen\u00e4mnden<\/p>\n<p><strong>Jonas Levin<\/strong><br \/>\nLedamot \u00d6verf\u00f6rmyndarn\u00e4mnden<br \/>\nErs\u00e4ttare Kommunfullm\u00e4ktige<\/p>\n<p><strong>Josef S\u00f6rensson<br \/>\n<\/strong>Ledamot Grundskolen\u00e4mnden<\/p>\n<p><strong>Kenneth Sandstr\u00f6m<\/strong><br \/>\nLedamot Markplanerings och exploateringsn\u00e4mnden<\/p>\n<p><strong>Lars O Molin<\/strong><br \/>\nVigself\u00f6r\u00e4ttare<br \/>\nErs\u00e4ttare Pension\u00e4rsr\u00e5det<\/p>\n<p><strong>Lennart Bondeson<\/strong><br \/>\nLedamot Bygg- och milj\u00f6n\u00e4mnden<strong><br \/>\n<\/strong><\/p>\n<p><strong>Maria Landh<\/strong><br \/>\nLedamot Tr\u00e4dg\u00e5rdsbolaget<\/p>\n<p><strong>Marlene J\u00f6rhag<\/strong><br \/>\nVigself\u00f6r\u00e4ttare<\/p>\n<p><strong>Michael Barsom<\/strong><br \/>\nSuppleant \u00d6rebro Parkering<\/p>\n<p><strong>Monica Lindstr\u00f6m<\/strong><br \/>\nErs\u00e4ttare Socialn\u00e4mnden<br \/>\nErs\u00e4ttare F\u00f6rskolen\u00e4mnden<\/p>\n<p><strong>Olof Ronquist<\/strong><br \/>\nErs\u00e4ttare \u00d6verf\u00f6rmyndarn\u00e4mnden<\/p>\n<p><strong>Paula S\u00e4ker<\/strong><br \/>\nLedamot F\u00f6rskolen\u00e4mnden<br \/>\nLedamot Kommunfullm\u00e4ktige<\/p>\n<p><strong>Sandra Fr\u00f6jdenstam<\/strong><br \/>\nLedamot Kommunfullm\u00e4ktige<br \/>\n2:e vice ordf\u00f6rande Kultur- och fritidsn\u00e4mnden<br \/>\nErs\u00e4ttare Specifika samverkansr\u00e5det f\u00f6r skola, utbildning, kompetens<\/p>\n<p><strong>Stefan Pettersson<\/strong><br \/>\nErs\u00e4ttare Gymnasie- och Arbetsmarknadsn\u00e4mnden<\/p>\n<p><strong>Susanne Lindholm Henningsson<\/strong><br \/>\nKommunalr\u00e5d Kristdemokraterna<br \/>\nLedamot Kommunfullm\u00e4ktige<br \/>\nLedamot Kommunstyrelsen<br \/>\nAndre vice ordf\u00f6rande Gymnasie- och arbetsmarknadsn\u00e4mnden<br \/>\nLedamot Regionala samverkansr\u00e5det<br \/>\nLedamot Utskott personal och ekonomi<br \/>\nLedamot Utskott Trygghet<br \/>\nLedamot M\u00e4lardalsr\u00e5det<br \/>\nLedamot R\u00e5dhus AB<\/p>\n<p><strong>Suzanne Roos H\u00f6gfeldt<\/strong><br \/>\nSuppleant \u00d6rebrocomaniet AB<\/p>\n<p><strong>Sven Landh<\/strong><br \/>\nOrdf\u00f6rande Revisionen<\/p>\n<p><strong>Sven-Erik Sahl\u00e9n<\/strong><br \/>\nLedamot &#8221;God man fastigheter t\u00e4tort\u201d<\/p>\n<p><strong>Thord Andersson<\/strong><br \/>\nErs\u00e4ttare \u00d6BO<\/p>\n<p><strong>Ulf Wilnerzon Th\u00f6rn<\/strong><br \/>\nLedamot Kultur- och fritidsn\u00e4mnden<\/p>\n<p><strong>Urban Bostr\u00f6m<br \/>\n<\/strong>N\u00e4mndeman<\/p>\n<p><strong>Verde Demir<br \/>\n<\/strong>N\u00e4mndeman<\/p>\n<p>&nbsp;<\/p>\n","protected":false},"excerpt":{"rendered":"<p>N\u00e5gra av de f\u00f6rtroendevalda f\u00f6r Kristdemokraterna mandatperioden 2023-2026.\u00a0 Uppdaterad lista f\u00f6r f\u00f6rtroendevalda f\u00f6r Kristdemokraterna i \u00d6rebro kommun finns h\u00e4r: Kristdemokraterna (KD) &#8211; F\u00f6rtroendevalda i \u00d6rebro kommun Anders Hagstr\u00f6m 2:e vice ordf\u00f6rande Kommunfullm\u00e4ktige 2:e vice ordf\u00f6rande Teknik- och servicen\u00e4mnden Ers\u00e4ttare Nerikes Brandk\u00e5r Annika Andersson N\u00e4mndeman Ava (Azita) Bahboudi Ledamot Funktionsst\u00f6dsn\u00e4mnd Christina H\u00e5kansson Andre vice ordf\u00f6rande J\u00e4mst\u00e4lldhetsdelegationen <a class=\"read-more-link\" href=\"https:\/\/wp.kristdemokraterna.se\/orebro\/kontakta-oss\/vara-fortroendevalda\/\">Read More<\/a><\/p>\n","protected":false},"author":694,"featured_media":0,"parent":1347,"menu_order":2,"comment_status":"closed","ping_status":"closed","template":"","meta":{"_acf_changed":false,"footnotes":""},"class_list":["post-1354","page","type-page","status-publish","hentry"],"acf":[],"yoast_head":"<!-- This site is optimized with the Yoast SEO plugin v27.3 - https:\/\/yoast.com\/product\/yoast-seo-wordpress\/ -->\n<title>V\u00e5ra f\u00f6rtroendevalda - Kristdemokraterna i \u00d6rebro<\/title>\n<meta name=\"robots\" content=\"index, follow, max-snippet:-1, max-image-preview:large, max-video-preview:-1\" \/>\n<link rel=\"canonical\" href=\"https:\/\/wp.kristdemokraterna.se\/orebro\/kontakta-oss\/vara-fortroendevalda\/\" \/>\n<meta property=\"og:locale\" content=\"sv_SE\" \/>\n<meta property=\"og:type\" content=\"article\" \/>\n<meta property=\"og:title\" content=\"V\u00e5ra f\u00f6rtroendevalda - Kristdemokraterna i \u00d6rebro\" \/>\n<meta property=\"og:description\" content=\"N\u00e5gra av de f\u00f6rtroendevalda f\u00f6r Kristdemokraterna mandatperioden 2023-2026.\u00a0 Uppdaterad lista f\u00f6r f\u00f6rtroendevalda f\u00f6r Kristdemokraterna i \u00d6rebro kommun finns h\u00e4r: Kristdemokraterna (KD) &#8211; F\u00f6rtroendevalda i \u00d6rebro kommun Anders Hagstr\u00f6m 2:e vice ordf\u00f6rande Kommunfullm\u00e4ktige 2:e vice ordf\u00f6rande Teknik- och servicen\u00e4mnden Ers\u00e4ttare Nerikes Brandk\u00e5r Annika Andersson N\u00e4mndeman Ava (Azita) Bahboudi Ledamot Funktionsst\u00f6dsn\u00e4mnd Christina H\u00e5kansson Andre vice ordf\u00f6rande J\u00e4mst\u00e4lldhetsdelegationen Read More\" \/>\n<meta property=\"og:url\" content=\"https:\/\/wp.kristdemokraterna.se\/orebro\/kontakta-oss\/vara-fortroendevalda\/\" \/>\n<meta property=\"og:site_name\" content=\"Kristdemokraterna i \u00d6rebro\" \/>\n<meta property=\"article:modified_time\" content=\"2025-10-30T14:49:02+00:00\" \/>\n<meta property=\"og:image\" content=\"https:\/\/wp.kristdemokraterna.se\/orebro\/files\/2025\/02\/skarmavbild-2025-02-02-kl.-20.38.14-1-540x332.png\" \/>\n\t<meta property=\"og:image:width\" content=\"540\" \/>\n\t<meta property=\"og:image:height\" content=\"332\" \/>\n\t<meta property=\"og:image:type\" content=\"image\/png\" \/>\n<meta name=\"twitter:card\" content=\"summary_large_image\" \/>\n<meta name=\"twitter:label1\" content=\"Ber\u00e4knad l\u00e4stid\" \/>\n\t<meta name=\"twitter:data1\" content=\"2 minuter\" \/>\n<script type=\"application\/ld+json\" class=\"yoast-schema-graph\">{\"@context\":\"https:\\\/\\\/schema.org\",\"@graph\":[{\"@type\":\"WebPage\",\"@id\":\"https:\\\/\\\/wp.kristdemokraterna.se\\\/orebro\\\/kontakta-oss\\\/vara-fortroendevalda\\\/\",\"url\":\"https:\\\/\\\/wp.kristdemokraterna.se\\\/orebro\\\/kontakta-oss\\\/vara-fortroendevalda\\\/\",\"name\":\"V\u00e5ra f\u00f6rtroendevalda - Kristdemokraterna i \u00d6rebro\",\"isPartOf\":{\"@id\":\"https:\\\/\\\/wp.kristdemokraterna.se\\\/orebro\\\/#website\"},\"primaryImageOfPage\":{\"@id\":\"https:\\\/\\\/wp.kristdemokraterna.se\\\/orebro\\\/kontakta-oss\\\/vara-fortroendevalda\\\/#primaryimage\"},\"image\":{\"@id\":\"https:\\\/\\\/wp.kristdemokraterna.se\\\/orebro\\\/kontakta-oss\\\/vara-fortroendevalda\\\/#primaryimage\"},\"thumbnailUrl\":\"http:\\\/\\\/wp.kristdemokraterna.se\\\/orebro\\\/files\\\/2025\\\/02\\\/skarmavbild-2025-02-02-kl.-20.38.14-1.png\",\"datePublished\":\"2017-05-30T07:15:16+00:00\",\"dateModified\":\"2025-10-30T14:49:02+00:00\",\"breadcrumb\":{\"@id\":\"https:\\\/\\\/wp.kristdemokraterna.se\\\/orebro\\\/kontakta-oss\\\/vara-fortroendevalda\\\/#breadcrumb\"},\"inLanguage\":\"sv-SE\",\"potentialAction\":[{\"@type\":\"ReadAction\",\"target\":[\"https:\\\/\\\/wp.kristdemokraterna.se\\\/orebro\\\/kontakta-oss\\\/vara-fortroendevalda\\\/\"]}]},{\"@type\":\"ImageObject\",\"inLanguage\":\"sv-SE\",\"@id\":\"https:\\\/\\\/wp.kristdemokraterna.se\\\/orebro\\\/kontakta-oss\\\/vara-fortroendevalda\\\/#primaryimage\",\"url\":\"https:\\\/\\\/wp.kristdemokraterna.se\\\/orebro\\\/files\\\/2025\\\/02\\\/skarmavbild-2025-02-02-kl.-20.38.14-1.png\",\"contentUrl\":\"https:\\\/\\\/wp.kristdemokraterna.se\\\/orebro\\\/files\\\/2025\\\/02\\\/skarmavbild-2025-02-02-kl.-20.38.14-1.png\",\"width\":2105,\"height\":1295},{\"@type\":\"BreadcrumbList\",\"@id\":\"https:\\\/\\\/wp.kristdemokraterna.se\\\/orebro\\\/kontakta-oss\\\/vara-fortroendevalda\\\/#breadcrumb\",\"itemListElement\":[{\"@type\":\"ListItem\",\"position\":1,\"name\":\"Hem\",\"item\":\"https:\\\/\\\/wp.kristdemokraterna.se\\\/orebro\\\/\"},{\"@type\":\"ListItem\",\"position\":2,\"name\":\"Vilka vi \u00e4r\",\"item\":\"https:\\\/\\\/wp.kristdemokraterna.se\\\/orebro\\\/kontakta-oss\\\/\"},{\"@type\":\"ListItem\",\"position\":3,\"name\":\"V\u00e5ra f\u00f6rtroendevalda\"}]},{\"@type\":\"WebSite\",\"@id\":\"https:\\\/\\\/wp.kristdemokraterna.se\\\/orebro\\\/#website\",\"url\":\"https:\\\/\\\/wp.kristdemokraterna.se\\\/orebro\\\/\",\"name\":\"Kristdemokraterna i \u00d6rebro\",\"description\":\"Det \u00e4r l\u00e4ttare att bygga trygga barn \u00e4n att laga trasiga vuxna\",\"inLanguage\":\"sv-SE\"}]}<\/script>\n<!-- \/ Yoast SEO plugin. -->","yoast_head_json":{"title":"V\u00e5ra f\u00f6rtroendevalda - Kristdemokraterna i \u00d6rebro","robots":{"index":"index","follow":"follow","max-snippet":"max-snippet:-1","max-image-preview":"max-image-preview:large","max-video-preview":"max-video-preview:-1"},"canonical":"https:\/\/wp.kristdemokraterna.se\/orebro\/kontakta-oss\/vara-fortroendevalda\/","og_locale":"sv_SE","og_type":"article","og_title":"V\u00e5ra f\u00f6rtroendevalda - Kristdemokraterna i \u00d6rebro","og_description":"N\u00e5gra av de f\u00f6rtroendevalda f\u00f6r Kristdemokraterna mandatperioden 2023-2026.\u00a0 Uppdaterad lista f\u00f6r f\u00f6rtroendevalda f\u00f6r Kristdemokraterna i \u00d6rebro kommun finns h\u00e4r: Kristdemokraterna (KD) &#8211; F\u00f6rtroendevalda i \u00d6rebro kommun Anders Hagstr\u00f6m 2:e vice ordf\u00f6rande Kommunfullm\u00e4ktige 2:e vice ordf\u00f6rande Teknik- och servicen\u00e4mnden Ers\u00e4ttare Nerikes Brandk\u00e5r Annika Andersson N\u00e4mndeman Ava (Azita) Bahboudi Ledamot Funktionsst\u00f6dsn\u00e4mnd Christina H\u00e5kansson Andre vice ordf\u00f6rande J\u00e4mst\u00e4lldhetsdelegationen Read More","og_url":"https:\/\/wp.kristdemokraterna.se\/orebro\/kontakta-oss\/vara-fortroendevalda\/","og_site_name":"Kristdemokraterna i \u00d6rebro","article_modified_time":"2025-10-30T14:49:02+00:00","og_image":[{"width":540,"height":332,"url":"https:\/\/wp.kristdemokraterna.se\/orebro\/files\/2025\/02\/skarmavbild-2025-02-02-kl.-20.38.14-1-540x332.png","type":"image\/png"}],"twitter_card":"summary_large_image","twitter_misc":{"Ber\u00e4knad l\u00e4stid":"2 minuter"},"schema":{"@context":"https:\/\/schema.org","@graph":[{"@type":"WebPage","@id":"https:\/\/wp.kristdemokraterna.se\/orebro\/kontakta-oss\/vara-fortroendevalda\/","url":"https:\/\/wp.kristdemokraterna.se\/orebro\/kontakta-oss\/vara-fortroendevalda\/","name":"V\u00e5ra f\u00f6rtroendevalda - Kristdemokraterna i \u00d6rebro","isPartOf":{"@id":"https:\/\/wp.kristdemokraterna.se\/orebro\/#website"},"primaryImageOfPage":{"@id":"https:\/\/wp.kristdemokraterna.se\/orebro\/kontakta-oss\/vara-fortroendevalda\/#primaryimage"},"image":{"@id":"https:\/\/wp.kristdemokraterna.se\/orebro\/kontakta-oss\/vara-fortroendevalda\/#primaryimage"},"thumbnailUrl":"http:\/\/wp.kristdemokraterna.se\/orebro\/files\/2025\/02\/skarmavbild-2025-02-02-kl.-20.38.14-1.png","datePublished":"2017-05-30T07:15:16+00:00","dateModified":"2025-10-30T14:49:02+00:00","breadcrumb":{"@id":"https:\/\/wp.kristdemokraterna.se\/orebro\/kontakta-oss\/vara-fortroendevalda\/#breadcrumb"},"inLanguage":"sv-SE","potentialAction":[{"@type":"ReadAction","target":["https:\/\/wp.kristdemokraterna.se\/orebro\/kontakta-oss\/vara-fortroendevalda\/"]}]},{"@type":"ImageObject","inLanguage":"sv-SE","@id":"https:\/\/wp.kristdemokraterna.se\/orebro\/kontakta-oss\/vara-fortroendevalda\/#primaryimage","url":"https:\/\/wp.kristdemokraterna.se\/orebro\/files\/2025\/02\/skarmavbild-2025-02-02-kl.-20.38.14-1.png","contentUrl":"https:\/\/wp.kristdemokraterna.se\/orebro\/files\/2025\/02\/skarmavbild-2025-02-02-kl.-20.38.14-1.png","width":2105,"height":1295},{"@type":"BreadcrumbList","@id":"https:\/\/wp.kristdemokraterna.se\/orebro\/kontakta-oss\/vara-fortroendevalda\/#breadcrumb","itemListElement":[{"@type":"ListItem","position":1,"name":"Hem","item":"https:\/\/wp.kristdemokraterna.se\/orebro\/"},{"@type":"ListItem","position":2,"name":"Vilka vi \u00e4r","item":"https:\/\/wp.kristdemokraterna.se\/orebro\/kontakta-oss\/"},{"@type":"ListItem","position":3,"name":"V\u00e5ra f\u00f6rtroendevalda"}]},{"@type":"WebSite","@id":"https:\/\/wp.kristdemokraterna.se\/orebro\/#website","url":"https:\/\/wp.kristdemokraterna.se\/orebro\/","name":"Kristdemokraterna i \u00d6rebro","description":"Det \u00e4r l\u00e4ttare att bygga trygga barn \u00e4n att laga trasiga vuxna","inLanguage":"sv-SE"}]}},"_links":{"self":[{"href":"https:\/\/wp.kristdemokraterna.se\/orebro\/wp-json\/wp\/v2\/pages\/1354","targetHints":{"allow":["GET"]}}],"collection":[{"href":"https:\/\/wp.kristdemokraterna.se\/orebro\/wp-json\/wp\/v2\/pages"}],"about":[{"href":"https:\/\/wp.kristdemokraterna.se\/orebro\/wp-json\/wp\/v2\/types\/page"}],"author":[{"embeddable":true,"href":"https:\/\/wp.kristdemokraterna.se\/orebro\/wp-json\/wp\/v2\/users\/694"}],"replies":[{"embeddable":true,"href":"https:\/\/wp.kristdemokraterna.se\/orebro\/wp-json\/wp\/v2\/comments?post=1354"}],"version-history":[{"count":51,"href":"https:\/\/wp.kristdemokraterna.se\/orebro\/wp-json\/wp\/v2\/pages\/1354\/revisions"}],"predecessor-version":[{"id":2753,"href":"https:\/\/wp.kristdemokraterna.se\/orebro\/wp-json\/wp\/v2\/pages\/1354\/revisions\/2753"}],"up":[{"embeddable":true,"href":"https:\/\/wp.kristdemokraterna.se\/orebro\/wp-json\/wp\/v2\/pages\/1347"}],"wp:attachment":[{"href":"https:\/\/wp.kristdemokraterna.se\/orebro\/wp-json\/wp\/v2\/media?parent=1354"}],"curies":[{"name":"wp","href":"https:\/\/api.w.org\/{rel}","templated":true}]}}