{"id":2099,"date":"2021-11-25T09:53:19","date_gmt":"2021-11-25T08:53:19","guid":{"rendered":"https:\/\/wp.kristdemokraterna.se\/orebro\/?page_id=2099"},"modified":"2023-05-22T16:00:13","modified_gmt":"2023-05-22T14:00:13","slug":"var-med-och-gor-skillnad","status":"publish","type":"page","link":"https:\/\/wp.kristdemokraterna.se\/orebro\/kontakta-oss\/var-med-och-gor-skillnad\/","title":{"rendered":"Var med och g\u00f6r skillnad!"},"content":{"rendered":"<p><strong>V\u00e4lkommen till Kristdemokraterna. Vi vill v\u00e4ldigt g\u00e4rna ta del av ditt engagemang och din kompetens. Hos oss finns stora m\u00f6jligheter f\u00f6r dig.<\/strong><\/p>\n<p>Kristdemokraterna verkar p\u00e5 flera niv\u00e5er &#8211; lokalt, regionalt och p\u00e5 riksniv\u00e5. Vi driver fr\u00e5gor, engagerar oss och samtalar g\u00e4rna hur vi g\u00f6r samh\u00e4llet varmare, b\u00e4ttre och mer kristdemokratiskt. Som medlem har du m\u00f6jlighet att engagera dig p\u00e5 olika s\u00e4tt: i partiet eller som f\u00f6rtroendevald i en n\u00e4mnd, styrelse eller utskott. H\u00e4r kan du <a href=\"https:\/\/kristdemokraterna.se\/engagera-dig\/bli-medlem\/\">bli medlem<\/a>. H\u00e4r kan du <a href=\"https:\/\/wp.kristdemokraterna.se\/orebro\/kontakta-oss\/vara-fortroendevalda\/intresseanmalan-fortroendeuppdrag\/\">meddela intresse f\u00f6r mer engagemang som t.ex f\u00f6rtroendevald<\/a>.<\/p>\n<p><strong>Politiskt arbete i partiet<\/strong><\/p>\n<p>Du har m\u00f6jlighet att engagera dig i det politiska arbetet som volont\u00e4r i olika uppdrag inom den mera f\u00f6reningsanknutna verksamhetsdelen Det kan du ocks\u00e5 ange vid en eventuell intresseanm\u00e4lan.<\/p>\n<p><strong>Som f\u00f6rtroendevald<\/strong><\/p>\n<p>Kristdemokraterna \u00e4r med p\u00e5verkar i b\u00e5de kommunen och regionen. I \u00d6rebro kommun och Region \u00d6rebro l\u00e4n finns m\u00e5nga kristdemokrater med och p\u00e5verkar i olika n\u00e4mnder. \u00c4r du intresserad av ett politiskt uppdrag s\u00e5 meddela ditt intresse p\u00e5 Kristdemokraterna i \u00d6rebros webbplats. Det \u00e4r viktigt att du fyller i och skickar din intresseanm\u00e4lan s\u00e5 vi vet vilka sakomr\u00e5den du \u00e4r intresserad av.<\/p>\n<p><a href=\"http:\/\/wp.kristdemokraterna.se\/orebro\/files\/2022\/02\/medlemsfolder-a5.pdf\" target=\"_blank\" rel=\"noopener\">L\u00e4s mer om vad det inneb\u00e4r att vara medlem i Kristdemokraterna (PDF).<\/a><\/p>\n<p>&nbsp;<\/p>\n","protected":false},"excerpt":{"rendered":"<p>V\u00e4lkommen till Kristdemokraterna. Vi vill v\u00e4ldigt g\u00e4rna ta del av ditt engagemang och din kompetens. Hos oss finns stora m\u00f6jligheter f\u00f6r dig. Kristdemokraterna verkar p\u00e5 flera niv\u00e5er &#8211; lokalt, regionalt och p\u00e5 riksniv\u00e5. Vi driver fr\u00e5gor, engagerar oss och samtalar g\u00e4rna hur vi g\u00f6r samh\u00e4llet varmare, b\u00e4ttre och mer kristdemokratiskt. Som medlem har du m\u00f6jlighet <a class=\"read-more-link\" href=\"https:\/\/wp.kristdemokraterna.se\/orebro\/kontakta-oss\/var-med-och-gor-skillnad\/\">Read More<\/a><\/p>\n","protected":false},"author":455,"featured_media":0,"parent":1347,"menu_order":0,"comment_status":"closed","ping_status":"closed","template":"","meta":{"_acf_changed":false,"footnotes":""},"class_list":["post-2099","page","type-page","status-publish","hentry"],"acf":[],"yoast_head":"<!-- This site is optimized with the Yoast SEO plugin v27.4 - https:\/\/yoast.com\/product\/yoast-seo-wordpress\/ -->\n<title>Var med och g\u00f6r skillnad! - Kristdemokraterna i \u00d6rebro<\/title>\n<meta name=\"robots\" content=\"index, follow, max-snippet:-1, max-image-preview:large, max-video-preview:-1\" \/>\n<link rel=\"canonical\" href=\"https:\/\/wp.kristdemokraterna.se\/orebro\/kontakta-oss\/var-med-och-gor-skillnad\/\" \/>\n<meta property=\"og:locale\" content=\"sv_SE\" \/>\n<meta property=\"og:type\" content=\"article\" \/>\n<meta property=\"og:title\" content=\"Var med och g\u00f6r skillnad! - Kristdemokraterna i \u00d6rebro\" \/>\n<meta property=\"og:description\" content=\"V\u00e4lkommen till Kristdemokraterna. Vi vill v\u00e4ldigt g\u00e4rna ta del av ditt engagemang och din kompetens. Hos oss finns stora m\u00f6jligheter f\u00f6r dig. Kristdemokraterna verkar p\u00e5 flera niv\u00e5er &#8211; lokalt, regionalt och p\u00e5 riksniv\u00e5. Vi driver fr\u00e5gor, engagerar oss och samtalar g\u00e4rna hur vi g\u00f6r samh\u00e4llet varmare, b\u00e4ttre och mer kristdemokratiskt. Som medlem har du m\u00f6jlighet Read More\" \/>\n<meta property=\"og:url\" content=\"https:\/\/wp.kristdemokraterna.se\/orebro\/kontakta-oss\/var-med-och-gor-skillnad\/\" \/>\n<meta property=\"og:site_name\" content=\"Kristdemokraterna i \u00d6rebro\" \/>\n<meta property=\"article:modified_time\" content=\"2023-05-22T14:00:13+00:00\" \/>\n<meta name=\"twitter:card\" content=\"summary_large_image\" \/>\n<meta name=\"twitter:label1\" content=\"Ber\u00e4knad l\u00e4stid\" \/>\n\t<meta name=\"twitter:data1\" content=\"1 minut\" \/>\n<script type=\"application\/ld+json\" class=\"yoast-schema-graph\">{\"@context\":\"https:\\\/\\\/schema.org\",\"@graph\":[{\"@type\":\"WebPage\",\"@id\":\"https:\\\/\\\/wp.kristdemokraterna.se\\\/orebro\\\/kontakta-oss\\\/var-med-och-gor-skillnad\\\/\",\"url\":\"https:\\\/\\\/wp.kristdemokraterna.se\\\/orebro\\\/kontakta-oss\\\/var-med-och-gor-skillnad\\\/\",\"name\":\"Var med och g\u00f6r skillnad! - Kristdemokraterna i \u00d6rebro\",\"isPartOf\":{\"@id\":\"https:\\\/\\\/wp.kristdemokraterna.se\\\/orebro\\\/#website\"},\"datePublished\":\"2021-11-25T08:53:19+00:00\",\"dateModified\":\"2023-05-22T14:00:13+00:00\",\"breadcrumb\":{\"@id\":\"https:\\\/\\\/wp.kristdemokraterna.se\\\/orebro\\\/kontakta-oss\\\/var-med-och-gor-skillnad\\\/#breadcrumb\"},\"inLanguage\":\"sv-SE\",\"potentialAction\":[{\"@type\":\"ReadAction\",\"target\":[\"https:\\\/\\\/wp.kristdemokraterna.se\\\/orebro\\\/kontakta-oss\\\/var-med-och-gor-skillnad\\\/\"]}]},{\"@type\":\"BreadcrumbList\",\"@id\":\"https:\\\/\\\/wp.kristdemokraterna.se\\\/orebro\\\/kontakta-oss\\\/var-med-och-gor-skillnad\\\/#breadcrumb\",\"itemListElement\":[{\"@type\":\"ListItem\",\"position\":1,\"name\":\"Hem\",\"item\":\"https:\\\/\\\/wp.kristdemokraterna.se\\\/orebro\\\/\"},{\"@type\":\"ListItem\",\"position\":2,\"name\":\"Vilka vi \u00e4r\",\"item\":\"https:\\\/\\\/wp.kristdemokraterna.se\\\/orebro\\\/kontakta-oss\\\/\"},{\"@type\":\"ListItem\",\"position\":3,\"name\":\"Var med och g\u00f6r skillnad!\"}]},{\"@type\":\"WebSite\",\"@id\":\"https:\\\/\\\/wp.kristdemokraterna.se\\\/orebro\\\/#website\",\"url\":\"https:\\\/\\\/wp.kristdemokraterna.se\\\/orebro\\\/\",\"name\":\"Kristdemokraterna i \u00d6rebro\",\"description\":\"Det \u00e4r l\u00e4ttare att bygga trygga barn \u00e4n att laga trasiga vuxna\",\"inLanguage\":\"sv-SE\"}]}<\/script>\n<!-- \/ Yoast SEO plugin. -->","yoast_head_json":{"title":"Var med och g\u00f6r skillnad! - Kristdemokraterna i \u00d6rebro","robots":{"index":"index","follow":"follow","max-snippet":"max-snippet:-1","max-image-preview":"max-image-preview:large","max-video-preview":"max-video-preview:-1"},"canonical":"https:\/\/wp.kristdemokraterna.se\/orebro\/kontakta-oss\/var-med-och-gor-skillnad\/","og_locale":"sv_SE","og_type":"article","og_title":"Var med och g\u00f6r skillnad! - Kristdemokraterna i \u00d6rebro","og_description":"V\u00e4lkommen till Kristdemokraterna. Vi vill v\u00e4ldigt g\u00e4rna ta del av ditt engagemang och din kompetens. Hos oss finns stora m\u00f6jligheter f\u00f6r dig. Kristdemokraterna verkar p\u00e5 flera niv\u00e5er &#8211; lokalt, regionalt och p\u00e5 riksniv\u00e5. Vi driver fr\u00e5gor, engagerar oss och samtalar g\u00e4rna hur vi g\u00f6r samh\u00e4llet varmare, b\u00e4ttre och mer kristdemokratiskt. Som medlem har du m\u00f6jlighet Read More","og_url":"https:\/\/wp.kristdemokraterna.se\/orebro\/kontakta-oss\/var-med-och-gor-skillnad\/","og_site_name":"Kristdemokraterna i \u00d6rebro","article_modified_time":"2023-05-22T14:00:13+00:00","twitter_card":"summary_large_image","twitter_misc":{"Ber\u00e4knad l\u00e4stid":"1 minut"},"schema":{"@context":"https:\/\/schema.org","@graph":[{"@type":"WebPage","@id":"https:\/\/wp.kristdemokraterna.se\/orebro\/kontakta-oss\/var-med-och-gor-skillnad\/","url":"https:\/\/wp.kristdemokraterna.se\/orebro\/kontakta-oss\/var-med-och-gor-skillnad\/","name":"Var med och g\u00f6r skillnad! - Kristdemokraterna i \u00d6rebro","isPartOf":{"@id":"https:\/\/wp.kristdemokraterna.se\/orebro\/#website"},"datePublished":"2021-11-25T08:53:19+00:00","dateModified":"2023-05-22T14:00:13+00:00","breadcrumb":{"@id":"https:\/\/wp.kristdemokraterna.se\/orebro\/kontakta-oss\/var-med-och-gor-skillnad\/#breadcrumb"},"inLanguage":"sv-SE","potentialAction":[{"@type":"ReadAction","target":["https:\/\/wp.kristdemokraterna.se\/orebro\/kontakta-oss\/var-med-och-gor-skillnad\/"]}]},{"@type":"BreadcrumbList","@id":"https:\/\/wp.kristdemokraterna.se\/orebro\/kontakta-oss\/var-med-och-gor-skillnad\/#breadcrumb","itemListElement":[{"@type":"ListItem","position":1,"name":"Hem","item":"https:\/\/wp.kristdemokraterna.se\/orebro\/"},{"@type":"ListItem","position":2,"name":"Vilka vi \u00e4r","item":"https:\/\/wp.kristdemokraterna.se\/orebro\/kontakta-oss\/"},{"@type":"ListItem","position":3,"name":"Var med och g\u00f6r skillnad!"}]},{"@type":"WebSite","@id":"https:\/\/wp.kristdemokraterna.se\/orebro\/#website","url":"https:\/\/wp.kristdemokraterna.se\/orebro\/","name":"Kristdemokraterna i \u00d6rebro","description":"Det \u00e4r l\u00e4ttare att bygga trygga barn \u00e4n att laga trasiga vuxna","inLanguage":"sv-SE"}]}},"_links":{"self":[{"href":"https:\/\/wp.kristdemokraterna.se\/orebro\/wp-json\/wp\/v2\/pages\/2099","targetHints":{"allow":["GET"]}}],"collection":[{"href":"https:\/\/wp.kristdemokraterna.se\/orebro\/wp-json\/wp\/v2\/pages"}],"about":[{"href":"https:\/\/wp.kristdemokraterna.se\/orebro\/wp-json\/wp\/v2\/types\/page"}],"author":[{"embeddable":true,"href":"https:\/\/wp.kristdemokraterna.se\/orebro\/wp-json\/wp\/v2\/users\/455"}],"replies":[{"embeddable":true,"href":"https:\/\/wp.kristdemokraterna.se\/orebro\/wp-json\/wp\/v2\/comments?post=2099"}],"version-history":[{"count":6,"href":"https:\/\/wp.kristdemokraterna.se\/orebro\/wp-json\/wp\/v2\/pages\/2099\/revisions"}],"predecessor-version":[{"id":2502,"href":"https:\/\/wp.kristdemokraterna.se\/orebro\/wp-json\/wp\/v2\/pages\/2099\/revisions\/2502"}],"up":[{"embeddable":true,"href":"https:\/\/wp.kristdemokraterna.se\/orebro\/wp-json\/wp\/v2\/pages\/1347"}],"wp:attachment":[{"href":"https:\/\/wp.kristdemokraterna.se\/orebro\/wp-json\/wp\/v2\/media?parent=2099"}],"curies":[{"name":"wp","href":"https:\/\/api.w.org\/{rel}","templated":true}]}}