{"id":1148,"date":"2024-08-05T15:00:02","date_gmt":"2024-08-05T13:00:02","guid":{"rendered":"http:\/\/wp.kristdemokraterna.se\/ornskoldsvik\/?page_id=352"},"modified":"2024-08-05T15:05:17","modified_gmt":"2024-08-05T13:05:17","slug":"kontakta-oss-2","status":"publish","type":"page","link":"https:\/\/wp.kristdemokraterna.se\/ornskoldsvik\/kontakta-oss-2\/","title":{"rendered":"Kontakta oss!"},"content":{"rendered":"<p>&nbsp;<\/p>\n<p><a href=\"https:\/\/wp.kristdemokraterna.se\/ornskoldsvik\/files\/2024\/08\/lars-eidenvall.jpg\"><img loading=\"lazy\" decoding=\"async\" class=\"alignnone size-medium wp-image-1195\" src=\"https:\/\/wp.kristdemokraterna.se\/ornskoldsvik\/files\/2024\/08\/lars-eidenvall-300x300.jpg\" alt=\"\" width=\"300\" height=\"300\" srcset=\"https:\/\/wp.kristdemokraterna.se\/ornskoldsvik\/files\/2024\/08\/lars-eidenvall-300x300.jpg 300w, https:\/\/wp.kristdemokraterna.se\/ornskoldsvik\/files\/2024\/08\/lars-eidenvall-1024x1024.jpg 1024w, https:\/\/wp.kristdemokraterna.se\/ornskoldsvik\/files\/2024\/08\/lars-eidenvall-150x150.jpg 150w, https:\/\/wp.kristdemokraterna.se\/ornskoldsvik\/files\/2024\/08\/lars-eidenvall-768x768.jpg 768w, https:\/\/wp.kristdemokraterna.se\/ornskoldsvik\/files\/2024\/08\/lars-eidenvall-200x200.jpg 200w, https:\/\/wp.kristdemokraterna.se\/ornskoldsvik\/files\/2024\/08\/lars-eidenvall-370x370.jpg 370w, https:\/\/wp.kristdemokraterna.se\/ornskoldsvik\/files\/2024\/08\/lars-eidenvall-90x90.jpg 90w, https:\/\/wp.kristdemokraterna.se\/ornskoldsvik\/files\/2024\/08\/lars-eidenvall-770x770.jpg 770w, https:\/\/wp.kristdemokraterna.se\/ornskoldsvik\/files\/2024\/08\/lars-eidenvall-450x450.jpg 450w, https:\/\/wp.kristdemokraterna.se\/ornskoldsvik\/files\/2024\/08\/lars-eidenvall-280x280.jpg 280w, https:\/\/wp.kristdemokraterna.se\/ornskoldsvik\/files\/2024\/08\/lars-eidenvall-340x340.jpg 340w, https:\/\/wp.kristdemokraterna.se\/ornskoldsvik\/files\/2024\/08\/lars-eidenvall-56x56.jpg 56w, https:\/\/wp.kristdemokraterna.se\/ornskoldsvik\/files\/2024\/08\/lars-eidenvall.jpg 1434w\" sizes=\"auto, (max-width: 300px) 100vw, 300px\" \/><\/a><\/p>\n<p>Gruppledare: Lars Eidenvall: +46705780900<\/p>\n<p>Mejl: lars.eidenvall@telia.se<\/p>\n<p><a href=\"https:\/\/wp.kristdemokraterna.se\/ornskoldsvik\/files\/2022\/07\/maria_borgehammar_04.jpg-beskuren.jpg\"><img loading=\"lazy\" decoding=\"async\" class=\"alignnone size-medium wp-image-824\" src=\"https:\/\/wp.kristdemokraterna.se\/ornskoldsvik\/files\/2022\/07\/maria_borgehammar_04.jpg-beskuren-300x290.jpg\" alt=\"\" width=\"300\" height=\"290\" srcset=\"https:\/\/wp.kristdemokraterna.se\/ornskoldsvik\/files\/2022\/07\/maria_borgehammar_04.jpg-beskuren-300x290.jpg 300w, https:\/\/wp.kristdemokraterna.se\/ornskoldsvik\/files\/2022\/07\/maria_borgehammar_04.jpg-beskuren-1024x991.jpg 1024w, https:\/\/wp.kristdemokraterna.se\/ornskoldsvik\/files\/2022\/07\/maria_borgehammar_04.jpg-beskuren-768x744.jpg 768w, https:\/\/wp.kristdemokraterna.se\/ornskoldsvik\/files\/2022\/07\/maria_borgehammar_04.jpg-beskuren-1536x1487.jpg 1536w, https:\/\/wp.kristdemokraterna.se\/ornskoldsvik\/files\/2022\/07\/maria_borgehammar_04.jpg-beskuren-207x200.jpg 207w, https:\/\/wp.kristdemokraterna.se\/ornskoldsvik\/files\/2022\/07\/maria_borgehammar_04.jpg-beskuren-370x358.jpg 370w, https:\/\/wp.kristdemokraterna.se\/ornskoldsvik\/files\/2022\/07\/maria_borgehammar_04.jpg-beskuren-770x745.jpg 770w, https:\/\/wp.kristdemokraterna.se\/ornskoldsvik\/files\/2022\/07\/maria_borgehammar_04.jpg-beskuren-450x436.jpg 450w, https:\/\/wp.kristdemokraterna.se\/ornskoldsvik\/files\/2022\/07\/maria_borgehammar_04.jpg-beskuren-280x271.jpg 280w, https:\/\/wp.kristdemokraterna.se\/ornskoldsvik\/files\/2022\/07\/maria_borgehammar_04.jpg-beskuren-340x329.jpg 340w, https:\/\/wp.kristdemokraterna.se\/ornskoldsvik\/files\/2022\/07\/maria_borgehammar_04.jpg-beskuren-200x194.jpg 200w, https:\/\/wp.kristdemokraterna.se\/ornskoldsvik\/files\/2022\/07\/maria_borgehammar_04.jpg-beskuren-58x56.jpg 58w, https:\/\/wp.kristdemokraterna.se\/ornskoldsvik\/files\/2022\/07\/maria_borgehammar_04.jpg-beskuren.jpg 1600w\" sizes=\"auto, (max-width: 300px) 100vw, 300px\" \/><\/a><\/p>\n<p>Vice gruppledare och kommunikat\u00f6r: Maria Borgehammar +46725218411<\/p>\n<p>Mejl: maria.borgehammar@kristdemokraterna.se<\/p>\n","protected":false},"excerpt":{"rendered":"<p>&nbsp; Gruppledare: Lars Eidenvall: +46705780900 Mejl: lars.eidenvall@telia.se Vice gruppledare och kommunikat\u00f6r: Maria Borgehammar +46725218411 Mejl: maria.borgehammar@kristdemokraterna.se<\/p>\n","protected":false},"author":444,"featured_media":714,"parent":0,"menu_order":0,"comment_status":"closed","ping_status":"closed","template":"page-full.php","meta":{"_acf_changed":false,"footnotes":""},"class_list":["post-1148","page","type-page","status-publish","hentry"],"acf":[],"yoast_head":"<!-- This site is optimized with the Yoast SEO plugin v27.4 - https:\/\/yoast.com\/product\/yoast-seo-wordpress\/ -->\n<title>Kontakta oss! - Kristdemokraterna | \u00d6rnsk\u00f6ldsvik<\/title>\n<meta name=\"description\" content=\"Har du n\u00e5gon g\u00e5ng k\u00e4nt att du skulle vilja engagera dig? Tveka inte att kontakta oss, f\u00f6r liten eller stor medverkan. DU kan g\u00f6ra skillnad!\" \/>\n<meta name=\"robots\" content=\"index, follow, max-snippet:-1, max-image-preview:large, max-video-preview:-1\" \/>\n<link rel=\"canonical\" href=\"https:\/\/wp.kristdemokraterna.se\/ornskoldsvik\/kontakta-oss-2\/\" \/>\n<meta property=\"og:locale\" content=\"sv_SE\" \/>\n<meta property=\"og:type\" content=\"article\" \/>\n<meta property=\"og:title\" content=\"Kontakta oss! - Kristdemokraterna | \u00d6rnsk\u00f6ldsvik\" \/>\n<meta property=\"og:description\" content=\"Har du n\u00e5gon g\u00e5ng k\u00e4nt att du skulle vilja engagera dig? Tveka inte att kontakta oss, f\u00f6r liten eller stor medverkan. DU kan g\u00f6ra skillnad!\" \/>\n<meta property=\"og:url\" content=\"https:\/\/wp.kristdemokraterna.se\/ornskoldsvik\/kontakta-oss-2\/\" \/>\n<meta property=\"og:site_name\" content=\"Kristdemokraterna | \u00d6rnsk\u00f6ldsvik\" \/>\n<meta property=\"article:modified_time\" content=\"2024-08-05T13:05:17+00:00\" \/>\n<meta property=\"og:image\" content=\"https:\/\/wp.kristdemokraterna.se\/ornskoldsvik\/files\/2024\/08\/lars-eidenvall-300x300.jpg\" \/>\n<meta name=\"twitter:card\" content=\"summary_large_image\" \/>\n<meta name=\"twitter:label1\" content=\"Ber\u00e4knad l\u00e4stid\" \/>\n\t<meta name=\"twitter:data1\" content=\"1 minut\" \/>\n<script type=\"application\/ld+json\" class=\"yoast-schema-graph\">{\"@context\":\"https:\\\/\\\/schema.org\",\"@graph\":[{\"@type\":\"WebPage\",\"@id\":\"https:\\\/\\\/wp.kristdemokraterna.se\\\/ornskoldsvik\\\/kontakta-oss-2\\\/\",\"url\":\"https:\\\/\\\/wp.kristdemokraterna.se\\\/ornskoldsvik\\\/kontakta-oss-2\\\/\",\"name\":\"Kontakta oss! - Kristdemokraterna | \u00d6rnsk\u00f6ldsvik\",\"isPartOf\":{\"@id\":\"https:\\\/\\\/wp.kristdemokraterna.se\\\/ornskoldsvik\\\/#website\"},\"primaryImageOfPage\":{\"@id\":\"https:\\\/\\\/wp.kristdemokraterna.se\\\/ornskoldsvik\\\/kontakta-oss-2\\\/#primaryimage\"},\"image\":{\"@id\":\"https:\\\/\\\/wp.kristdemokraterna.se\\\/ornskoldsvik\\\/kontakta-oss-2\\\/#primaryimage\"},\"thumbnailUrl\":\"\",\"datePublished\":\"2024-08-05T13:00:02+00:00\",\"dateModified\":\"2024-08-05T13:05:17+00:00\",\"description\":\"Har du n\u00e5gon g\u00e5ng k\u00e4nt att du skulle vilja engagera dig? Tveka inte att kontakta oss, f\u00f6r liten eller stor medverkan. DU kan g\u00f6ra skillnad!\",\"breadcrumb\":{\"@id\":\"https:\\\/\\\/wp.kristdemokraterna.se\\\/ornskoldsvik\\\/kontakta-oss-2\\\/#breadcrumb\"},\"inLanguage\":\"sv-SE\",\"potentialAction\":[{\"@type\":\"ReadAction\",\"target\":[\"https:\\\/\\\/wp.kristdemokraterna.se\\\/ornskoldsvik\\\/kontakta-oss-2\\\/\"]}]},{\"@type\":\"ImageObject\",\"inLanguage\":\"sv-SE\",\"@id\":\"https:\\\/\\\/wp.kristdemokraterna.se\\\/ornskoldsvik\\\/kontakta-oss-2\\\/#primaryimage\",\"url\":\"\",\"contentUrl\":\"\"},{\"@type\":\"BreadcrumbList\",\"@id\":\"https:\\\/\\\/wp.kristdemokraterna.se\\\/ornskoldsvik\\\/kontakta-oss-2\\\/#breadcrumb\",\"itemListElement\":[{\"@type\":\"ListItem\",\"position\":1,\"name\":\"Hem\",\"item\":\"https:\\\/\\\/wp.kristdemokraterna.se\\\/ornskoldsvik\\\/\"},{\"@type\":\"ListItem\",\"position\":2,\"name\":\"Kontakta oss!\"}]},{\"@type\":\"WebSite\",\"@id\":\"https:\\\/\\\/wp.kristdemokraterna.se\\\/ornskoldsvik\\\/#website\",\"url\":\"https:\\\/\\\/wp.kristdemokraterna.se\\\/ornskoldsvik\\\/\",\"name\":\"Kristdemokraterna | \u00d6rnsk\u00f6ldsvik\",\"description\":\"En till Kristdemokraterna webbplats\",\"inLanguage\":\"sv-SE\"}]}<\/script>\n<!-- \/ Yoast SEO plugin. -->","yoast_head_json":{"title":"Kontakta oss! - Kristdemokraterna | \u00d6rnsk\u00f6ldsvik","description":"Har du n\u00e5gon g\u00e5ng k\u00e4nt att du skulle vilja engagera dig? Tveka inte att kontakta oss, f\u00f6r liten eller stor medverkan. DU kan g\u00f6ra skillnad!","robots":{"index":"index","follow":"follow","max-snippet":"max-snippet:-1","max-image-preview":"max-image-preview:large","max-video-preview":"max-video-preview:-1"},"canonical":"https:\/\/wp.kristdemokraterna.se\/ornskoldsvik\/kontakta-oss-2\/","og_locale":"sv_SE","og_type":"article","og_title":"Kontakta oss! - Kristdemokraterna | \u00d6rnsk\u00f6ldsvik","og_description":"Har du n\u00e5gon g\u00e5ng k\u00e4nt att du skulle vilja engagera dig? Tveka inte att kontakta oss, f\u00f6r liten eller stor medverkan. DU kan g\u00f6ra skillnad!","og_url":"https:\/\/wp.kristdemokraterna.se\/ornskoldsvik\/kontakta-oss-2\/","og_site_name":"Kristdemokraterna | \u00d6rnsk\u00f6ldsvik","article_modified_time":"2024-08-05T13:05:17+00:00","og_image":[{"url":"https:\/\/wp.kristdemokraterna.se\/ornskoldsvik\/files\/2024\/08\/lars-eidenvall-300x300.jpg","type":"","width":"","height":""}],"twitter_card":"summary_large_image","twitter_misc":{"Ber\u00e4knad l\u00e4stid":"1 minut"},"schema":{"@context":"https:\/\/schema.org","@graph":[{"@type":"WebPage","@id":"https:\/\/wp.kristdemokraterna.se\/ornskoldsvik\/kontakta-oss-2\/","url":"https:\/\/wp.kristdemokraterna.se\/ornskoldsvik\/kontakta-oss-2\/","name":"Kontakta oss! - Kristdemokraterna | \u00d6rnsk\u00f6ldsvik","isPartOf":{"@id":"https:\/\/wp.kristdemokraterna.se\/ornskoldsvik\/#website"},"primaryImageOfPage":{"@id":"https:\/\/wp.kristdemokraterna.se\/ornskoldsvik\/kontakta-oss-2\/#primaryimage"},"image":{"@id":"https:\/\/wp.kristdemokraterna.se\/ornskoldsvik\/kontakta-oss-2\/#primaryimage"},"thumbnailUrl":"","datePublished":"2024-08-05T13:00:02+00:00","dateModified":"2024-08-05T13:05:17+00:00","description":"Har du n\u00e5gon g\u00e5ng k\u00e4nt att du skulle vilja engagera dig? Tveka inte att kontakta oss, f\u00f6r liten eller stor medverkan. DU kan g\u00f6ra skillnad!","breadcrumb":{"@id":"https:\/\/wp.kristdemokraterna.se\/ornskoldsvik\/kontakta-oss-2\/#breadcrumb"},"inLanguage":"sv-SE","potentialAction":[{"@type":"ReadAction","target":["https:\/\/wp.kristdemokraterna.se\/ornskoldsvik\/kontakta-oss-2\/"]}]},{"@type":"ImageObject","inLanguage":"sv-SE","@id":"https:\/\/wp.kristdemokraterna.se\/ornskoldsvik\/kontakta-oss-2\/#primaryimage","url":"","contentUrl":""},{"@type":"BreadcrumbList","@id":"https:\/\/wp.kristdemokraterna.se\/ornskoldsvik\/kontakta-oss-2\/#breadcrumb","itemListElement":[{"@type":"ListItem","position":1,"name":"Hem","item":"https:\/\/wp.kristdemokraterna.se\/ornskoldsvik\/"},{"@type":"ListItem","position":2,"name":"Kontakta oss!"}]},{"@type":"WebSite","@id":"https:\/\/wp.kristdemokraterna.se\/ornskoldsvik\/#website","url":"https:\/\/wp.kristdemokraterna.se\/ornskoldsvik\/","name":"Kristdemokraterna | \u00d6rnsk\u00f6ldsvik","description":"En till Kristdemokraterna webbplats","inLanguage":"sv-SE"}]}},"_links":{"self":[{"href":"https:\/\/wp.kristdemokraterna.se\/ornskoldsvik\/wp-json\/wp\/v2\/pages\/1148","targetHints":{"allow":["GET"]}}],"collection":[{"href":"https:\/\/wp.kristdemokraterna.se\/ornskoldsvik\/wp-json\/wp\/v2\/pages"}],"about":[{"href":"https:\/\/wp.kristdemokraterna.se\/ornskoldsvik\/wp-json\/wp\/v2\/types\/page"}],"author":[{"embeddable":true,"href":"https:\/\/wp.kristdemokraterna.se\/ornskoldsvik\/wp-json\/wp\/v2\/users\/444"}],"replies":[{"embeddable":true,"href":"https:\/\/wp.kristdemokraterna.se\/ornskoldsvik\/wp-json\/wp\/v2\/comments?post=1148"}],"version-history":[{"count":3,"href":"https:\/\/wp.kristdemokraterna.se\/ornskoldsvik\/wp-json\/wp\/v2\/pages\/1148\/revisions"}],"predecessor-version":[{"id":1198,"href":"https:\/\/wp.kristdemokraterna.se\/ornskoldsvik\/wp-json\/wp\/v2\/pages\/1148\/revisions\/1198"}],"wp:featuredmedia":[{"embeddable":true,"href":"https:\/\/wp.kristdemokraterna.se\/ornskoldsvik\/wp-json\/"}],"wp:attachment":[{"href":"https:\/\/wp.kristdemokraterna.se\/ornskoldsvik\/wp-json\/wp\/v2\/media?parent=1148"}],"curies":[{"name":"wp","href":"https:\/\/api.w.org\/{rel}","templated":true}]}}