{"id":412,"date":"2022-06-01T14:43:18","date_gmt":"2022-06-01T12:43:18","guid":{"rendered":"https:\/\/wp.kristdemokraterna.se\/orust\/?page_id=412"},"modified":"2022-08-09T09:09:31","modified_gmt":"2022-08-09T07:09:31","slug":"motioner-och-interpellationer-fran-kristdemokraterna","status":"publish","type":"page","link":"https:\/\/wp.kristdemokraterna.se\/orust\/i-var-kommun\/motioner-och-interpellationer-fran-kristdemokraterna\/","title":{"rendered":"Motioner och Interpellationer fr\u00e5n Kristdemokraterna"},"content":{"rendered":"<p>H\u00e4r kommer vi l\u00e4gga upp de motioner och interpellationer som vi l\u00e4mnar in.<\/p>\n<p><a href=\"https:\/\/wp.kristdemokraterna.se\/orust\/files\/2022\/06\/interpellation-mbn-4.pdf\">Interpellation MBN 4<\/a><\/p>\n<p><a href=\"https:\/\/wp.kristdemokraterna.se\/orust\/files\/2022\/06\/motion-kultur-och-fritidsnamnd.pdf\">Motion Kultur och Fritidsn\u00e4mnd<\/a><a href=\"https:\/\/wp.kristdemokraterna.se\/orust\/files\/2022\/08\/interpellation-kontroll-kompost.pdf\">interpellation<\/a><\/p>\n<p>Augusti 2022:<\/p>\n<p><a href=\"https:\/\/wp.kristdemokraterna.se\/orust\/files\/2022\/08\/interpellation-kontroll-kompost.pdf\">kontroll kompost<\/a><\/p>\n<p><a href=\"https:\/\/wp.kristdemokraterna.se\/orust\/files\/2022\/08\/motion-schemalaggning.pdf\">Motion sc<\/a><a href=\"https:\/\/wp.kristdemokraterna.se\/orust\/files\/2022\/08\/motion-schemalaggning.pdf\">hemal\u00e4gg<\/a><a href=\"https:\/\/wp.kristdemokraterna.se\/orust\/files\/2022\/08\/motion-schemalaggning.pdf\">ning<\/a><\/p>\n<p><a href=\"https:\/\/wp.kristdemokraterna.se\/orust\/files\/2022\/08\/motion-personalsituationen.pdf\">Motion Personalsituation<\/a><a href=\"https:\/\/wp.kristdemokraterna.se\/orust\/files\/2022\/08\/motion-personalsituationen.pdf\">en<\/a><\/p>\n<p><a href=\"https:\/\/wp.kristdemokraterna.se\/orust\/files\/2022\/08\/motion-mayors-for-peace.pdf\">Motion Mayors for Peac<\/a><a href=\"https:\/\/wp.kristdemokraterna.se\/orust\/files\/2022\/08\/motion-mayors-for-peace.pdf\">e<\/a><\/p>\n<p><a href=\"https:\/\/wp.kristdemokraterna.se\/orust\/files\/2022\/08\/motion-kvalitetsarbete.pdf\">Motion Kvalitetsarbete<\/a><\/p>\n<p><a href=\"https:\/\/wp.kristdemokraterna.se\/orust\/files\/2022\/08\/motion-arbetsuppgifter.pdf\">Motion arbetsuppgifter<\/a><\/p>\n<p><a href=\"https:\/\/wp.kristdemokraterna.se\/orust\/files\/2022\/08\/fraga-myckleby-skola.pdf\">Fr\u00e5ga My<\/a><a href=\"https:\/\/wp.kristdemokraterna.se\/orust\/files\/2022\/08\/fraga-myckleby-skola.pdf\">ckleby skola<\/a><\/p>\n<p><a href=\"https:\/\/wp.kristdemokraterna.se\/orust\/files\/2022\/08\/fraga-skolskjutsar.pdf\">Fr\u00e5ga Skolskjuts<\/a><a href=\"https:\/\/wp.kristdemokraterna.se\/orust\/files\/2022\/08\/fraga-skolskjutsar.pdf\">ar<\/a><\/p>\n<p><a href=\"https:\/\/wp.kristdemokraterna.se\/orust\/files\/2022\/08\/interpellation-ekobyn.pdf\">Interpellati<\/a><a href=\"https:\/\/wp.kristdemokraterna.se\/orust\/files\/2022\/08\/interpellation-ekobyn.pdf\">on Ekobyn<\/a><\/p>\n","protected":false},"excerpt":{"rendered":"<p>H\u00e4r kommer vi l\u00e4gga upp de motioner och interpellationer som vi l\u00e4mnar in. Interpellation MBN 4 Motion Kultur och Fritidsn\u00e4mndinterpellation Augusti 2022: kontroll kompost Motion schemal\u00e4ggning Motion Personalsituationen Motion Mayors for Peace Motion Kvalitetsarbete Motion arbetsuppgifter Fr\u00e5ga Myckleby skola Fr\u00e5ga Skolskjutsar Interpellation Ekobyn<\/p>\n","protected":false},"author":493,"featured_media":714,"parent":342,"menu_order":0,"comment_status":"closed","ping_status":"closed","template":"","meta":{"_acf_changed":false,"footnotes":""},"class_list":["post-412","page","type-page","status-publish","hentry"],"acf":[],"yoast_head":"<!-- This site is optimized with the Yoast SEO plugin v27.3 - https:\/\/yoast.com\/product\/yoast-seo-wordpress\/ -->\n<title>Motioner och Interpellationer fr\u00e5n Kristdemokraterna - Kristdemokraterna | Orust<\/title>\n<meta name=\"robots\" content=\"index, follow, max-snippet:-1, max-image-preview:large, max-video-preview:-1\" \/>\n<link rel=\"canonical\" href=\"https:\/\/wp.kristdemokraterna.se\/orust\/i-var-kommun\/motioner-och-interpellationer-fran-kristdemokraterna\/\" \/>\n<meta property=\"og:locale\" content=\"sv_SE\" \/>\n<meta property=\"og:type\" content=\"article\" \/>\n<meta property=\"og:title\" content=\"Motioner och Interpellationer fr\u00e5n Kristdemokraterna - Kristdemokraterna | Orust\" \/>\n<meta property=\"og:description\" content=\"H\u00e4r kommer vi l\u00e4gga upp de motioner och interpellationer som vi l\u00e4mnar in. Interpellation MBN 4 Motion Kultur och Fritidsn\u00e4mndinterpellation Augusti 2022: kontroll kompost Motion schemal\u00e4ggning Motion Personalsituationen Motion Mayors for Peace Motion Kvalitetsarbete Motion arbetsuppgifter Fr\u00e5ga Myckleby skola Fr\u00e5ga Skolskjutsar Interpellation Ekobyn\" \/>\n<meta property=\"og:url\" content=\"https:\/\/wp.kristdemokraterna.se\/orust\/i-var-kommun\/motioner-och-interpellationer-fran-kristdemokraterna\/\" \/>\n<meta property=\"og:site_name\" content=\"Kristdemokraterna | Orust\" \/>\n<meta property=\"article:modified_time\" content=\"2022-08-09T07:09:31+00:00\" \/>\n<meta name=\"twitter:card\" content=\"summary_large_image\" \/>\n<meta name=\"twitter:label1\" content=\"Ber\u00e4knad l\u00e4stid\" \/>\n\t<meta name=\"twitter:data1\" content=\"1 minut\" \/>\n<script type=\"application\/ld+json\" class=\"yoast-schema-graph\">{\"@context\":\"https:\\\/\\\/schema.org\",\"@graph\":[{\"@type\":\"WebPage\",\"@id\":\"https:\\\/\\\/wp.kristdemokraterna.se\\\/orust\\\/i-var-kommun\\\/motioner-och-interpellationer-fran-kristdemokraterna\\\/\",\"url\":\"https:\\\/\\\/wp.kristdemokraterna.se\\\/orust\\\/i-var-kommun\\\/motioner-och-interpellationer-fran-kristdemokraterna\\\/\",\"name\":\"Motioner och Interpellationer fr\u00e5n Kristdemokraterna - Kristdemokraterna | Orust\",\"isPartOf\":{\"@id\":\"https:\\\/\\\/wp.kristdemokraterna.se\\\/orust\\\/#website\"},\"primaryImageOfPage\":{\"@id\":\"https:\\\/\\\/wp.kristdemokraterna.se\\\/orust\\\/i-var-kommun\\\/motioner-och-interpellationer-fran-kristdemokraterna\\\/#primaryimage\"},\"image\":{\"@id\":\"https:\\\/\\\/wp.kristdemokraterna.se\\\/orust\\\/i-var-kommun\\\/motioner-och-interpellationer-fran-kristdemokraterna\\\/#primaryimage\"},\"thumbnailUrl\":\"\",\"datePublished\":\"2022-06-01T12:43:18+00:00\",\"dateModified\":\"2022-08-09T07:09:31+00:00\",\"breadcrumb\":{\"@id\":\"https:\\\/\\\/wp.kristdemokraterna.se\\\/orust\\\/i-var-kommun\\\/motioner-och-interpellationer-fran-kristdemokraterna\\\/#breadcrumb\"},\"inLanguage\":\"sv-SE\",\"potentialAction\":[{\"@type\":\"ReadAction\",\"target\":[\"https:\\\/\\\/wp.kristdemokraterna.se\\\/orust\\\/i-var-kommun\\\/motioner-och-interpellationer-fran-kristdemokraterna\\\/\"]}]},{\"@type\":\"ImageObject\",\"inLanguage\":\"sv-SE\",\"@id\":\"https:\\\/\\\/wp.kristdemokraterna.se\\\/orust\\\/i-var-kommun\\\/motioner-och-interpellationer-fran-kristdemokraterna\\\/#primaryimage\",\"url\":\"\",\"contentUrl\":\"\"},{\"@type\":\"BreadcrumbList\",\"@id\":\"https:\\\/\\\/wp.kristdemokraterna.se\\\/orust\\\/i-var-kommun\\\/motioner-och-interpellationer-fran-kristdemokraterna\\\/#breadcrumb\",\"itemListElement\":[{\"@type\":\"ListItem\",\"position\":1,\"name\":\"Hem\",\"item\":\"https:\\\/\\\/wp.kristdemokraterna.se\\\/orust\\\/\"},{\"@type\":\"ListItem\",\"position\":2,\"name\":\"Vad vill vi i v\u00e5r kommun\",\"item\":\"https:\\\/\\\/wp.kristdemokraterna.se\\\/orust\\\/i-var-kommun\\\/\"},{\"@type\":\"ListItem\",\"position\":3,\"name\":\"Motioner och Interpellationer fr\u00e5n Kristdemokraterna\"}]},{\"@type\":\"WebSite\",\"@id\":\"https:\\\/\\\/wp.kristdemokraterna.se\\\/orust\\\/#website\",\"url\":\"https:\\\/\\\/wp.kristdemokraterna.se\\\/orust\\\/\",\"name\":\"Kristdemokraterna | Orust\",\"description\":\"En till Kristdemokraterna webbplats\",\"inLanguage\":\"sv-SE\"}]}<\/script>\n<!-- \/ Yoast SEO plugin. -->","yoast_head_json":{"title":"Motioner och Interpellationer fr\u00e5n Kristdemokraterna - Kristdemokraterna | Orust","robots":{"index":"index","follow":"follow","max-snippet":"max-snippet:-1","max-image-preview":"max-image-preview:large","max-video-preview":"max-video-preview:-1"},"canonical":"https:\/\/wp.kristdemokraterna.se\/orust\/i-var-kommun\/motioner-och-interpellationer-fran-kristdemokraterna\/","og_locale":"sv_SE","og_type":"article","og_title":"Motioner och Interpellationer fr\u00e5n Kristdemokraterna - Kristdemokraterna | Orust","og_description":"H\u00e4r kommer vi l\u00e4gga upp de motioner och interpellationer som vi l\u00e4mnar in. Interpellation MBN 4 Motion Kultur och Fritidsn\u00e4mndinterpellation Augusti 2022: kontroll kompost Motion schemal\u00e4ggning Motion Personalsituationen Motion Mayors for Peace Motion Kvalitetsarbete Motion arbetsuppgifter Fr\u00e5ga Myckleby skola Fr\u00e5ga Skolskjutsar Interpellation Ekobyn","og_url":"https:\/\/wp.kristdemokraterna.se\/orust\/i-var-kommun\/motioner-och-interpellationer-fran-kristdemokraterna\/","og_site_name":"Kristdemokraterna | Orust","article_modified_time":"2022-08-09T07:09:31+00:00","twitter_card":"summary_large_image","twitter_misc":{"Ber\u00e4knad l\u00e4stid":"1 minut"},"schema":{"@context":"https:\/\/schema.org","@graph":[{"@type":"WebPage","@id":"https:\/\/wp.kristdemokraterna.se\/orust\/i-var-kommun\/motioner-och-interpellationer-fran-kristdemokraterna\/","url":"https:\/\/wp.kristdemokraterna.se\/orust\/i-var-kommun\/motioner-och-interpellationer-fran-kristdemokraterna\/","name":"Motioner och Interpellationer fr\u00e5n Kristdemokraterna - Kristdemokraterna | Orust","isPartOf":{"@id":"https:\/\/wp.kristdemokraterna.se\/orust\/#website"},"primaryImageOfPage":{"@id":"https:\/\/wp.kristdemokraterna.se\/orust\/i-var-kommun\/motioner-och-interpellationer-fran-kristdemokraterna\/#primaryimage"},"image":{"@id":"https:\/\/wp.kristdemokraterna.se\/orust\/i-var-kommun\/motioner-och-interpellationer-fran-kristdemokraterna\/#primaryimage"},"thumbnailUrl":"","datePublished":"2022-06-01T12:43:18+00:00","dateModified":"2022-08-09T07:09:31+00:00","breadcrumb":{"@id":"https:\/\/wp.kristdemokraterna.se\/orust\/i-var-kommun\/motioner-och-interpellationer-fran-kristdemokraterna\/#breadcrumb"},"inLanguage":"sv-SE","potentialAction":[{"@type":"ReadAction","target":["https:\/\/wp.kristdemokraterna.se\/orust\/i-var-kommun\/motioner-och-interpellationer-fran-kristdemokraterna\/"]}]},{"@type":"ImageObject","inLanguage":"sv-SE","@id":"https:\/\/wp.kristdemokraterna.se\/orust\/i-var-kommun\/motioner-och-interpellationer-fran-kristdemokraterna\/#primaryimage","url":"","contentUrl":""},{"@type":"BreadcrumbList","@id":"https:\/\/wp.kristdemokraterna.se\/orust\/i-var-kommun\/motioner-och-interpellationer-fran-kristdemokraterna\/#breadcrumb","itemListElement":[{"@type":"ListItem","position":1,"name":"Hem","item":"https:\/\/wp.kristdemokraterna.se\/orust\/"},{"@type":"ListItem","position":2,"name":"Vad vill vi i v\u00e5r kommun","item":"https:\/\/wp.kristdemokraterna.se\/orust\/i-var-kommun\/"},{"@type":"ListItem","position":3,"name":"Motioner och Interpellationer fr\u00e5n Kristdemokraterna"}]},{"@type":"WebSite","@id":"https:\/\/wp.kristdemokraterna.se\/orust\/#website","url":"https:\/\/wp.kristdemokraterna.se\/orust\/","name":"Kristdemokraterna | Orust","description":"En till Kristdemokraterna webbplats","inLanguage":"sv-SE"}]}},"_links":{"self":[{"href":"https:\/\/wp.kristdemokraterna.se\/orust\/wp-json\/wp\/v2\/pages\/412","targetHints":{"allow":["GET"]}}],"collection":[{"href":"https:\/\/wp.kristdemokraterna.se\/orust\/wp-json\/wp\/v2\/pages"}],"about":[{"href":"https:\/\/wp.kristdemokraterna.se\/orust\/wp-json\/wp\/v2\/types\/page"}],"author":[{"embeddable":true,"href":"https:\/\/wp.kristdemokraterna.se\/orust\/wp-json\/wp\/v2\/users\/493"}],"replies":[{"embeddable":true,"href":"https:\/\/wp.kristdemokraterna.se\/orust\/wp-json\/wp\/v2\/comments?post=412"}],"version-history":[{"count":4,"href":"https:\/\/wp.kristdemokraterna.se\/orust\/wp-json\/wp\/v2\/pages\/412\/revisions"}],"predecessor-version":[{"id":585,"href":"https:\/\/wp.kristdemokraterna.se\/orust\/wp-json\/wp\/v2\/pages\/412\/revisions\/585"}],"up":[{"embeddable":true,"href":"https:\/\/wp.kristdemokraterna.se\/orust\/wp-json\/wp\/v2\/pages\/342"}],"wp:featuredmedia":[{"embeddable":true,"href":"https:\/\/wp.kristdemokraterna.se\/orust\/wp-json\/"}],"wp:attachment":[{"href":"https:\/\/wp.kristdemokraterna.se\/orust\/wp-json\/wp\/v2\/media?parent=412"}],"curies":[{"name":"wp","href":"https:\/\/api.w.org\/{rel}","templated":true}]}}