{"id":117,"date":"2014-08-14T17:46:00","date_gmt":"2014-08-14T15:46:00","guid":{"rendered":"http:\/\/wp.kristdemokraterna.se\/osteraker\/?page_id=117"},"modified":"2025-05-25T23:41:33","modified_gmt":"2025-05-25T21:41:33","slug":"vara-politiker","status":"publish","type":"page","link":"https:\/\/wp.kristdemokraterna.se\/osteraker\/vara-politiker\/","title":{"rendered":"V\u00e5ra politiker"},"content":{"rendered":"<p><strong>N\u00e4mnder mm 2022-2026<\/strong><\/p>\n<p><strong>Kommunfullm\u00e4ktige<\/strong><\/p>\n<p>Ledamot Arne Ekstrand<br \/>\nLedamot Magnus Hultgren<br \/>\nErs\u00e4ttare Mikael Ottosson<br \/>\nErs\u00e4ttare Kajsa Hellstedt<\/p>\n<p><strong>KF Valberedning<\/strong><\/p>\n<p>Ledamot Magnus Hultgren<\/p>\n<p>Ers\u00e4ttare Arne Ekstrand<\/p>\n<p><strong>N\u00e4mnder mm 2022-2026<\/strong><\/p>\n<p><strong>Kommunstyrelsen<\/strong><\/p>\n<p>Ledamot Arne Ekstrand<\/p>\n<p><strong>Kultur-Fritid<\/strong><\/p>\n<p>Ordf\u00f6rande\u00a0Arne Ekstrand<\/p>\n<p>Ers\u00e4ttare Birgitta Holm<\/p>\n<p><strong>Byggnadsn\u00e4mnd<\/strong><\/p>\n<p>Ledamot Magnus Hultgren<\/p>\n<p><strong>Milj\u00f6- och H\u00e4lsa<\/strong><\/p>\n<p>Ers\u00e4ttare Kenneth Drake<\/p>\n<p><strong>Utbildningsn\u00e4mnden<\/strong><\/p>\n<p>Ledamot Kerstin Sundberg<\/p>\n<p><strong>Socialn\u00e4mnd<\/strong><\/p>\n<p>Ledamot Maria Ullenius<\/p>\n<p><strong>V\u00e5rd- o Omsorgsn\u00e4mnd<\/strong><\/p>\n<p>1;e vice Ordf\u00f6rande Mikael Ottosson<\/p>\n<p>Ers\u00e4ttare Tommy Bernev\u00e5ng-Forsberg<\/p>\n<p><strong>N\u00e4ringslivs och arbetsmarknadsn\u00e4mnden<\/strong><\/p>\n<p>Ers\u00e4ttare Robert Sylwander<\/p>\n<p><strong>Valn\u00e4mnden<\/strong><\/p>\n<p>Ledamot Franz Heinel<\/p>\n<p>Ers\u00e4ttare Margret Okhiria<\/p>\n<p><strong>Armada Fastighets AB<\/strong><\/p>\n<p>Ledamot Magnus Hultgren<\/p>\n<p><strong>Revisor Kommun<\/strong><\/p>\n<p>Ledamot\u00a0 Jan Winberg<\/p>\n<p><strong>Revisor Syskonen Johanssons fond<\/strong><\/p>\n<p>Ledamot Jan Winberg<\/p>\n<p><strong>Revisor Roslagsvatten<\/strong><\/p>\n<p>Ledamot Jan Winberg<\/p>\n<p><strong>Revisor \u00d6ster\u00e5kervatten<\/strong><\/p>\n<p>Ledamot Jan Winberg<\/p>\n<p><strong>Arvodesberedningen<\/strong><\/p>\n<p>Ledamot Arne Ekstrand<\/p>\n<p><strong>N\u00e4mndeman<\/strong><\/p>\n<p>Ledamot Therese Matsdotter Lundberg<\/p>\n<p>&nbsp;<\/p>\n<p>&nbsp;<\/p>\n","protected":false},"excerpt":{"rendered":"<p>N\u00e4mnder mm 2022-2026 Kommunfullm\u00e4ktige Ledamot Arne Ekstrand Ledamot Magnus Hultgren Ers\u00e4ttare Mikael Ottosson Ers\u00e4ttare Kajsa Hellstedt KF Valberedning Ledamot Magnus Hultgren Ers\u00e4ttare Arne Ekstrand N\u00e4mnder mm 2022-2026 Kommunstyrelsen Ledamot Arne Ekstrand Kultur-Fritid Ordf\u00f6rande\u00a0Arne Ekstrand Ers\u00e4ttare Birgitta Holm Byggnadsn\u00e4mnd Ledamot Magnus Hultgren Milj\u00f6- och H\u00e4lsa Ers\u00e4ttare Kenneth Drake Utbildningsn\u00e4mnden Ledamot Kerstin Sundberg Socialn\u00e4mnd Ledamot Maria Ullenius <a class=\"read-more-link\" href=\"https:\/\/wp.kristdemokraterna.se\/osteraker\/vara-politiker\/\">Read More<\/a><\/p>\n","protected":false},"author":425,"featured_media":0,"parent":0,"menu_order":2,"comment_status":"closed","ping_status":"closed","template":"","meta":{"_acf_changed":false,"footnotes":""},"class_list":["post-117","page","type-page","status-publish","hentry"],"acf":[],"yoast_head":"<!-- This site is optimized with the Yoast SEO plugin v27.3 - https:\/\/yoast.com\/product\/yoast-seo-wordpress\/ -->\n<title>V\u00e5ra politiker - \u00d6ster\u00e5ker<\/title>\n<meta name=\"robots\" content=\"index, follow, max-snippet:-1, max-image-preview:large, max-video-preview:-1\" \/>\n<link rel=\"canonical\" href=\"https:\/\/wp.kristdemokraterna.se\/osteraker\/vara-politiker\/\" \/>\n<meta property=\"og:locale\" content=\"sv_SE\" \/>\n<meta property=\"og:type\" content=\"article\" \/>\n<meta property=\"og:title\" content=\"V\u00e5ra politiker - \u00d6ster\u00e5ker\" \/>\n<meta property=\"og:description\" content=\"N\u00e4mnder mm 2022-2026 Kommunfullm\u00e4ktige Ledamot Arne Ekstrand Ledamot Magnus Hultgren Ers\u00e4ttare Mikael Ottosson Ers\u00e4ttare Kajsa Hellstedt KF Valberedning Ledamot Magnus Hultgren Ers\u00e4ttare Arne Ekstrand N\u00e4mnder mm 2022-2026 Kommunstyrelsen Ledamot Arne Ekstrand Kultur-Fritid Ordf\u00f6rande\u00a0Arne Ekstrand Ers\u00e4ttare Birgitta Holm Byggnadsn\u00e4mnd Ledamot Magnus Hultgren Milj\u00f6- och H\u00e4lsa Ers\u00e4ttare Kenneth Drake Utbildningsn\u00e4mnden Ledamot Kerstin Sundberg Socialn\u00e4mnd Ledamot Maria Ullenius Read More\" \/>\n<meta property=\"og:url\" content=\"https:\/\/wp.kristdemokraterna.se\/osteraker\/vara-politiker\/\" \/>\n<meta property=\"og:site_name\" content=\"\u00d6ster\u00e5ker\" \/>\n<meta property=\"article:modified_time\" content=\"2025-05-25T21:41:33+00:00\" \/>\n<meta name=\"twitter:card\" content=\"summary_large_image\" \/>\n<meta name=\"twitter:label1\" content=\"Ber\u00e4knad l\u00e4stid\" \/>\n\t<meta name=\"twitter:data1\" content=\"1 minut\" \/>\n<script type=\"application\/ld+json\" class=\"yoast-schema-graph\">{\"@context\":\"https:\\\/\\\/schema.org\",\"@graph\":[{\"@type\":\"WebPage\",\"@id\":\"https:\\\/\\\/wp.kristdemokraterna.se\\\/osteraker\\\/vara-politiker\\\/\",\"url\":\"https:\\\/\\\/wp.kristdemokraterna.se\\\/osteraker\\\/vara-politiker\\\/\",\"name\":\"V\u00e5ra politiker - \u00d6ster\u00e5ker\",\"isPartOf\":{\"@id\":\"https:\\\/\\\/wp.kristdemokraterna.se\\\/osteraker\\\/#website\"},\"datePublished\":\"2014-08-14T15:46:00+00:00\",\"dateModified\":\"2025-05-25T21:41:33+00:00\",\"breadcrumb\":{\"@id\":\"https:\\\/\\\/wp.kristdemokraterna.se\\\/osteraker\\\/vara-politiker\\\/#breadcrumb\"},\"inLanguage\":\"sv-SE\",\"potentialAction\":[{\"@type\":\"ReadAction\",\"target\":[\"https:\\\/\\\/wp.kristdemokraterna.se\\\/osteraker\\\/vara-politiker\\\/\"]}]},{\"@type\":\"BreadcrumbList\",\"@id\":\"https:\\\/\\\/wp.kristdemokraterna.se\\\/osteraker\\\/vara-politiker\\\/#breadcrumb\",\"itemListElement\":[{\"@type\":\"ListItem\",\"position\":1,\"name\":\"Hem\",\"item\":\"https:\\\/\\\/wp.kristdemokraterna.se\\\/osteraker\\\/\"},{\"@type\":\"ListItem\",\"position\":2,\"name\":\"V\u00e5ra politiker\"}]},{\"@type\":\"WebSite\",\"@id\":\"https:\\\/\\\/wp.kristdemokraterna.se\\\/osteraker\\\/#website\",\"url\":\"https:\\\/\\\/wp.kristdemokraterna.se\\\/osteraker\\\/\",\"name\":\"\u00d6ster\u00e5ker\",\"description\":\"En till Kristdemokraterna webbplats\",\"inLanguage\":\"sv-SE\"}]}<\/script>\n<!-- \/ Yoast SEO plugin. -->","yoast_head_json":{"title":"V\u00e5ra politiker - \u00d6ster\u00e5ker","robots":{"index":"index","follow":"follow","max-snippet":"max-snippet:-1","max-image-preview":"max-image-preview:large","max-video-preview":"max-video-preview:-1"},"canonical":"https:\/\/wp.kristdemokraterna.se\/osteraker\/vara-politiker\/","og_locale":"sv_SE","og_type":"article","og_title":"V\u00e5ra politiker - \u00d6ster\u00e5ker","og_description":"N\u00e4mnder mm 2022-2026 Kommunfullm\u00e4ktige Ledamot Arne Ekstrand Ledamot Magnus Hultgren Ers\u00e4ttare Mikael Ottosson Ers\u00e4ttare Kajsa Hellstedt KF Valberedning Ledamot Magnus Hultgren Ers\u00e4ttare Arne Ekstrand N\u00e4mnder mm 2022-2026 Kommunstyrelsen Ledamot Arne Ekstrand Kultur-Fritid Ordf\u00f6rande\u00a0Arne Ekstrand Ers\u00e4ttare Birgitta Holm Byggnadsn\u00e4mnd Ledamot Magnus Hultgren Milj\u00f6- och H\u00e4lsa Ers\u00e4ttare Kenneth Drake Utbildningsn\u00e4mnden Ledamot Kerstin Sundberg Socialn\u00e4mnd Ledamot Maria Ullenius Read More","og_url":"https:\/\/wp.kristdemokraterna.se\/osteraker\/vara-politiker\/","og_site_name":"\u00d6ster\u00e5ker","article_modified_time":"2025-05-25T21:41:33+00:00","twitter_card":"summary_large_image","twitter_misc":{"Ber\u00e4knad l\u00e4stid":"1 minut"},"schema":{"@context":"https:\/\/schema.org","@graph":[{"@type":"WebPage","@id":"https:\/\/wp.kristdemokraterna.se\/osteraker\/vara-politiker\/","url":"https:\/\/wp.kristdemokraterna.se\/osteraker\/vara-politiker\/","name":"V\u00e5ra politiker - \u00d6ster\u00e5ker","isPartOf":{"@id":"https:\/\/wp.kristdemokraterna.se\/osteraker\/#website"},"datePublished":"2014-08-14T15:46:00+00:00","dateModified":"2025-05-25T21:41:33+00:00","breadcrumb":{"@id":"https:\/\/wp.kristdemokraterna.se\/osteraker\/vara-politiker\/#breadcrumb"},"inLanguage":"sv-SE","potentialAction":[{"@type":"ReadAction","target":["https:\/\/wp.kristdemokraterna.se\/osteraker\/vara-politiker\/"]}]},{"@type":"BreadcrumbList","@id":"https:\/\/wp.kristdemokraterna.se\/osteraker\/vara-politiker\/#breadcrumb","itemListElement":[{"@type":"ListItem","position":1,"name":"Hem","item":"https:\/\/wp.kristdemokraterna.se\/osteraker\/"},{"@type":"ListItem","position":2,"name":"V\u00e5ra politiker"}]},{"@type":"WebSite","@id":"https:\/\/wp.kristdemokraterna.se\/osteraker\/#website","url":"https:\/\/wp.kristdemokraterna.se\/osteraker\/","name":"\u00d6ster\u00e5ker","description":"En till Kristdemokraterna webbplats","inLanguage":"sv-SE"}]}},"_links":{"self":[{"href":"https:\/\/wp.kristdemokraterna.se\/osteraker\/wp-json\/wp\/v2\/pages\/117","targetHints":{"allow":["GET"]}}],"collection":[{"href":"https:\/\/wp.kristdemokraterna.se\/osteraker\/wp-json\/wp\/v2\/pages"}],"about":[{"href":"https:\/\/wp.kristdemokraterna.se\/osteraker\/wp-json\/wp\/v2\/types\/page"}],"author":[{"embeddable":true,"href":"https:\/\/wp.kristdemokraterna.se\/osteraker\/wp-json\/wp\/v2\/users\/425"}],"replies":[{"embeddable":true,"href":"https:\/\/wp.kristdemokraterna.se\/osteraker\/wp-json\/wp\/v2\/comments?post=117"}],"version-history":[{"count":22,"href":"https:\/\/wp.kristdemokraterna.se\/osteraker\/wp-json\/wp\/v2\/pages\/117\/revisions"}],"predecessor-version":[{"id":587,"href":"https:\/\/wp.kristdemokraterna.se\/osteraker\/wp-json\/wp\/v2\/pages\/117\/revisions\/587"}],"wp:attachment":[{"href":"https:\/\/wp.kristdemokraterna.se\/osteraker\/wp-json\/wp\/v2\/media?parent=117"}],"curies":[{"name":"wp","href":"https:\/\/api.w.org\/{rel}","templated":true}]}}