{"id":2,"date":"2014-04-04T11:34:08","date_gmt":"2014-04-04T11:34:08","guid":{"rendered":"http:\/\/wp.kristdemokraterna.se\/lokalavdelningsmall20140404\/?page_id=2"},"modified":"2023-03-04T16:43:09","modified_gmt":"2023-03-04T15:43:09","slug":"exempelsida","status":"publish","type":"page","link":"https:\/\/wp.kristdemokraterna.se\/ostermalm\/exempelsida\/","title":{"rendered":"Kontakta oss"},"content":{"rendered":"<p><strong>Vi vill g\u00e4rna komma i kontakt med dig som vill veta mer om valet och KD. V\u00e4lkommen att h\u00f6ra av dig!<\/strong><\/p>\n<p>Du kan maila oss till n\u00e5gon av kontakterna nedan s\u00e5 hj\u00e4lper vi dig att komma i kontakt med r\u00e4tt person.<\/p>\n<p><strong>Vill du bli medlem?<\/strong><\/p>\n<p><a href=\"https:\/\/kristdemokraterna.se\/engagera-dig\/bli-medlem\/\">H\u00e4r finns information om hur du blir medlem &gt;&gt;&gt;<\/a><\/p>\n<p><strong>\u00c4r du medlem och vill engagera dig? V\u00e4lkommen till n\u00e5gon av v\u00e5ra utskottskrupper.<br \/>\n<\/strong><\/p>\n<p>\u201dMed \u00f6rat mot marken\u201d<\/p>\n<p>Det \u00e4r v\u00e5rt motto i v\u00e5ra tre lokala utskottsgrupper. Vi verkar inom tre geografiska omr\u00e5den inom \u00d6stermalms stadsdelsomr\u00e5den som \u00f6verensst\u00e4mmer med f\u00f6rsamlingarnas\/distriktens indelning f\u00f6r:<\/p>\n<ul>\n<li>Engelbrekt &#8211; kontakta Paul Geara <a href=\"paul.geara@meublera.com\">paul.geara@meublera.com<\/a><\/li>\n<li>Hedvig Eleonora &#8211; kontakta Christina Olofsson <a href=\"christian.olofsson@kristdemokraterna.se\">christian.olofsson@kristdemokraterna.se<\/a><\/li>\n<li>Oscar &#8211; kontakta Gaby Roseen <a href=\"gaby.kristdemokraterna@gmail.com\">gaby.kristdemokraterna@gmail.com<\/a><\/li>\n<\/ul>\n<p><a href=\"https:\/\/wp.kristdemokraterna.se\/ostermalm\/lokalt-ostermalm\/\">L\u00e4s mer om utskottsgrupperna h\u00e4r&gt;&gt;&gt;<\/a><\/p>\n<p><strong>Kontakta v\u00e5r partiavdelning KD \u00d6stermalm<\/strong><\/p>\n<ul class=\"o-bare-list o-bare-list--spaced\/2\">\n<li>Ordf\u00f6rande Ulf Dahlin\u00a0<a href=\"ulf@ebtbygg.se\">ulf@ebtbygg.se<\/a><\/li>\n<\/ul>\n<p>&nbsp;<\/p>\n<p><strong>Har du fr\u00e5gor om v\u00e5r politik i Stockholms stad?\u00a0<\/strong><\/p>\n<ul class=\"o-bare-list o-bare-list--spaced\/2\">\n<li>E-post: <a href=\"mailto:stockholm@kristdemokraterna.se\" target=\"_blank\" rel=\"noopener\">stockholm@kristdemokraterna.se<\/a><\/li>\n<li>Webbplats:\u00a0<a href=\"http:\/\/wp.kristdemokraterna.se\/stockholm\" target=\"_blank\" rel=\"noopener\">wp.kristdemokraterna.se\/stockholm<\/a><\/li>\n<\/ul>\n<p>&nbsp;<\/p>\n<p><strong>Har du fr\u00e5gor om v\u00e5r politik i Stockholms l\u00e4n?\u00a0<\/strong><\/p>\n<ul class=\"o-bare-list o-bare-list--spaced\/2\">\n<li>Postadress:\u00a0<a href=\"https:\/\/www.google.se\/maps\/place\/Box%202373,%2010318%20Stockholm\" target=\"_blank\" rel=\"noopener\">Box 2373, 10318 Stockholm<\/a><\/li>\n<li>Telefon:\u00a0<a href=\"tel:08-723 25 50\" target=\"_blank\" rel=\"noopener\">08-723 25 50<\/a><\/li>\n<li>E-post: <a href=\"mailto:erik.elvero@kristdemokraterna.se\" target=\"_blank\" rel=\"noopener\">erik.elvero@kristdemokraterna.se<\/a><\/li>\n<li>Webbplats: <a href=\"http:\/\/wp.kristdemokraterna.se\/stockholm\" target=\"_blank\" rel=\"noopener\">wp.kristdemokraterna.se\/stockholm<\/a><\/li>\n<\/ul>\n<p>&nbsp;<\/p>\n<p><strong>V\u00e5r politik<\/strong><\/p>\n<p><a href=\"https:\/\/kristdemokraterna.se\/var-politik\/vara-viktigaste-fragor\">V\u00e5ra viktigaste fr\u00e5gor&gt;&gt;&gt;<\/a><\/p>\n<p>&nbsp;<\/p>\n<p>&nbsp;<\/p>\n","protected":false},"excerpt":{"rendered":"<p>Vi vill g\u00e4rna komma i kontakt med dig som vill veta mer om valet och KD. V\u00e4lkommen att h\u00f6ra av dig! Du kan maila oss till n\u00e5gon av kontakterna nedan s\u00e5 hj\u00e4lper vi dig att komma i kontakt med r\u00e4tt person. Vill du bli medlem? H\u00e4r finns information om hur du blir medlem &gt;&gt;&gt; \u00c4r <a class=\"read-more-link\" href=\"https:\/\/wp.kristdemokraterna.se\/ostermalm\/exempelsida\/\">Read More<\/a><\/p>\n","protected":false},"author":2,"featured_media":0,"parent":0,"menu_order":0,"comment_status":"closed","ping_status":"closed","template":"","meta":{"_acf_changed":false,"footnotes":""},"class_list":["post-2","page","type-page","status-publish","hentry"],"acf":[],"yoast_head":"<!-- This site is optimized with the Yoast SEO plugin v27.3 - https:\/\/yoast.com\/product\/yoast-seo-wordpress\/ -->\n<title>Kontakta oss - Kristdemokraterna | \u00d6stermalm<\/title>\n<meta name=\"robots\" content=\"index, follow, max-snippet:-1, max-image-preview:large, max-video-preview:-1\" \/>\n<link rel=\"canonical\" href=\"https:\/\/wp.kristdemokraterna.se\/ostermalm\/exempelsida\/\" \/>\n<meta property=\"og:locale\" content=\"sv_SE\" \/>\n<meta property=\"og:type\" content=\"article\" \/>\n<meta property=\"og:title\" content=\"Kontakta oss - Kristdemokraterna | \u00d6stermalm\" \/>\n<meta property=\"og:description\" content=\"Vi vill g\u00e4rna komma i kontakt med dig som vill veta mer om valet och KD. V\u00e4lkommen att h\u00f6ra av dig! Du kan maila oss till n\u00e5gon av kontakterna nedan s\u00e5 hj\u00e4lper vi dig att komma i kontakt med r\u00e4tt person. Vill du bli medlem? H\u00e4r finns information om hur du blir medlem &gt;&gt;&gt; \u00c4r Read More\" \/>\n<meta property=\"og:url\" content=\"https:\/\/wp.kristdemokraterna.se\/ostermalm\/exempelsida\/\" \/>\n<meta property=\"og:site_name\" content=\"Kristdemokraterna | \u00d6stermalm\" \/>\n<meta property=\"article:modified_time\" content=\"2023-03-04T15:43:09+00:00\" \/>\n<meta name=\"twitter:card\" content=\"summary_large_image\" \/>\n<meta name=\"twitter:label1\" content=\"Ber\u00e4knad l\u00e4stid\" \/>\n\t<meta name=\"twitter:data1\" content=\"1 minut\" \/>\n<script type=\"application\/ld+json\" class=\"yoast-schema-graph\">{\"@context\":\"https:\\\/\\\/schema.org\",\"@graph\":[{\"@type\":\"WebPage\",\"@id\":\"https:\\\/\\\/wp.kristdemokraterna.se\\\/ostermalm\\\/exempelsida\\\/\",\"url\":\"https:\\\/\\\/wp.kristdemokraterna.se\\\/ostermalm\\\/exempelsida\\\/\",\"name\":\"Kontakta oss - Kristdemokraterna | \u00d6stermalm\",\"isPartOf\":{\"@id\":\"https:\\\/\\\/wp.kristdemokraterna.se\\\/ostermalm\\\/#website\"},\"datePublished\":\"2014-04-04T11:34:08+00:00\",\"dateModified\":\"2023-03-04T15:43:09+00:00\",\"breadcrumb\":{\"@id\":\"https:\\\/\\\/wp.kristdemokraterna.se\\\/ostermalm\\\/exempelsida\\\/#breadcrumb\"},\"inLanguage\":\"sv-SE\",\"potentialAction\":[{\"@type\":\"ReadAction\",\"target\":[\"https:\\\/\\\/wp.kristdemokraterna.se\\\/ostermalm\\\/exempelsida\\\/\"]}]},{\"@type\":\"BreadcrumbList\",\"@id\":\"https:\\\/\\\/wp.kristdemokraterna.se\\\/ostermalm\\\/exempelsida\\\/#breadcrumb\",\"itemListElement\":[{\"@type\":\"ListItem\",\"position\":1,\"name\":\"Hem\",\"item\":\"https:\\\/\\\/wp.kristdemokraterna.se\\\/ostermalm\\\/\"},{\"@type\":\"ListItem\",\"position\":2,\"name\":\"Kontakta oss\"}]},{\"@type\":\"WebSite\",\"@id\":\"https:\\\/\\\/wp.kristdemokraterna.se\\\/ostermalm\\\/#website\",\"url\":\"https:\\\/\\\/wp.kristdemokraterna.se\\\/ostermalm\\\/\",\"name\":\"Kristdemokraterna | \u00d6stermalm\",\"description\":\"KD Partiavdelning \u00d6stermalm\",\"inLanguage\":\"sv-SE\"}]}<\/script>\n<!-- \/ Yoast SEO plugin. -->","yoast_head_json":{"title":"Kontakta oss - Kristdemokraterna | \u00d6stermalm","robots":{"index":"index","follow":"follow","max-snippet":"max-snippet:-1","max-image-preview":"max-image-preview:large","max-video-preview":"max-video-preview:-1"},"canonical":"https:\/\/wp.kristdemokraterna.se\/ostermalm\/exempelsida\/","og_locale":"sv_SE","og_type":"article","og_title":"Kontakta oss - Kristdemokraterna | \u00d6stermalm","og_description":"Vi vill g\u00e4rna komma i kontakt med dig som vill veta mer om valet och KD. V\u00e4lkommen att h\u00f6ra av dig! Du kan maila oss till n\u00e5gon av kontakterna nedan s\u00e5 hj\u00e4lper vi dig att komma i kontakt med r\u00e4tt person. Vill du bli medlem? H\u00e4r finns information om hur du blir medlem &gt;&gt;&gt; \u00c4r Read More","og_url":"https:\/\/wp.kristdemokraterna.se\/ostermalm\/exempelsida\/","og_site_name":"Kristdemokraterna | \u00d6stermalm","article_modified_time":"2023-03-04T15:43:09+00:00","twitter_card":"summary_large_image","twitter_misc":{"Ber\u00e4knad l\u00e4stid":"1 minut"},"schema":{"@context":"https:\/\/schema.org","@graph":[{"@type":"WebPage","@id":"https:\/\/wp.kristdemokraterna.se\/ostermalm\/exempelsida\/","url":"https:\/\/wp.kristdemokraterna.se\/ostermalm\/exempelsida\/","name":"Kontakta oss - Kristdemokraterna | \u00d6stermalm","isPartOf":{"@id":"https:\/\/wp.kristdemokraterna.se\/ostermalm\/#website"},"datePublished":"2014-04-04T11:34:08+00:00","dateModified":"2023-03-04T15:43:09+00:00","breadcrumb":{"@id":"https:\/\/wp.kristdemokraterna.se\/ostermalm\/exempelsida\/#breadcrumb"},"inLanguage":"sv-SE","potentialAction":[{"@type":"ReadAction","target":["https:\/\/wp.kristdemokraterna.se\/ostermalm\/exempelsida\/"]}]},{"@type":"BreadcrumbList","@id":"https:\/\/wp.kristdemokraterna.se\/ostermalm\/exempelsida\/#breadcrumb","itemListElement":[{"@type":"ListItem","position":1,"name":"Hem","item":"https:\/\/wp.kristdemokraterna.se\/ostermalm\/"},{"@type":"ListItem","position":2,"name":"Kontakta oss"}]},{"@type":"WebSite","@id":"https:\/\/wp.kristdemokraterna.se\/ostermalm\/#website","url":"https:\/\/wp.kristdemokraterna.se\/ostermalm\/","name":"Kristdemokraterna | \u00d6stermalm","description":"KD Partiavdelning \u00d6stermalm","inLanguage":"sv-SE"}]}},"_links":{"self":[{"href":"https:\/\/wp.kristdemokraterna.se\/ostermalm\/wp-json\/wp\/v2\/pages\/2","targetHints":{"allow":["GET"]}}],"collection":[{"href":"https:\/\/wp.kristdemokraterna.se\/ostermalm\/wp-json\/wp\/v2\/pages"}],"about":[{"href":"https:\/\/wp.kristdemokraterna.se\/ostermalm\/wp-json\/wp\/v2\/types\/page"}],"author":[{"embeddable":true,"href":"https:\/\/wp.kristdemokraterna.se\/ostermalm\/wp-json\/wp\/v2\/users\/2"}],"replies":[{"embeddable":true,"href":"https:\/\/wp.kristdemokraterna.se\/ostermalm\/wp-json\/wp\/v2\/comments?post=2"}],"version-history":[{"count":11,"href":"https:\/\/wp.kristdemokraterna.se\/ostermalm\/wp-json\/wp\/v2\/pages\/2\/revisions"}],"predecessor-version":[{"id":773,"href":"https:\/\/wp.kristdemokraterna.se\/ostermalm\/wp-json\/wp\/v2\/pages\/2\/revisions\/773"}],"wp:attachment":[{"href":"https:\/\/wp.kristdemokraterna.se\/ostermalm\/wp-json\/wp\/v2\/media?parent=2"}],"curies":[{"name":"wp","href":"https:\/\/api.w.org\/{rel}","templated":true}]}}