{"id":221,"date":"2017-11-21T09:23:35","date_gmt":"2017-11-21T08:23:35","guid":{"rendered":"http:\/\/wp.kristdemokraterna.se\/ostermalm\/?page_id=221"},"modified":"2023-03-04T16:56:39","modified_gmt":"2023-03-04T15:56:39","slug":"valkommen","status":"publish","type":"page","link":"https:\/\/wp.kristdemokraterna.se\/ostermalm\/","title":{"rendered":"Startsida"},"content":{"rendered":"<p>Hej och v\u00e4lkommen till KD \u00d6stermalm. Vi \u00e4r en lokal partiavdelning f\u00f6r \u00d6stermalms stadsdelsomr\u00e5de i Stockholms kommun.<\/p>\n<p>Stadsdelsomr\u00e5det omfattar stadsdelarna Djurg\u00e5rden, G\u00e4rdet, Hjorthagen, Norra Djurg\u00e5rden samt \u00d6stermalm. Den del av \u00d6stermalm som ligger s\u00f6der om Valhallav\u00e4gen och v\u00e4ster om Odengatan tillh\u00f6r Norrmalms stadsdelsomr\u00e5de och ing\u00e5r ej i v\u00e5r partiavdelning. I v\u00e5r avdelnings omr\u00e5de bor ungef\u00e4r 60 tusen r\u00f6stber\u00e4ttigade inv\u00e5nare vilket \u00e4r fler \u00e4n i huvuddelen av landets kommuner.<\/p>\n","protected":false},"excerpt":{"rendered":"<p>Hej och v\u00e4lkommen till KD \u00d6stermalm. Vi \u00e4r en lokal partiavdelning f\u00f6r \u00d6stermalms stadsdelsomr\u00e5de i Stockholms kommun. Stadsdelsomr\u00e5det omfattar stadsdelarna Djurg\u00e5rden, G\u00e4rdet, Hjorthagen, Norra Djurg\u00e5rden samt \u00d6stermalm. Den del av \u00d6stermalm som ligger s\u00f6der om Valhallav\u00e4gen och v\u00e4ster om Odengatan tillh\u00f6r Norrmalms stadsdelsomr\u00e5de och ing\u00e5r ej i v\u00e5r partiavdelning. I v\u00e5r avdelnings omr\u00e5de bor ungef\u00e4r <a class=\"read-more-link\" href=\"https:\/\/wp.kristdemokraterna.se\/ostermalm\/\">Read More<\/a><\/p>\n","protected":false},"author":2,"featured_media":0,"parent":0,"menu_order":0,"comment_status":"closed","ping_status":"closed","template":"index.php","meta":{"_acf_changed":false,"footnotes":""},"class_list":["post-221","page","type-page","status-publish","hentry"],"acf":[],"yoast_head":"<!-- This site is optimized with the Yoast SEO plugin v27.4 - https:\/\/yoast.com\/product\/yoast-seo-wordpress\/ -->\n<title>Startsida - Kristdemokraterna | \u00d6stermalm<\/title>\n<meta name=\"robots\" content=\"index, follow, max-snippet:-1, max-image-preview:large, max-video-preview:-1\" \/>\n<link rel=\"canonical\" href=\"https:\/\/wp.kristdemokraterna.se\/ostermalm\/\" \/>\n<meta property=\"og:locale\" content=\"sv_SE\" \/>\n<meta property=\"og:type\" content=\"article\" \/>\n<meta property=\"og:title\" content=\"Startsida - Kristdemokraterna | \u00d6stermalm\" \/>\n<meta property=\"og:description\" content=\"Hej och v\u00e4lkommen till KD \u00d6stermalm. Vi \u00e4r en lokal partiavdelning f\u00f6r \u00d6stermalms stadsdelsomr\u00e5de i Stockholms kommun. Stadsdelsomr\u00e5det omfattar stadsdelarna Djurg\u00e5rden, G\u00e4rdet, Hjorthagen, Norra Djurg\u00e5rden samt \u00d6stermalm. Den del av \u00d6stermalm som ligger s\u00f6der om Valhallav\u00e4gen och v\u00e4ster om Odengatan tillh\u00f6r Norrmalms stadsdelsomr\u00e5de och ing\u00e5r ej i v\u00e5r partiavdelning. I v\u00e5r avdelnings omr\u00e5de bor ungef\u00e4r Read More\" \/>\n<meta property=\"og:url\" content=\"https:\/\/wp.kristdemokraterna.se\/ostermalm\/\" \/>\n<meta property=\"og:site_name\" content=\"Kristdemokraterna | \u00d6stermalm\" \/>\n<meta property=\"article:modified_time\" content=\"2023-03-04T15:56:39+00:00\" \/>\n<meta name=\"twitter:card\" content=\"summary_large_image\" \/>\n<meta name=\"twitter:label1\" content=\"Ber\u00e4knad l\u00e4stid\" \/>\n\t<meta name=\"twitter:data1\" content=\"1 minut\" \/>\n<script type=\"application\/ld+json\" class=\"yoast-schema-graph\">{\"@context\":\"https:\\\/\\\/schema.org\",\"@graph\":[{\"@type\":\"WebPage\",\"@id\":\"https:\\\/\\\/wp.kristdemokraterna.se\\\/ostermalm\\\/\",\"url\":\"https:\\\/\\\/wp.kristdemokraterna.se\\\/ostermalm\\\/\",\"name\":\"Startsida - Kristdemokraterna | \u00d6stermalm\",\"isPartOf\":{\"@id\":\"https:\\\/\\\/wp.kristdemokraterna.se\\\/ostermalm\\\/#website\"},\"datePublished\":\"2017-11-21T08:23:35+00:00\",\"dateModified\":\"2023-03-04T15:56:39+00:00\",\"breadcrumb\":{\"@id\":\"https:\\\/\\\/wp.kristdemokraterna.se\\\/ostermalm\\\/#breadcrumb\"},\"inLanguage\":\"sv-SE\",\"potentialAction\":[{\"@type\":\"ReadAction\",\"target\":[\"https:\\\/\\\/wp.kristdemokraterna.se\\\/ostermalm\\\/\"]}]},{\"@type\":\"BreadcrumbList\",\"@id\":\"https:\\\/\\\/wp.kristdemokraterna.se\\\/ostermalm\\\/#breadcrumb\",\"itemListElement\":[{\"@type\":\"ListItem\",\"position\":1,\"name\":\"Hem\",\"item\":\"https:\\\/\\\/wp.kristdemokraterna.se\\\/ostermalm\\\/\"},{\"@type\":\"ListItem\",\"position\":2,\"name\":\"Startsida\"}]},{\"@type\":\"WebSite\",\"@id\":\"https:\\\/\\\/wp.kristdemokraterna.se\\\/ostermalm\\\/#website\",\"url\":\"https:\\\/\\\/wp.kristdemokraterna.se\\\/ostermalm\\\/\",\"name\":\"Kristdemokraterna | \u00d6stermalm\",\"description\":\"KD Partiavdelning \u00d6stermalm\",\"inLanguage\":\"sv-SE\"}]}<\/script>\n<!-- \/ Yoast SEO plugin. -->","yoast_head_json":{"title":"Startsida - Kristdemokraterna | \u00d6stermalm","robots":{"index":"index","follow":"follow","max-snippet":"max-snippet:-1","max-image-preview":"max-image-preview:large","max-video-preview":"max-video-preview:-1"},"canonical":"https:\/\/wp.kristdemokraterna.se\/ostermalm\/","og_locale":"sv_SE","og_type":"article","og_title":"Startsida - Kristdemokraterna | \u00d6stermalm","og_description":"Hej och v\u00e4lkommen till KD \u00d6stermalm. Vi \u00e4r en lokal partiavdelning f\u00f6r \u00d6stermalms stadsdelsomr\u00e5de i Stockholms kommun. Stadsdelsomr\u00e5det omfattar stadsdelarna Djurg\u00e5rden, G\u00e4rdet, Hjorthagen, Norra Djurg\u00e5rden samt \u00d6stermalm. Den del av \u00d6stermalm som ligger s\u00f6der om Valhallav\u00e4gen och v\u00e4ster om Odengatan tillh\u00f6r Norrmalms stadsdelsomr\u00e5de och ing\u00e5r ej i v\u00e5r partiavdelning. I v\u00e5r avdelnings omr\u00e5de bor ungef\u00e4r Read More","og_url":"https:\/\/wp.kristdemokraterna.se\/ostermalm\/","og_site_name":"Kristdemokraterna | \u00d6stermalm","article_modified_time":"2023-03-04T15:56:39+00:00","twitter_card":"summary_large_image","twitter_misc":{"Ber\u00e4knad l\u00e4stid":"1 minut"},"schema":{"@context":"https:\/\/schema.org","@graph":[{"@type":"WebPage","@id":"https:\/\/wp.kristdemokraterna.se\/ostermalm\/","url":"https:\/\/wp.kristdemokraterna.se\/ostermalm\/","name":"Startsida - Kristdemokraterna | \u00d6stermalm","isPartOf":{"@id":"https:\/\/wp.kristdemokraterna.se\/ostermalm\/#website"},"datePublished":"2017-11-21T08:23:35+00:00","dateModified":"2023-03-04T15:56:39+00:00","breadcrumb":{"@id":"https:\/\/wp.kristdemokraterna.se\/ostermalm\/#breadcrumb"},"inLanguage":"sv-SE","potentialAction":[{"@type":"ReadAction","target":["https:\/\/wp.kristdemokraterna.se\/ostermalm\/"]}]},{"@type":"BreadcrumbList","@id":"https:\/\/wp.kristdemokraterna.se\/ostermalm\/#breadcrumb","itemListElement":[{"@type":"ListItem","position":1,"name":"Hem","item":"https:\/\/wp.kristdemokraterna.se\/ostermalm\/"},{"@type":"ListItem","position":2,"name":"Startsida"}]},{"@type":"WebSite","@id":"https:\/\/wp.kristdemokraterna.se\/ostermalm\/#website","url":"https:\/\/wp.kristdemokraterna.se\/ostermalm\/","name":"Kristdemokraterna | \u00d6stermalm","description":"KD Partiavdelning \u00d6stermalm","inLanguage":"sv-SE"}]}},"_links":{"self":[{"href":"https:\/\/wp.kristdemokraterna.se\/ostermalm\/wp-json\/wp\/v2\/pages\/221","targetHints":{"allow":["GET"]}}],"collection":[{"href":"https:\/\/wp.kristdemokraterna.se\/ostermalm\/wp-json\/wp\/v2\/pages"}],"about":[{"href":"https:\/\/wp.kristdemokraterna.se\/ostermalm\/wp-json\/wp\/v2\/types\/page"}],"author":[{"embeddable":true,"href":"https:\/\/wp.kristdemokraterna.se\/ostermalm\/wp-json\/wp\/v2\/users\/2"}],"replies":[{"embeddable":true,"href":"https:\/\/wp.kristdemokraterna.se\/ostermalm\/wp-json\/wp\/v2\/comments?post=221"}],"version-history":[{"count":75,"href":"https:\/\/wp.kristdemokraterna.se\/ostermalm\/wp-json\/wp\/v2\/pages\/221\/revisions"}],"predecessor-version":[{"id":776,"href":"https:\/\/wp.kristdemokraterna.se\/ostermalm\/wp-json\/wp\/v2\/pages\/221\/revisions\/776"}],"wp:attachment":[{"href":"https:\/\/wp.kristdemokraterna.se\/ostermalm\/wp-json\/wp\/v2\/media?parent=221"}],"curies":[{"name":"wp","href":"https:\/\/api.w.org\/{rel}","templated":true}]}}