{"id":559,"date":"2022-02-17T15:27:42","date_gmt":"2022-02-17T14:27:42","guid":{"rendered":"https:\/\/wp.kristdemokraterna.se\/ostermalm\/?page_id=559"},"modified":"2022-02-21T16:33:50","modified_gmt":"2022-02-21T15:33:50","slug":"stadsdelen","status":"publish","type":"page","link":"https:\/\/wp.kristdemokraterna.se\/ostermalm\/stadsdelen\/","title":{"rendered":"Stadsdelen"},"content":{"rendered":"<p>V\u00e5rt vackra stadsdelsomr\u00e5de \u00d6stermalm erbjuder innev\u00e5narna m\u00e5nga upplevelser.<\/p>\n<ul>\n<li>Avkoppling och rekreation i Liljansskogen, p\u00e5 G\u00e4rdet och Djurg\u00e5rden.<\/li>\n<li>Kulinarisk njutning med det stora antal restauranger med mat och dryck fr\u00e5n v\u00e4rldens alla h\u00f6rn.<\/li>\n<li>V\u00e5ra teatrar, museer och gallerier ger oss kultur i v\u00e4rldsklass.<\/li>\n<li>Vandringar i stadsdelarna ger m\u00e5nga historiska minnesm\u00e4rken.<\/li>\n<\/ul>\n<p>Stadsdelsomr\u00e5det avgr\u00e4nsas i v\u00e4ster av Birger Jarlsgatan i hela dess l\u00e4ngd, i nord\u00f6st upp mot Ruddammen ut till Ekhagen, genom Lilljansskogen till Norra Djurg\u00e5rdsstaden,vidare till G\u00e4rdet ner mot Djurg\u00e5rdsbrunnsviken, ut p\u00e5 Djurg\u00e5rden och i s\u00f6der av kajen l\u00e4ngs med Strandv\u00e4gen.<\/p>\n<p>I v\u00e5rt stadsdelsomr\u00e5de bor ungef\u00e4r 60 tusen r\u00f6stber\u00e4ttigade inv\u00e5nare, vilket \u00e4r fler \u00e4n i huvuddelen av landets kommuner.<\/p>\n<p>V\u00e5rt valdistrikt omfattar Norrmalm &#8211; \u00d6stermalm &#8211; Gamla Stan.<\/p>\n<p style=\"text-align: center\"><a href=\"http:\/\/wp.kristdemokraterna.se\/ostermalm\/files\/2022\/02\/ostermalms-stadsdelsomrade_juserad.png\"><img loading=\"lazy\" decoding=\"async\" class=\"alignnone size-medium wp-image-571\" src=\"http:\/\/wp.kristdemokraterna.se\/ostermalm\/files\/2022\/02\/ostermalms-stadsdelsomrade_juserad-300x283.png\" alt=\"\" width=\"300\" height=\"283\" srcset=\"https:\/\/wp.kristdemokraterna.se\/ostermalm\/files\/2022\/02\/ostermalms-stadsdelsomrade_juserad-300x283.png 300w, https:\/\/wp.kristdemokraterna.se\/ostermalm\/files\/2022\/02\/ostermalms-stadsdelsomrade_juserad-212x200.png 212w, https:\/\/wp.kristdemokraterna.se\/ostermalm\/files\/2022\/02\/ostermalms-stadsdelsomrade_juserad-370x349.png 370w, https:\/\/wp.kristdemokraterna.se\/ostermalm\/files\/2022\/02\/ostermalms-stadsdelsomrade_juserad-450x425.png 450w, https:\/\/wp.kristdemokraterna.se\/ostermalm\/files\/2022\/02\/ostermalms-stadsdelsomrade_juserad-280x264.png 280w, https:\/\/wp.kristdemokraterna.se\/ostermalm\/files\/2022\/02\/ostermalms-stadsdelsomrade_juserad-340x321.png 340w, https:\/\/wp.kristdemokraterna.se\/ostermalm\/files\/2022\/02\/ostermalms-stadsdelsomrade_juserad-200x189.png 200w, https:\/\/wp.kristdemokraterna.se\/ostermalm\/files\/2022\/02\/ostermalms-stadsdelsomrade_juserad-59x56.png 59w, https:\/\/wp.kristdemokraterna.se\/ostermalm\/files\/2022\/02\/ostermalms-stadsdelsomrade_juserad.png 480w\" sizes=\"auto, (max-width: 300px) 100vw, 300px\" \/><\/a><\/p>\n","protected":false},"excerpt":{"rendered":"<p>V\u00e5rt vackra stadsdelsomr\u00e5de \u00d6stermalm erbjuder innev\u00e5narna m\u00e5nga upplevelser. Avkoppling och rekreation i Liljansskogen, p\u00e5 G\u00e4rdet och Djurg\u00e5rden. Kulinarisk njutning med det stora antal restauranger med mat och dryck fr\u00e5n v\u00e4rldens alla h\u00f6rn. V\u00e5ra teatrar, museer och gallerier ger oss kultur i v\u00e4rldsklass. Vandringar i stadsdelarna ger m\u00e5nga historiska minnesm\u00e4rken. Stadsdelsomr\u00e5det avgr\u00e4nsas i v\u00e4ster av Birger <a class=\"read-more-link\" href=\"https:\/\/wp.kristdemokraterna.se\/ostermalm\/stadsdelen\/\">Read More<\/a><\/p>\n","protected":false},"author":989,"featured_media":0,"parent":0,"menu_order":0,"comment_status":"closed","ping_status":"closed","template":"","meta":{"_acf_changed":false,"footnotes":""},"class_list":["post-559","page","type-page","status-publish","hentry"],"acf":[],"yoast_head":"<!-- This site is optimized with the Yoast SEO plugin v27.4 - https:\/\/yoast.com\/product\/yoast-seo-wordpress\/ -->\n<title>Stadsdelen - Kristdemokraterna | \u00d6stermalm<\/title>\n<meta name=\"robots\" content=\"index, follow, max-snippet:-1, max-image-preview:large, max-video-preview:-1\" \/>\n<link rel=\"canonical\" href=\"https:\/\/wp.kristdemokraterna.se\/ostermalm\/stadsdelen\/\" \/>\n<meta property=\"og:locale\" content=\"sv_SE\" \/>\n<meta property=\"og:type\" content=\"article\" \/>\n<meta property=\"og:title\" content=\"Stadsdelen - Kristdemokraterna | \u00d6stermalm\" \/>\n<meta property=\"og:description\" content=\"V\u00e5rt vackra stadsdelsomr\u00e5de \u00d6stermalm erbjuder innev\u00e5narna m\u00e5nga upplevelser. Avkoppling och rekreation i Liljansskogen, p\u00e5 G\u00e4rdet och Djurg\u00e5rden. Kulinarisk njutning med det stora antal restauranger med mat och dryck fr\u00e5n v\u00e4rldens alla h\u00f6rn. V\u00e5ra teatrar, museer och gallerier ger oss kultur i v\u00e4rldsklass. Vandringar i stadsdelarna ger m\u00e5nga historiska minnesm\u00e4rken. Stadsdelsomr\u00e5det avgr\u00e4nsas i v\u00e4ster av Birger Read More\" \/>\n<meta property=\"og:url\" content=\"https:\/\/wp.kristdemokraterna.se\/ostermalm\/stadsdelen\/\" \/>\n<meta property=\"og:site_name\" content=\"Kristdemokraterna | \u00d6stermalm\" \/>\n<meta property=\"article:modified_time\" content=\"2022-02-21T15:33:50+00:00\" \/>\n<meta property=\"og:image\" content=\"http:\/\/wp.kristdemokraterna.se\/ostermalm\/files\/2022\/02\/ostermalms-stadsdelsomrade_juserad-300x283.png\" \/>\n<meta name=\"twitter:card\" content=\"summary_large_image\" \/>\n<meta name=\"twitter:label1\" content=\"Ber\u00e4knad l\u00e4stid\" \/>\n\t<meta name=\"twitter:data1\" content=\"1 minut\" \/>\n<script type=\"application\/ld+json\" class=\"yoast-schema-graph\">{\"@context\":\"https:\\\/\\\/schema.org\",\"@graph\":[{\"@type\":\"WebPage\",\"@id\":\"https:\\\/\\\/wp.kristdemokraterna.se\\\/ostermalm\\\/stadsdelen\\\/\",\"url\":\"https:\\\/\\\/wp.kristdemokraterna.se\\\/ostermalm\\\/stadsdelen\\\/\",\"name\":\"Stadsdelen - Kristdemokraterna | \u00d6stermalm\",\"isPartOf\":{\"@id\":\"https:\\\/\\\/wp.kristdemokraterna.se\\\/ostermalm\\\/#website\"},\"primaryImageOfPage\":{\"@id\":\"https:\\\/\\\/wp.kristdemokraterna.se\\\/ostermalm\\\/stadsdelen\\\/#primaryimage\"},\"image\":{\"@id\":\"https:\\\/\\\/wp.kristdemokraterna.se\\\/ostermalm\\\/stadsdelen\\\/#primaryimage\"},\"thumbnailUrl\":\"http:\\\/\\\/wp.kristdemokraterna.se\\\/ostermalm\\\/files\\\/2022\\\/02\\\/ostermalms-stadsdelsomrade_juserad-300x283.png\",\"datePublished\":\"2022-02-17T14:27:42+00:00\",\"dateModified\":\"2022-02-21T15:33:50+00:00\",\"breadcrumb\":{\"@id\":\"https:\\\/\\\/wp.kristdemokraterna.se\\\/ostermalm\\\/stadsdelen\\\/#breadcrumb\"},\"inLanguage\":\"sv-SE\",\"potentialAction\":[{\"@type\":\"ReadAction\",\"target\":[\"https:\\\/\\\/wp.kristdemokraterna.se\\\/ostermalm\\\/stadsdelen\\\/\"]}]},{\"@type\":\"ImageObject\",\"inLanguage\":\"sv-SE\",\"@id\":\"https:\\\/\\\/wp.kristdemokraterna.se\\\/ostermalm\\\/stadsdelen\\\/#primaryimage\",\"url\":\"http:\\\/\\\/wp.kristdemokraterna.se\\\/ostermalm\\\/files\\\/2022\\\/02\\\/ostermalms-stadsdelsomrade_juserad-300x283.png\",\"contentUrl\":\"http:\\\/\\\/wp.kristdemokraterna.se\\\/ostermalm\\\/files\\\/2022\\\/02\\\/ostermalms-stadsdelsomrade_juserad-300x283.png\"},{\"@type\":\"BreadcrumbList\",\"@id\":\"https:\\\/\\\/wp.kristdemokraterna.se\\\/ostermalm\\\/stadsdelen\\\/#breadcrumb\",\"itemListElement\":[{\"@type\":\"ListItem\",\"position\":1,\"name\":\"Hem\",\"item\":\"https:\\\/\\\/wp.kristdemokraterna.se\\\/ostermalm\\\/\"},{\"@type\":\"ListItem\",\"position\":2,\"name\":\"Stadsdelen\"}]},{\"@type\":\"WebSite\",\"@id\":\"https:\\\/\\\/wp.kristdemokraterna.se\\\/ostermalm\\\/#website\",\"url\":\"https:\\\/\\\/wp.kristdemokraterna.se\\\/ostermalm\\\/\",\"name\":\"Kristdemokraterna | \u00d6stermalm\",\"description\":\"KD Partiavdelning \u00d6stermalm\",\"inLanguage\":\"sv-SE\"}]}<\/script>\n<!-- \/ Yoast SEO plugin. -->","yoast_head_json":{"title":"Stadsdelen - Kristdemokraterna | \u00d6stermalm","robots":{"index":"index","follow":"follow","max-snippet":"max-snippet:-1","max-image-preview":"max-image-preview:large","max-video-preview":"max-video-preview:-1"},"canonical":"https:\/\/wp.kristdemokraterna.se\/ostermalm\/stadsdelen\/","og_locale":"sv_SE","og_type":"article","og_title":"Stadsdelen - Kristdemokraterna | \u00d6stermalm","og_description":"V\u00e5rt vackra stadsdelsomr\u00e5de \u00d6stermalm erbjuder innev\u00e5narna m\u00e5nga upplevelser. Avkoppling och rekreation i Liljansskogen, p\u00e5 G\u00e4rdet och Djurg\u00e5rden. Kulinarisk njutning med det stora antal restauranger med mat och dryck fr\u00e5n v\u00e4rldens alla h\u00f6rn. V\u00e5ra teatrar, museer och gallerier ger oss kultur i v\u00e4rldsklass. Vandringar i stadsdelarna ger m\u00e5nga historiska minnesm\u00e4rken. Stadsdelsomr\u00e5det avgr\u00e4nsas i v\u00e4ster av Birger Read More","og_url":"https:\/\/wp.kristdemokraterna.se\/ostermalm\/stadsdelen\/","og_site_name":"Kristdemokraterna | \u00d6stermalm","article_modified_time":"2022-02-21T15:33:50+00:00","og_image":[{"url":"http:\/\/wp.kristdemokraterna.se\/ostermalm\/files\/2022\/02\/ostermalms-stadsdelsomrade_juserad-300x283.png","type":"","width":"","height":""}],"twitter_card":"summary_large_image","twitter_misc":{"Ber\u00e4knad l\u00e4stid":"1 minut"},"schema":{"@context":"https:\/\/schema.org","@graph":[{"@type":"WebPage","@id":"https:\/\/wp.kristdemokraterna.se\/ostermalm\/stadsdelen\/","url":"https:\/\/wp.kristdemokraterna.se\/ostermalm\/stadsdelen\/","name":"Stadsdelen - Kristdemokraterna | \u00d6stermalm","isPartOf":{"@id":"https:\/\/wp.kristdemokraterna.se\/ostermalm\/#website"},"primaryImageOfPage":{"@id":"https:\/\/wp.kristdemokraterna.se\/ostermalm\/stadsdelen\/#primaryimage"},"image":{"@id":"https:\/\/wp.kristdemokraterna.se\/ostermalm\/stadsdelen\/#primaryimage"},"thumbnailUrl":"http:\/\/wp.kristdemokraterna.se\/ostermalm\/files\/2022\/02\/ostermalms-stadsdelsomrade_juserad-300x283.png","datePublished":"2022-02-17T14:27:42+00:00","dateModified":"2022-02-21T15:33:50+00:00","breadcrumb":{"@id":"https:\/\/wp.kristdemokraterna.se\/ostermalm\/stadsdelen\/#breadcrumb"},"inLanguage":"sv-SE","potentialAction":[{"@type":"ReadAction","target":["https:\/\/wp.kristdemokraterna.se\/ostermalm\/stadsdelen\/"]}]},{"@type":"ImageObject","inLanguage":"sv-SE","@id":"https:\/\/wp.kristdemokraterna.se\/ostermalm\/stadsdelen\/#primaryimage","url":"http:\/\/wp.kristdemokraterna.se\/ostermalm\/files\/2022\/02\/ostermalms-stadsdelsomrade_juserad-300x283.png","contentUrl":"http:\/\/wp.kristdemokraterna.se\/ostermalm\/files\/2022\/02\/ostermalms-stadsdelsomrade_juserad-300x283.png"},{"@type":"BreadcrumbList","@id":"https:\/\/wp.kristdemokraterna.se\/ostermalm\/stadsdelen\/#breadcrumb","itemListElement":[{"@type":"ListItem","position":1,"name":"Hem","item":"https:\/\/wp.kristdemokraterna.se\/ostermalm\/"},{"@type":"ListItem","position":2,"name":"Stadsdelen"}]},{"@type":"WebSite","@id":"https:\/\/wp.kristdemokraterna.se\/ostermalm\/#website","url":"https:\/\/wp.kristdemokraterna.se\/ostermalm\/","name":"Kristdemokraterna | \u00d6stermalm","description":"KD Partiavdelning \u00d6stermalm","inLanguage":"sv-SE"}]}},"_links":{"self":[{"href":"https:\/\/wp.kristdemokraterna.se\/ostermalm\/wp-json\/wp\/v2\/pages\/559","targetHints":{"allow":["GET"]}}],"collection":[{"href":"https:\/\/wp.kristdemokraterna.se\/ostermalm\/wp-json\/wp\/v2\/pages"}],"about":[{"href":"https:\/\/wp.kristdemokraterna.se\/ostermalm\/wp-json\/wp\/v2\/types\/page"}],"author":[{"embeddable":true,"href":"https:\/\/wp.kristdemokraterna.se\/ostermalm\/wp-json\/wp\/v2\/users\/989"}],"replies":[{"embeddable":true,"href":"https:\/\/wp.kristdemokraterna.se\/ostermalm\/wp-json\/wp\/v2\/comments?post=559"}],"version-history":[{"count":6,"href":"https:\/\/wp.kristdemokraterna.se\/ostermalm\/wp-json\/wp\/v2\/pages\/559\/revisions"}],"predecessor-version":[{"id":638,"href":"https:\/\/wp.kristdemokraterna.se\/ostermalm\/wp-json\/wp\/v2\/pages\/559\/revisions\/638"}],"wp:attachment":[{"href":"https:\/\/wp.kristdemokraterna.se\/ostermalm\/wp-json\/wp\/v2\/media?parent=559"}],"curies":[{"name":"wp","href":"https:\/\/api.w.org\/{rel}","templated":true}]}}