{"id":585,"date":"2022-02-17T22:21:58","date_gmt":"2022-02-17T21:21:58","guid":{"rendered":"https:\/\/wp.kristdemokraterna.se\/ostermalm\/?page_id=585"},"modified":"2023-03-04T16:50:25","modified_gmt":"2023-03-04T15:50:25","slug":"lokalt-ostermalm","status":"publish","type":"page","link":"https:\/\/wp.kristdemokraterna.se\/ostermalm\/lokalt-ostermalm\/","title":{"rendered":"Lokalt \u00d6stermalm"},"content":{"rendered":"<h3 style=\"text-align: center\">\u201dMed \u00f6rat mot marken\u201d<\/h3>\n<p>Det \u00e4r v\u00e5rt motto i v\u00e5ra tre lokala utskottsgrupper. Vi verkar inom tre geografiska omr\u00e5den inom \u00d6stermalms stadsdelsomr\u00e5den som \u00f6verensst\u00e4mmer med f\u00f6rsamlingarnas\/distriktens indelning f\u00f6r:<\/p>\n<ul>\n<li>Engelbrekt &#8211; kontakta Paul Geara <a href=\"paul.geara@meublera.com\">paul.geara@meublera.com<\/a><\/li>\n<li>Hedvig Eleonora &#8211; kontakta Christina Olofsson <a href=\"christian.olofsson@kristdemokraterna.se\">christian.olofsson@kristdemokraterna.se<\/a><\/li>\n<li>Oscar &#8211; kontakta Gaby Roseen\u00a0<a href=\"gaby.roseen@kristdemokraterna.se\">gaby.roseen@kristdemokraterna.se<\/a><\/li>\n<\/ul>\n<p>Gruppernas uppgift \u00e4r att arbeta med och n\u00e4ra medlemmar inom KD \u00d6stermalm. Vi v\u00e4lkomnar och f\u00f6ljer upp nya medlemmars intressen. Medlemmar som vill engagera sig och delta i v\u00e5rt lokala arbete \u00e4r varmt v\u00e4lkomna! Kontakta ditt distrikts kontkatperson &#8211; se ovan!<\/p>\n<div id=\"attachment_718\" style=\"width: 310px\" class=\"wp-caption aligncenter\"><a href=\"http:\/\/wp.kristdemokraterna.se\/ostermalm\/files\/2022\/04\/faltoversten-2022-04-06.jpg\"><img loading=\"lazy\" decoding=\"async\" aria-describedby=\"caption-attachment-718\" class=\"wp-image-718 size-medium\" src=\"http:\/\/wp.kristdemokraterna.se\/ostermalm\/files\/2022\/04\/faltoversten-2022-04-06-300x225.jpg\" alt=\"\" width=\"300\" height=\"225\" srcset=\"https:\/\/wp.kristdemokraterna.se\/ostermalm\/files\/2022\/04\/faltoversten-2022-04-06-300x225.jpg 300w, https:\/\/wp.kristdemokraterna.se\/ostermalm\/files\/2022\/04\/faltoversten-2022-04-06-1024x768.jpg 1024w, https:\/\/wp.kristdemokraterna.se\/ostermalm\/files\/2022\/04\/faltoversten-2022-04-06-768x576.jpg 768w, https:\/\/wp.kristdemokraterna.se\/ostermalm\/files\/2022\/04\/faltoversten-2022-04-06-1536x1152.jpg 1536w, https:\/\/wp.kristdemokraterna.se\/ostermalm\/files\/2022\/04\/faltoversten-2022-04-06-267x200.jpg 267w, https:\/\/wp.kristdemokraterna.se\/ostermalm\/files\/2022\/04\/faltoversten-2022-04-06-370x278.jpg 370w, https:\/\/wp.kristdemokraterna.se\/ostermalm\/files\/2022\/04\/faltoversten-2022-04-06-770x578.jpg 770w, https:\/\/wp.kristdemokraterna.se\/ostermalm\/files\/2022\/04\/faltoversten-2022-04-06-450x338.jpg 450w, https:\/\/wp.kristdemokraterna.se\/ostermalm\/files\/2022\/04\/faltoversten-2022-04-06-280x210.jpg 280w, https:\/\/wp.kristdemokraterna.se\/ostermalm\/files\/2022\/04\/faltoversten-2022-04-06-340x255.jpg 340w, https:\/\/wp.kristdemokraterna.se\/ostermalm\/files\/2022\/04\/faltoversten-2022-04-06-200x150.jpg 200w, https:\/\/wp.kristdemokraterna.se\/ostermalm\/files\/2022\/04\/faltoversten-2022-04-06-75x56.jpg 75w, https:\/\/wp.kristdemokraterna.se\/ostermalm\/files\/2022\/04\/faltoversten-2022-04-06.jpg 1600w\" sizes=\"auto, (max-width: 300px) 100vw, 300px\" \/><\/a><p id=\"caption-attachment-718\" class=\"wp-caption-text\">Christian &#8211; Paul &#8211; Gaby<br \/>vid F\u00e4lt\u00f6versten 2022-04-06<\/p><\/div>\n<p>V\u00e5ra lokala kampanjer f\u00f6ljer KD \u00d6stermalms politiska inriktning:<\/p>\n<ul>\n<li>Trygghet<\/li>\n<li>Ordning &amp; reda<\/li>\n<li>Barn &amp; familj<\/li>\n<\/ul>\n<p>\u201dMed \u00f6rat mot marken\u201d f\u00e5ngar vi upp viktiga lokala fr\u00e5gor, driver dem och skapar opinion f\u00f6r att f\u00f6rb\u00e4ttra och f\u00f6r\u00e4ndra!<\/p>\n<p>&nbsp;<\/p>\n<p style=\"text-align: center\"><a href=\"http:\/\/wp.kristdemokraterna.se\/ostermalm\/files\/2022\/02\/shutterstock_222952348-1-scaled.jpg\"><img loading=\"lazy\" decoding=\"async\" class=\"alignnone size-medium wp-image-590\" src=\"http:\/\/wp.kristdemokraterna.se\/ostermalm\/files\/2022\/02\/shutterstock_222952348-1-300x200.jpg\" alt=\"\" width=\"300\" height=\"200\" srcset=\"https:\/\/wp.kristdemokraterna.se\/ostermalm\/files\/2022\/02\/shutterstock_222952348-1-300x200.jpg 300w, https:\/\/wp.kristdemokraterna.se\/ostermalm\/files\/2022\/02\/shutterstock_222952348-1-1024x683.jpg 1024w, https:\/\/wp.kristdemokraterna.se\/ostermalm\/files\/2022\/02\/shutterstock_222952348-1-768x512.jpg 768w, https:\/\/wp.kristdemokraterna.se\/ostermalm\/files\/2022\/02\/shutterstock_222952348-1-1536x1024.jpg 1536w, https:\/\/wp.kristdemokraterna.se\/ostermalm\/files\/2022\/02\/shutterstock_222952348-1-2048x1365.jpg 2048w, https:\/\/wp.kristdemokraterna.se\/ostermalm\/files\/2022\/02\/shutterstock_222952348-1-370x247.jpg 370w, https:\/\/wp.kristdemokraterna.se\/ostermalm\/files\/2022\/02\/shutterstock_222952348-1-770x513.jpg 770w, https:\/\/wp.kristdemokraterna.se\/ostermalm\/files\/2022\/02\/shutterstock_222952348-1-450x300.jpg 450w, https:\/\/wp.kristdemokraterna.se\/ostermalm\/files\/2022\/02\/shutterstock_222952348-1-280x187.jpg 280w, https:\/\/wp.kristdemokraterna.se\/ostermalm\/files\/2022\/02\/shutterstock_222952348-1-340x227.jpg 340w, https:\/\/wp.kristdemokraterna.se\/ostermalm\/files\/2022\/02\/shutterstock_222952348-1-200x133.jpg 200w, https:\/\/wp.kristdemokraterna.se\/ostermalm\/files\/2022\/02\/shutterstock_222952348-1-84x56.jpg 84w\" sizes=\"auto, (max-width: 300px) 100vw, 300px\" \/><\/a><\/p>\n","protected":false},"excerpt":{"rendered":"<p>\u201dMed \u00f6rat mot marken\u201d Det \u00e4r v\u00e5rt motto i v\u00e5ra tre lokala utskottsgrupper. Vi verkar inom tre geografiska omr\u00e5den inom \u00d6stermalms stadsdelsomr\u00e5den som \u00f6verensst\u00e4mmer med f\u00f6rsamlingarnas\/distriktens indelning f\u00f6r: Engelbrekt &#8211; kontakta Paul Geara paul.geara@meublera.com Hedvig Eleonora &#8211; kontakta Christina Olofsson christian.olofsson@kristdemokraterna.se Oscar &#8211; kontakta Gaby Roseen\u00a0gaby.roseen@kristdemokraterna.se Gruppernas uppgift \u00e4r att arbeta med och n\u00e4ra medlemmar <a class=\"read-more-link\" href=\"https:\/\/wp.kristdemokraterna.se\/ostermalm\/lokalt-ostermalm\/\">Read More<\/a><\/p>\n","protected":false},"author":989,"featured_media":0,"parent":0,"menu_order":0,"comment_status":"closed","ping_status":"closed","template":"page.php","meta":{"_acf_changed":false,"footnotes":""},"class_list":["post-585","page","type-page","status-publish","hentry"],"acf":[],"yoast_head":"<!-- This site is optimized with the Yoast SEO plugin v27.4 - https:\/\/yoast.com\/product\/yoast-seo-wordpress\/ -->\n<title>Lokalt \u00d6stermalm - Kristdemokraterna | \u00d6stermalm<\/title>\n<meta name=\"robots\" content=\"index, follow, max-snippet:-1, max-image-preview:large, max-video-preview:-1\" \/>\n<link rel=\"canonical\" href=\"https:\/\/wp.kristdemokraterna.se\/ostermalm\/lokalt-ostermalm\/\" \/>\n<meta property=\"og:locale\" content=\"sv_SE\" \/>\n<meta property=\"og:type\" content=\"article\" \/>\n<meta property=\"og:title\" content=\"Lokalt \u00d6stermalm - Kristdemokraterna | \u00d6stermalm\" \/>\n<meta property=\"og:description\" content=\"\u201dMed \u00f6rat mot marken\u201d Det \u00e4r v\u00e5rt motto i v\u00e5ra tre lokala utskottsgrupper. Vi verkar inom tre geografiska omr\u00e5den inom \u00d6stermalms stadsdelsomr\u00e5den som \u00f6verensst\u00e4mmer med f\u00f6rsamlingarnas\/distriktens indelning f\u00f6r: Engelbrekt &#8211; kontakta Paul Geara paul.geara@meublera.com Hedvig Eleonora &#8211; kontakta Christina Olofsson christian.olofsson@kristdemokraterna.se Oscar &#8211; kontakta Gaby Roseen\u00a0gaby.roseen@kristdemokraterna.se Gruppernas uppgift \u00e4r att arbeta med och n\u00e4ra medlemmar Read More\" \/>\n<meta property=\"og:url\" content=\"https:\/\/wp.kristdemokraterna.se\/ostermalm\/lokalt-ostermalm\/\" \/>\n<meta property=\"og:site_name\" content=\"Kristdemokraterna | \u00d6stermalm\" \/>\n<meta property=\"article:modified_time\" content=\"2023-03-04T15:50:25+00:00\" \/>\n<meta property=\"og:image\" content=\"http:\/\/wp.kristdemokraterna.se\/ostermalm\/files\/2022\/04\/faltoversten-2022-04-06-300x225.jpg\" \/>\n<meta name=\"twitter:card\" content=\"summary_large_image\" \/>\n<meta name=\"twitter:label1\" content=\"Ber\u00e4knad l\u00e4stid\" \/>\n\t<meta name=\"twitter:data1\" content=\"2 minuter\" \/>\n<script type=\"application\/ld+json\" class=\"yoast-schema-graph\">{\"@context\":\"https:\\\/\\\/schema.org\",\"@graph\":[{\"@type\":\"WebPage\",\"@id\":\"https:\\\/\\\/wp.kristdemokraterna.se\\\/ostermalm\\\/lokalt-ostermalm\\\/\",\"url\":\"https:\\\/\\\/wp.kristdemokraterna.se\\\/ostermalm\\\/lokalt-ostermalm\\\/\",\"name\":\"Lokalt \u00d6stermalm - Kristdemokraterna | \u00d6stermalm\",\"isPartOf\":{\"@id\":\"https:\\\/\\\/wp.kristdemokraterna.se\\\/ostermalm\\\/#website\"},\"primaryImageOfPage\":{\"@id\":\"https:\\\/\\\/wp.kristdemokraterna.se\\\/ostermalm\\\/lokalt-ostermalm\\\/#primaryimage\"},\"image\":{\"@id\":\"https:\\\/\\\/wp.kristdemokraterna.se\\\/ostermalm\\\/lokalt-ostermalm\\\/#primaryimage\"},\"thumbnailUrl\":\"http:\\\/\\\/wp.kristdemokraterna.se\\\/ostermalm\\\/files\\\/2022\\\/04\\\/faltoversten-2022-04-06-300x225.jpg\",\"datePublished\":\"2022-02-17T21:21:58+00:00\",\"dateModified\":\"2023-03-04T15:50:25+00:00\",\"breadcrumb\":{\"@id\":\"https:\\\/\\\/wp.kristdemokraterna.se\\\/ostermalm\\\/lokalt-ostermalm\\\/#breadcrumb\"},\"inLanguage\":\"sv-SE\",\"potentialAction\":[{\"@type\":\"ReadAction\",\"target\":[\"https:\\\/\\\/wp.kristdemokraterna.se\\\/ostermalm\\\/lokalt-ostermalm\\\/\"]}]},{\"@type\":\"ImageObject\",\"inLanguage\":\"sv-SE\",\"@id\":\"https:\\\/\\\/wp.kristdemokraterna.se\\\/ostermalm\\\/lokalt-ostermalm\\\/#primaryimage\",\"url\":\"http:\\\/\\\/wp.kristdemokraterna.se\\\/ostermalm\\\/files\\\/2022\\\/04\\\/faltoversten-2022-04-06-300x225.jpg\",\"contentUrl\":\"http:\\\/\\\/wp.kristdemokraterna.se\\\/ostermalm\\\/files\\\/2022\\\/04\\\/faltoversten-2022-04-06-300x225.jpg\"},{\"@type\":\"BreadcrumbList\",\"@id\":\"https:\\\/\\\/wp.kristdemokraterna.se\\\/ostermalm\\\/lokalt-ostermalm\\\/#breadcrumb\",\"itemListElement\":[{\"@type\":\"ListItem\",\"position\":1,\"name\":\"Hem\",\"item\":\"https:\\\/\\\/wp.kristdemokraterna.se\\\/ostermalm\\\/\"},{\"@type\":\"ListItem\",\"position\":2,\"name\":\"Lokalt \u00d6stermalm\"}]},{\"@type\":\"WebSite\",\"@id\":\"https:\\\/\\\/wp.kristdemokraterna.se\\\/ostermalm\\\/#website\",\"url\":\"https:\\\/\\\/wp.kristdemokraterna.se\\\/ostermalm\\\/\",\"name\":\"Kristdemokraterna | \u00d6stermalm\",\"description\":\"KD Partiavdelning \u00d6stermalm\",\"inLanguage\":\"sv-SE\"}]}<\/script>\n<!-- \/ Yoast SEO plugin. -->","yoast_head_json":{"title":"Lokalt \u00d6stermalm - Kristdemokraterna | \u00d6stermalm","robots":{"index":"index","follow":"follow","max-snippet":"max-snippet:-1","max-image-preview":"max-image-preview:large","max-video-preview":"max-video-preview:-1"},"canonical":"https:\/\/wp.kristdemokraterna.se\/ostermalm\/lokalt-ostermalm\/","og_locale":"sv_SE","og_type":"article","og_title":"Lokalt \u00d6stermalm - Kristdemokraterna | \u00d6stermalm","og_description":"\u201dMed \u00f6rat mot marken\u201d Det \u00e4r v\u00e5rt motto i v\u00e5ra tre lokala utskottsgrupper. Vi verkar inom tre geografiska omr\u00e5den inom \u00d6stermalms stadsdelsomr\u00e5den som \u00f6verensst\u00e4mmer med f\u00f6rsamlingarnas\/distriktens indelning f\u00f6r: Engelbrekt &#8211; kontakta Paul Geara paul.geara@meublera.com Hedvig Eleonora &#8211; kontakta Christina Olofsson christian.olofsson@kristdemokraterna.se Oscar &#8211; kontakta Gaby Roseen\u00a0gaby.roseen@kristdemokraterna.se Gruppernas uppgift \u00e4r att arbeta med och n\u00e4ra medlemmar Read More","og_url":"https:\/\/wp.kristdemokraterna.se\/ostermalm\/lokalt-ostermalm\/","og_site_name":"Kristdemokraterna | \u00d6stermalm","article_modified_time":"2023-03-04T15:50:25+00:00","og_image":[{"url":"http:\/\/wp.kristdemokraterna.se\/ostermalm\/files\/2022\/04\/faltoversten-2022-04-06-300x225.jpg","type":"","width":"","height":""}],"twitter_card":"summary_large_image","twitter_misc":{"Ber\u00e4knad l\u00e4stid":"2 minuter"},"schema":{"@context":"https:\/\/schema.org","@graph":[{"@type":"WebPage","@id":"https:\/\/wp.kristdemokraterna.se\/ostermalm\/lokalt-ostermalm\/","url":"https:\/\/wp.kristdemokraterna.se\/ostermalm\/lokalt-ostermalm\/","name":"Lokalt \u00d6stermalm - Kristdemokraterna | \u00d6stermalm","isPartOf":{"@id":"https:\/\/wp.kristdemokraterna.se\/ostermalm\/#website"},"primaryImageOfPage":{"@id":"https:\/\/wp.kristdemokraterna.se\/ostermalm\/lokalt-ostermalm\/#primaryimage"},"image":{"@id":"https:\/\/wp.kristdemokraterna.se\/ostermalm\/lokalt-ostermalm\/#primaryimage"},"thumbnailUrl":"http:\/\/wp.kristdemokraterna.se\/ostermalm\/files\/2022\/04\/faltoversten-2022-04-06-300x225.jpg","datePublished":"2022-02-17T21:21:58+00:00","dateModified":"2023-03-04T15:50:25+00:00","breadcrumb":{"@id":"https:\/\/wp.kristdemokraterna.se\/ostermalm\/lokalt-ostermalm\/#breadcrumb"},"inLanguage":"sv-SE","potentialAction":[{"@type":"ReadAction","target":["https:\/\/wp.kristdemokraterna.se\/ostermalm\/lokalt-ostermalm\/"]}]},{"@type":"ImageObject","inLanguage":"sv-SE","@id":"https:\/\/wp.kristdemokraterna.se\/ostermalm\/lokalt-ostermalm\/#primaryimage","url":"http:\/\/wp.kristdemokraterna.se\/ostermalm\/files\/2022\/04\/faltoversten-2022-04-06-300x225.jpg","contentUrl":"http:\/\/wp.kristdemokraterna.se\/ostermalm\/files\/2022\/04\/faltoversten-2022-04-06-300x225.jpg"},{"@type":"BreadcrumbList","@id":"https:\/\/wp.kristdemokraterna.se\/ostermalm\/lokalt-ostermalm\/#breadcrumb","itemListElement":[{"@type":"ListItem","position":1,"name":"Hem","item":"https:\/\/wp.kristdemokraterna.se\/ostermalm\/"},{"@type":"ListItem","position":2,"name":"Lokalt \u00d6stermalm"}]},{"@type":"WebSite","@id":"https:\/\/wp.kristdemokraterna.se\/ostermalm\/#website","url":"https:\/\/wp.kristdemokraterna.se\/ostermalm\/","name":"Kristdemokraterna | \u00d6stermalm","description":"KD Partiavdelning \u00d6stermalm","inLanguage":"sv-SE"}]}},"_links":{"self":[{"href":"https:\/\/wp.kristdemokraterna.se\/ostermalm\/wp-json\/wp\/v2\/pages\/585","targetHints":{"allow":["GET"]}}],"collection":[{"href":"https:\/\/wp.kristdemokraterna.se\/ostermalm\/wp-json\/wp\/v2\/pages"}],"about":[{"href":"https:\/\/wp.kristdemokraterna.se\/ostermalm\/wp-json\/wp\/v2\/types\/page"}],"author":[{"embeddable":true,"href":"https:\/\/wp.kristdemokraterna.se\/ostermalm\/wp-json\/wp\/v2\/users\/989"}],"replies":[{"embeddable":true,"href":"https:\/\/wp.kristdemokraterna.se\/ostermalm\/wp-json\/wp\/v2\/comments?post=585"}],"version-history":[{"count":15,"href":"https:\/\/wp.kristdemokraterna.se\/ostermalm\/wp-json\/wp\/v2\/pages\/585\/revisions"}],"predecessor-version":[{"id":775,"href":"https:\/\/wp.kristdemokraterna.se\/ostermalm\/wp-json\/wp\/v2\/pages\/585\/revisions\/775"}],"wp:attachment":[{"href":"https:\/\/wp.kristdemokraterna.se\/ostermalm\/wp-json\/wp\/v2\/media?parent=585"}],"curies":[{"name":"wp","href":"https:\/\/api.w.org\/{rel}","templated":true}]}}