{"id":265,"date":"2017-11-29T16:47:40","date_gmt":"2017-11-29T15:47:40","guid":{"rendered":"https:\/\/wp.kristdemokraterna.se\/oxelosund\/?page_id=265"},"modified":"2025-04-13T20:58:27","modified_gmt":"2025-04-13T18:58:27","slug":"kd-oxelosund","status":"publish","type":"page","link":"https:\/\/wp.kristdemokraterna.se\/oxelosund\/","title":{"rendered":"Startsida"},"content":{"rendered":"<p>G\u00e4nget p\u00e5 bilden utg\u00f6r ca halva KD Oxel\u00f6sund. Vi har kul ihop och blir sakta men s\u00e4kert allt fler. Kom med du ocks\u00e5! \u00a0Koalitionen vann ju valet \u2013 efter 72 \u00e5r av S-styre \u2013 och har nu b\u00f6rjat modernisera och effektivisera v\u00e5r fina kuststad. Tillsammans har vi fram till 2026 p\u00e5 oss att genomf\u00f6ra de viktigaste f\u00f6r\u00e4ndringarna.<\/p>\n<h2>KD Oxel\u00f6sund prioriterar Barnfamiljer, \u00c4ldre och F\u00f6retag<\/h2>\n<p>Inf\u00f6r valet tog vi fram 20 konkreta f\u00f6rslag som du kan l\u00e4sa om\u00a0<a href=\"https:\/\/wp.kristdemokraterna.se\/oxelosund\/textsida-fullbredd\/snyggare-tryggare-okle\/\">h\u00e4r<\/a>. Dessa vall\u00f6ften f\u00f6rs\u00f6ker vi infria inom Koalitionens arbete, och du kan f\u00f6lja den utvecklingen p\u00e5 denna sajt. Du hittar oss \u00e4ven p\u00e5 <a href=\"https:\/\/www.facebook.com\/profile.php?id=100064488590349\">Facebook<\/a>\u00a0och <a href=\"https:\/\/www.instagram.com\/kd_oxelosund\/\">Instagram<\/a>.<\/p>\n<p>Vill du vara med och g\u00f6ra Oxel\u00f6sund b\u00e4ttre? \u00a0Du \u00e4r varmt v\u00e4lkommen till v\u00e5rt glada g\u00e4ng h\u00e4r i Kuststaden. Alla goda krafter beh\u00f6vs. KD \u00e4r en viktig del av Koalitionen i Oxel\u00f6sund, och vi har 28 platser i n\u00e4mnder och styrelser.<\/p>\n","protected":false},"excerpt":{"rendered":"<p>G\u00e4nget p\u00e5 bilden utg\u00f6r ca halva KD Oxel\u00f6sund. Vi har kul ihop och blir sakta men s\u00e4kert allt fler. Kom med du ocks\u00e5! \u00a0Koalitionen vann ju valet \u2013 efter 72 \u00e5r av S-styre \u2013 och har nu b\u00f6rjat modernisera och effektivisera v\u00e5r fina kuststad. Tillsammans har vi fram till 2026 p\u00e5 oss att genomf\u00f6ra de <a class=\"read-more-link\" href=\"https:\/\/wp.kristdemokraterna.se\/oxelosund\/\">L\u00e4s mer<\/a><\/p>\n","protected":false},"author":1004,"featured_media":714,"parent":0,"menu_order":0,"comment_status":"closed","ping_status":"closed","template":"index.php","meta":{"_acf_changed":false,"footnotes":""},"class_list":["post-265","page","type-page","status-publish","hentry"],"acf":[],"yoast_head":"<!-- This site is optimized with the Yoast SEO plugin v27.3 - https:\/\/yoast.com\/product\/yoast-seo-wordpress\/ -->\n<title>KD Oxel\u00f6sund - Kristdemokraterna | Oxel\u00f6sund<\/title>\n<meta name=\"description\" content=\"KD Oxel\u00f6sund \u00e4r nu med och styr kommunen. Vi till\u00e4mpar KD-politik lokalt och prioriterar Barnfamiljer, \u00c4ldre och F\u00f6retag.\" \/>\n<meta name=\"robots\" content=\"index, follow, max-snippet:-1, max-image-preview:large, max-video-preview:-1\" \/>\n<link rel=\"canonical\" href=\"https:\/\/wp.kristdemokraterna.se\/oxelosund\/\" \/>\n<meta property=\"og:locale\" content=\"sv_SE\" \/>\n<meta property=\"og:type\" content=\"article\" \/>\n<meta property=\"og:title\" content=\"KD Oxel\u00f6sund - Kristdemokraterna | Oxel\u00f6sund\" \/>\n<meta property=\"og:description\" content=\"KD Oxel\u00f6sund \u00e4r nu med och styr kommunen. Vi till\u00e4mpar KD-politik lokalt och prioriterar Barnfamiljer, \u00c4ldre och F\u00f6retag.\" \/>\n<meta property=\"og:url\" content=\"https:\/\/wp.kristdemokraterna.se\/oxelosund\/\" \/>\n<meta property=\"og:site_name\" content=\"Kristdemokraterna | Oxel\u00f6sund\" \/>\n<meta property=\"article:modified_time\" content=\"2025-04-13T18:58:27+00:00\" \/>\n<meta name=\"twitter:card\" content=\"summary_large_image\" \/>\n<meta name=\"twitter:label1\" content=\"Ber\u00e4knad l\u00e4stid\" \/>\n\t<meta name=\"twitter:data1\" content=\"1 minut\" \/>\n<script type=\"application\/ld+json\" class=\"yoast-schema-graph\">{\"@context\":\"https:\\\/\\\/schema.org\",\"@graph\":[{\"@type\":\"WebPage\",\"@id\":\"https:\\\/\\\/wp.kristdemokraterna.se\\\/oxelosund\\\/\",\"url\":\"https:\\\/\\\/wp.kristdemokraterna.se\\\/oxelosund\\\/\",\"name\":\"KD Oxel\u00f6sund - Kristdemokraterna | Oxel\u00f6sund\",\"isPartOf\":{\"@id\":\"https:\\\/\\\/wp.kristdemokraterna.se\\\/oxelosund\\\/#website\"},\"primaryImageOfPage\":{\"@id\":\"https:\\\/\\\/wp.kristdemokraterna.se\\\/oxelosund\\\/#primaryimage\"},\"image\":{\"@id\":\"https:\\\/\\\/wp.kristdemokraterna.se\\\/oxelosund\\\/#primaryimage\"},\"thumbnailUrl\":\"\",\"datePublished\":\"2017-11-29T15:47:40+00:00\",\"dateModified\":\"2025-04-13T18:58:27+00:00\",\"description\":\"KD Oxel\u00f6sund \u00e4r nu med och styr kommunen. Vi till\u00e4mpar KD-politik lokalt och prioriterar Barnfamiljer, \u00c4ldre och F\u00f6retag.\",\"breadcrumb\":{\"@id\":\"https:\\\/\\\/wp.kristdemokraterna.se\\\/oxelosund\\\/#breadcrumb\"},\"inLanguage\":\"sv-SE\",\"potentialAction\":[{\"@type\":\"ReadAction\",\"target\":[\"https:\\\/\\\/wp.kristdemokraterna.se\\\/oxelosund\\\/\"]}]},{\"@type\":\"ImageObject\",\"inLanguage\":\"sv-SE\",\"@id\":\"https:\\\/\\\/wp.kristdemokraterna.se\\\/oxelosund\\\/#primaryimage\",\"url\":\"\",\"contentUrl\":\"\"},{\"@type\":\"BreadcrumbList\",\"@id\":\"https:\\\/\\\/wp.kristdemokraterna.se\\\/oxelosund\\\/#breadcrumb\",\"itemListElement\":[{\"@type\":\"ListItem\",\"position\":1,\"name\":\"Hem\",\"item\":\"https:\\\/\\\/wp.kristdemokraterna.se\\\/oxelosund\\\/\"},{\"@type\":\"ListItem\",\"position\":2,\"name\":\"Startsida\"}]},{\"@type\":\"WebSite\",\"@id\":\"https:\\\/\\\/wp.kristdemokraterna.se\\\/oxelosund\\\/#website\",\"url\":\"https:\\\/\\\/wp.kristdemokraterna.se\\\/oxelosund\\\/\",\"name\":\"Kristdemokraterna | Oxel\u00f6sund\",\"description\":\"Kuststaden i Hj\u00e4rtlandet\",\"inLanguage\":\"sv-SE\"}]}<\/script>\n<!-- \/ Yoast SEO plugin. -->","yoast_head_json":{"title":"KD Oxel\u00f6sund - Kristdemokraterna | Oxel\u00f6sund","description":"KD Oxel\u00f6sund \u00e4r nu med och styr kommunen. Vi till\u00e4mpar KD-politik lokalt och prioriterar Barnfamiljer, \u00c4ldre och F\u00f6retag.","robots":{"index":"index","follow":"follow","max-snippet":"max-snippet:-1","max-image-preview":"max-image-preview:large","max-video-preview":"max-video-preview:-1"},"canonical":"https:\/\/wp.kristdemokraterna.se\/oxelosund\/","og_locale":"sv_SE","og_type":"article","og_title":"KD Oxel\u00f6sund - Kristdemokraterna | Oxel\u00f6sund","og_description":"KD Oxel\u00f6sund \u00e4r nu med och styr kommunen. Vi till\u00e4mpar KD-politik lokalt och prioriterar Barnfamiljer, \u00c4ldre och F\u00f6retag.","og_url":"https:\/\/wp.kristdemokraterna.se\/oxelosund\/","og_site_name":"Kristdemokraterna | Oxel\u00f6sund","article_modified_time":"2025-04-13T18:58:27+00:00","twitter_card":"summary_large_image","twitter_misc":{"Ber\u00e4knad l\u00e4stid":"1 minut"},"schema":{"@context":"https:\/\/schema.org","@graph":[{"@type":"WebPage","@id":"https:\/\/wp.kristdemokraterna.se\/oxelosund\/","url":"https:\/\/wp.kristdemokraterna.se\/oxelosund\/","name":"KD Oxel\u00f6sund - Kristdemokraterna | Oxel\u00f6sund","isPartOf":{"@id":"https:\/\/wp.kristdemokraterna.se\/oxelosund\/#website"},"primaryImageOfPage":{"@id":"https:\/\/wp.kristdemokraterna.se\/oxelosund\/#primaryimage"},"image":{"@id":"https:\/\/wp.kristdemokraterna.se\/oxelosund\/#primaryimage"},"thumbnailUrl":"","datePublished":"2017-11-29T15:47:40+00:00","dateModified":"2025-04-13T18:58:27+00:00","description":"KD Oxel\u00f6sund \u00e4r nu med och styr kommunen. Vi till\u00e4mpar KD-politik lokalt och prioriterar Barnfamiljer, \u00c4ldre och F\u00f6retag.","breadcrumb":{"@id":"https:\/\/wp.kristdemokraterna.se\/oxelosund\/#breadcrumb"},"inLanguage":"sv-SE","potentialAction":[{"@type":"ReadAction","target":["https:\/\/wp.kristdemokraterna.se\/oxelosund\/"]}]},{"@type":"ImageObject","inLanguage":"sv-SE","@id":"https:\/\/wp.kristdemokraterna.se\/oxelosund\/#primaryimage","url":"","contentUrl":""},{"@type":"BreadcrumbList","@id":"https:\/\/wp.kristdemokraterna.se\/oxelosund\/#breadcrumb","itemListElement":[{"@type":"ListItem","position":1,"name":"Hem","item":"https:\/\/wp.kristdemokraterna.se\/oxelosund\/"},{"@type":"ListItem","position":2,"name":"Startsida"}]},{"@type":"WebSite","@id":"https:\/\/wp.kristdemokraterna.se\/oxelosund\/#website","url":"https:\/\/wp.kristdemokraterna.se\/oxelosund\/","name":"Kristdemokraterna | Oxel\u00f6sund","description":"Kuststaden i Hj\u00e4rtlandet","inLanguage":"sv-SE"}]}},"_links":{"self":[{"href":"https:\/\/wp.kristdemokraterna.se\/oxelosund\/wp-json\/wp\/v2\/pages\/265","targetHints":{"allow":["GET"]}}],"collection":[{"href":"https:\/\/wp.kristdemokraterna.se\/oxelosund\/wp-json\/wp\/v2\/pages"}],"about":[{"href":"https:\/\/wp.kristdemokraterna.se\/oxelosund\/wp-json\/wp\/v2\/types\/page"}],"author":[{"embeddable":true,"href":"https:\/\/wp.kristdemokraterna.se\/oxelosund\/wp-json\/wp\/v2\/users\/1004"}],"replies":[{"embeddable":true,"href":"https:\/\/wp.kristdemokraterna.se\/oxelosund\/wp-json\/wp\/v2\/comments?post=265"}],"version-history":[{"count":227,"href":"https:\/\/wp.kristdemokraterna.se\/oxelosund\/wp-json\/wp\/v2\/pages\/265\/revisions"}],"predecessor-version":[{"id":1516,"href":"https:\/\/wp.kristdemokraterna.se\/oxelosund\/wp-json\/wp\/v2\/pages\/265\/revisions\/1516"}],"wp:featuredmedia":[{"embeddable":true,"href":"https:\/\/wp.kristdemokraterna.se\/oxelosund\/wp-json\/"}],"wp:attachment":[{"href":"https:\/\/wp.kristdemokraterna.se\/oxelosund\/wp-json\/wp\/v2\/media?parent=265"}],"curies":[{"name":"wp","href":"https:\/\/api.w.org\/{rel}","templated":true}]}}