{"id":778,"date":"2022-04-12T17:29:43","date_gmt":"2022-04-12T15:29:43","guid":{"rendered":"https:\/\/wp.kristdemokraterna.se\/oxelosund\/?page_id=778"},"modified":"2024-05-06T17:23:51","modified_gmt":"2024-05-06T15:23:51","slug":"farre-ansikten-i-hemtjansten","status":"publish","type":"page","link":"https:\/\/wp.kristdemokraterna.se\/oxelosund\/textsida-fullbredd\/snyggare-tryggare-okle\/farre-ansikten-i-hemtjansten\/","title":{"rendered":"F\u00e4rre ansikten i hemtj\u00e4nsten"},"content":{"rendered":"<div id=\"attachment_1054\" style=\"width: 310px\" class=\"wp-caption alignnone\"><a href=\"https:\/\/wp.kristdemokraterna.se\/oxelosund\/files\/2022\/07\/farre-ansikten-i-hemtjansten-kdox-e1661966640702.png\"><img loading=\"lazy\" decoding=\"async\" aria-describedby=\"caption-attachment-1054\" class=\"size-medium wp-image-1054\" src=\"https:\/\/wp.kristdemokraterna.se\/oxelosund\/files\/2022\/07\/farre-ansikten-i-hemtjansten-kdox-300x192.png\" alt=\"Illustration med n\u00e4stan 50 olika ansikten som fyller hela bilden. Texten mitt i bilden handlar om att det m\u00e5ste bli f\u00e4rre ansikten i hemtj\u00e4nsten\" width=\"300\" height=\"192\" \/><\/a><p id=\"caption-attachment-1054\" class=\"wp-caption-text\"><em>F\u00e4rre ansikten i hemtj\u00e4nsten handlar om trygghet f\u00f6r v\u00e5ra \u00e4ldre<\/em><\/p><\/div>\n<p><strong>Texten nedan skrevs f\u00f6re valet 2022, och \u00e4ndras inom kort. L\u00e4get blir nu b\u00e4ttre!<\/strong> \u00a0Oxel\u00f6sunds kommunala hemtj\u00e4nst \u00e4r idag s\u00e4mst i Sverige. I alla fall i f\u00f6ljande avseende: \u00c4ldre i Oxel\u00f6sund m\u00e5ste under en 14-dagarsperiod ta emot hela 24 olika hemtj\u00e4nstpersoner! \u00a0Det \u00e4r flest i hela Sverige och ett bottenrekord (siffrorna kommer fr\u00e5n Koladas databas med statistik f\u00f6r alla kommuner).<\/p>\n<h2>Det m\u00e5ste bli f\u00e4rre ansikten i hemtj\u00e4nsten\u00a0f\u00f6r v\u00e5ra \u00e4ldre<\/h2>\n<p>T\u00e4nk dig att vara gammal och beh\u00f6va hj\u00e4lp med din vardag. Inte nog med att du m\u00e5ste sl\u00e4ppa in &#8221;fr\u00e4mmande m\u00e4nniskor&#8221; i ditt hem \u2013 du f\u00e5r aldrig en chans att l\u00e4ra k\u00e4nna dem och utveckla ett f\u00f6rtroende. Det kommer ju bara nya ansikten hela tiden&#8230; Vi kr\u00e4ver d\u00e4rf\u00f6r att antalet hemtj\u00e4nstare per mottagare ska ner.\u00a0Det ska inte f\u00e5 vara fler nya ansikten \u00e4n att mottagaren kan k\u00e4nna igen alla. Maximalt 14 olika personer under en tv\u00e5veckors-period \u00e4r ett bra m\u00e5l. Dock borde det p\u00e5 sikt bli \u00e4nnu f\u00e4rre.<\/p>\n<h2>Oxel\u00f6sunds kommunala hemtj\u00e4nst m\u00e5ste \u00e4ndras<\/h2>\n<p>F\u00f6rutom att m\u00e5nga \u00e4ldre och deras anh\u00f6riga \u00e4r missn\u00f6jda med hemtj\u00e4nsten sedan en l\u00e4ngre tid, \u00e4r \u00e4ven stora delar av personalen missn\u00f6jd. De anst\u00e4llda\u00a0klagar \u00f6ver saker som schema, planering, information, ledarskap&#8230; och f\u00f6ga f\u00f6rv\u00e5nande \u00e4r det h\u00f6g sjukskrivning och stor personaloms\u00e4ttning. Uppenbarligen g\u00e5r det att skapa en mycket b\u00e4ttre organisation \u2013 eller kanske \u00e4nnu hellre: \u00a0<em>Ge andra v\u00e5rdgivare chansen.<\/em> Vi tror allts\u00e5 att Lagen Om Valfrihet (LOV) kan g\u00f6ra stor skillnad, och vi tycker att den enskilde ska kunna v\u00e4lja utf\u00f6rare av hemtj\u00e4nst.<\/p>\n<h3>\u00c4ldreomsorgen \u00e4r en av KD:s viktigaste fr\u00e5gor. F\u00f6r Oxel\u00f6sund vill vi se f\u00f6ljande:<\/h3>\n<ul>\n<li>B\u00e4ttre arbetsvillkor med f\u00e4rre delade turer f\u00f6r personalen<\/li>\n<li>Tid i schemat f\u00f6r reflektion<\/li>\n<li>V\u00e5rdserviceteam som avlastar undersk\u00f6terskor med icke-medicinska uppgifter<\/li>\n<li>Att alla som jobbar v\u00e5rdn\u00e4ra ska kunna tala och skriva god svenska<\/li>\n<li>Olika hemtj\u00e4nstf\u00f6retag som v\u00e5ra \u00e4ldre kan v\u00e4lja bland<\/li>\n<li>Fler platser i senior-, trygghets- och s\u00e4rskilda boenden<\/li>\n<\/ul>\n<p>H\u00e4r kan du hitta <a href=\"https:\/\/www.vardforetagarna.se\/vardfakta\/aldreomsorg\/\">fakta om hemtj\u00e4nsten i Sverige<\/a><\/p>\n","protected":false},"excerpt":{"rendered":"<p>Texten nedan skrevs f\u00f6re valet 2022, och \u00e4ndras inom kort. L\u00e4get blir nu b\u00e4ttre! \u00a0Oxel\u00f6sunds kommunala hemtj\u00e4nst \u00e4r idag s\u00e4mst i Sverige. I alla fall i f\u00f6ljande avseende: \u00c4ldre i Oxel\u00f6sund m\u00e5ste under en 14-dagarsperiod ta emot hela 24 olika hemtj\u00e4nstpersoner! \u00a0Det \u00e4r flest i hela Sverige och ett bottenrekord (siffrorna kommer fr\u00e5n Koladas databas <a class=\"read-more-link\" href=\"https:\/\/wp.kristdemokraterna.se\/oxelosund\/textsida-fullbredd\/snyggare-tryggare-okle\/farre-ansikten-i-hemtjansten\/\">L\u00e4s mer<\/a><\/p>\n","protected":false},"author":1005,"featured_media":714,"parent":742,"menu_order":0,"comment_status":"closed","ping_status":"closed","template":"","meta":{"_acf_changed":false,"footnotes":""},"class_list":["post-778","page","type-page","status-publish","hentry"],"acf":[],"yoast_head":"<!-- This site is optimized with the Yoast SEO plugin v27.3 - https:\/\/yoast.com\/product\/yoast-seo-wordpress\/ -->\n<title>F\u00e4rre ansikten i hemtj\u00e4nsten - Kristdemokraterna | Oxel\u00f6sund<\/title>\n<meta name=\"description\" content=\"Det m\u00e5ste bli f\u00e4rre ansikten i hemtj\u00e4nsten. \u00c4ldre i Oxel\u00f6sund f\u00e5r idag m\u00f6ta 24 olika personer per 14-dagarsperiod. Det \u00e4r s\u00e4mst i Sverige.\" \/>\n<meta name=\"robots\" content=\"index, follow, max-snippet:-1, max-image-preview:large, max-video-preview:-1\" \/>\n<link rel=\"canonical\" href=\"https:\/\/wp.kristdemokraterna.se\/oxelosund\/textsida-fullbredd\/snyggare-tryggare-okle\/farre-ansikten-i-hemtjansten\/\" \/>\n<meta property=\"og:locale\" content=\"sv_SE\" \/>\n<meta property=\"og:type\" content=\"article\" \/>\n<meta property=\"og:title\" content=\"F\u00e4rre ansikten i hemtj\u00e4nsten - Kristdemokraterna | Oxel\u00f6sund\" \/>\n<meta property=\"og:description\" content=\"Det m\u00e5ste bli f\u00e4rre ansikten i hemtj\u00e4nsten. \u00c4ldre i Oxel\u00f6sund f\u00e5r idag m\u00f6ta 24 olika personer per 14-dagarsperiod. Det \u00e4r s\u00e4mst i Sverige.\" \/>\n<meta property=\"og:url\" content=\"https:\/\/wp.kristdemokraterna.se\/oxelosund\/textsida-fullbredd\/snyggare-tryggare-okle\/farre-ansikten-i-hemtjansten\/\" \/>\n<meta property=\"og:site_name\" content=\"Kristdemokraterna | Oxel\u00f6sund\" \/>\n<meta property=\"article:modified_time\" content=\"2024-05-06T15:23:51+00:00\" \/>\n<meta property=\"og:image\" content=\"https:\/\/wp.kristdemokraterna.se\/oxelosund\/files\/2022\/07\/farre-ansikten-i-hemtjansten-kdox-300x192.png\" \/>\n<meta name=\"twitter:card\" content=\"summary_large_image\" \/>\n<meta name=\"twitter:label1\" content=\"Ber\u00e4knad l\u00e4stid\" \/>\n\t<meta name=\"twitter:data1\" content=\"2 minuter\" \/>\n<script type=\"application\/ld+json\" class=\"yoast-schema-graph\">{\"@context\":\"https:\\\/\\\/schema.org\",\"@graph\":[{\"@type\":\"WebPage\",\"@id\":\"https:\\\/\\\/wp.kristdemokraterna.se\\\/oxelosund\\\/textsida-fullbredd\\\/snyggare-tryggare-okle\\\/farre-ansikten-i-hemtjansten\\\/\",\"url\":\"https:\\\/\\\/wp.kristdemokraterna.se\\\/oxelosund\\\/textsida-fullbredd\\\/snyggare-tryggare-okle\\\/farre-ansikten-i-hemtjansten\\\/\",\"name\":\"F\u00e4rre ansikten i hemtj\u00e4nsten - Kristdemokraterna | Oxel\u00f6sund\",\"isPartOf\":{\"@id\":\"https:\\\/\\\/wp.kristdemokraterna.se\\\/oxelosund\\\/#website\"},\"primaryImageOfPage\":{\"@id\":\"https:\\\/\\\/wp.kristdemokraterna.se\\\/oxelosund\\\/textsida-fullbredd\\\/snyggare-tryggare-okle\\\/farre-ansikten-i-hemtjansten\\\/#primaryimage\"},\"image\":{\"@id\":\"https:\\\/\\\/wp.kristdemokraterna.se\\\/oxelosund\\\/textsida-fullbredd\\\/snyggare-tryggare-okle\\\/farre-ansikten-i-hemtjansten\\\/#primaryimage\"},\"thumbnailUrl\":\"\",\"datePublished\":\"2022-04-12T15:29:43+00:00\",\"dateModified\":\"2024-05-06T15:23:51+00:00\",\"description\":\"Det m\u00e5ste bli f\u00e4rre ansikten i hemtj\u00e4nsten. \u00c4ldre i Oxel\u00f6sund f\u00e5r idag m\u00f6ta 24 olika personer per 14-dagarsperiod. Det \u00e4r s\u00e4mst i Sverige.\",\"breadcrumb\":{\"@id\":\"https:\\\/\\\/wp.kristdemokraterna.se\\\/oxelosund\\\/textsida-fullbredd\\\/snyggare-tryggare-okle\\\/farre-ansikten-i-hemtjansten\\\/#breadcrumb\"},\"inLanguage\":\"sv-SE\",\"potentialAction\":[{\"@type\":\"ReadAction\",\"target\":[\"https:\\\/\\\/wp.kristdemokraterna.se\\\/oxelosund\\\/textsida-fullbredd\\\/snyggare-tryggare-okle\\\/farre-ansikten-i-hemtjansten\\\/\"]}]},{\"@type\":\"ImageObject\",\"inLanguage\":\"sv-SE\",\"@id\":\"https:\\\/\\\/wp.kristdemokraterna.se\\\/oxelosund\\\/textsida-fullbredd\\\/snyggare-tryggare-okle\\\/farre-ansikten-i-hemtjansten\\\/#primaryimage\",\"url\":\"\",\"contentUrl\":\"\"},{\"@type\":\"BreadcrumbList\",\"@id\":\"https:\\\/\\\/wp.kristdemokraterna.se\\\/oxelosund\\\/textsida-fullbredd\\\/snyggare-tryggare-okle\\\/farre-ansikten-i-hemtjansten\\\/#breadcrumb\",\"itemListElement\":[{\"@type\":\"ListItem\",\"position\":1,\"name\":\"Hem\",\"item\":\"https:\\\/\\\/wp.kristdemokraterna.se\\\/oxelosund\\\/\"},{\"@type\":\"ListItem\",\"position\":2,\"name\":\"V\u00e5ra f\u00f6rslag\",\"item\":\"https:\\\/\\\/wp.kristdemokraterna.se\\\/oxelosund\\\/textsida-fullbredd\\\/\"},{\"@type\":\"ListItem\",\"position\":3,\"name\":\"Snyggare tryggare Okle\",\"item\":\"https:\\\/\\\/wp.kristdemokraterna.se\\\/oxelosund\\\/textsida-fullbredd\\\/snyggare-tryggare-okle\\\/\"},{\"@type\":\"ListItem\",\"position\":4,\"name\":\"F\u00e4rre ansikten i hemtj\u00e4nsten\"}]},{\"@type\":\"WebSite\",\"@id\":\"https:\\\/\\\/wp.kristdemokraterna.se\\\/oxelosund\\\/#website\",\"url\":\"https:\\\/\\\/wp.kristdemokraterna.se\\\/oxelosund\\\/\",\"name\":\"Kristdemokraterna | Oxel\u00f6sund\",\"description\":\"Kuststaden i Hj\u00e4rtlandet\",\"inLanguage\":\"sv-SE\"}]}<\/script>\n<!-- \/ Yoast SEO plugin. -->","yoast_head_json":{"title":"F\u00e4rre ansikten i hemtj\u00e4nsten - Kristdemokraterna | Oxel\u00f6sund","description":"Det m\u00e5ste bli f\u00e4rre ansikten i hemtj\u00e4nsten. \u00c4ldre i Oxel\u00f6sund f\u00e5r idag m\u00f6ta 24 olika personer per 14-dagarsperiod. Det \u00e4r s\u00e4mst i Sverige.","robots":{"index":"index","follow":"follow","max-snippet":"max-snippet:-1","max-image-preview":"max-image-preview:large","max-video-preview":"max-video-preview:-1"},"canonical":"https:\/\/wp.kristdemokraterna.se\/oxelosund\/textsida-fullbredd\/snyggare-tryggare-okle\/farre-ansikten-i-hemtjansten\/","og_locale":"sv_SE","og_type":"article","og_title":"F\u00e4rre ansikten i hemtj\u00e4nsten - Kristdemokraterna | Oxel\u00f6sund","og_description":"Det m\u00e5ste bli f\u00e4rre ansikten i hemtj\u00e4nsten. \u00c4ldre i Oxel\u00f6sund f\u00e5r idag m\u00f6ta 24 olika personer per 14-dagarsperiod. Det \u00e4r s\u00e4mst i Sverige.","og_url":"https:\/\/wp.kristdemokraterna.se\/oxelosund\/textsida-fullbredd\/snyggare-tryggare-okle\/farre-ansikten-i-hemtjansten\/","og_site_name":"Kristdemokraterna | Oxel\u00f6sund","article_modified_time":"2024-05-06T15:23:51+00:00","og_image":[{"url":"https:\/\/wp.kristdemokraterna.se\/oxelosund\/files\/2022\/07\/farre-ansikten-i-hemtjansten-kdox-300x192.png","type":"","width":"","height":""}],"twitter_card":"summary_large_image","twitter_misc":{"Ber\u00e4knad l\u00e4stid":"2 minuter"},"schema":{"@context":"https:\/\/schema.org","@graph":[{"@type":"WebPage","@id":"https:\/\/wp.kristdemokraterna.se\/oxelosund\/textsida-fullbredd\/snyggare-tryggare-okle\/farre-ansikten-i-hemtjansten\/","url":"https:\/\/wp.kristdemokraterna.se\/oxelosund\/textsida-fullbredd\/snyggare-tryggare-okle\/farre-ansikten-i-hemtjansten\/","name":"F\u00e4rre ansikten i hemtj\u00e4nsten - Kristdemokraterna | Oxel\u00f6sund","isPartOf":{"@id":"https:\/\/wp.kristdemokraterna.se\/oxelosund\/#website"},"primaryImageOfPage":{"@id":"https:\/\/wp.kristdemokraterna.se\/oxelosund\/textsida-fullbredd\/snyggare-tryggare-okle\/farre-ansikten-i-hemtjansten\/#primaryimage"},"image":{"@id":"https:\/\/wp.kristdemokraterna.se\/oxelosund\/textsida-fullbredd\/snyggare-tryggare-okle\/farre-ansikten-i-hemtjansten\/#primaryimage"},"thumbnailUrl":"","datePublished":"2022-04-12T15:29:43+00:00","dateModified":"2024-05-06T15:23:51+00:00","description":"Det m\u00e5ste bli f\u00e4rre ansikten i hemtj\u00e4nsten. \u00c4ldre i Oxel\u00f6sund f\u00e5r idag m\u00f6ta 24 olika personer per 14-dagarsperiod. Det \u00e4r s\u00e4mst i Sverige.","breadcrumb":{"@id":"https:\/\/wp.kristdemokraterna.se\/oxelosund\/textsida-fullbredd\/snyggare-tryggare-okle\/farre-ansikten-i-hemtjansten\/#breadcrumb"},"inLanguage":"sv-SE","potentialAction":[{"@type":"ReadAction","target":["https:\/\/wp.kristdemokraterna.se\/oxelosund\/textsida-fullbredd\/snyggare-tryggare-okle\/farre-ansikten-i-hemtjansten\/"]}]},{"@type":"ImageObject","inLanguage":"sv-SE","@id":"https:\/\/wp.kristdemokraterna.se\/oxelosund\/textsida-fullbredd\/snyggare-tryggare-okle\/farre-ansikten-i-hemtjansten\/#primaryimage","url":"","contentUrl":""},{"@type":"BreadcrumbList","@id":"https:\/\/wp.kristdemokraterna.se\/oxelosund\/textsida-fullbredd\/snyggare-tryggare-okle\/farre-ansikten-i-hemtjansten\/#breadcrumb","itemListElement":[{"@type":"ListItem","position":1,"name":"Hem","item":"https:\/\/wp.kristdemokraterna.se\/oxelosund\/"},{"@type":"ListItem","position":2,"name":"V\u00e5ra f\u00f6rslag","item":"https:\/\/wp.kristdemokraterna.se\/oxelosund\/textsida-fullbredd\/"},{"@type":"ListItem","position":3,"name":"Snyggare tryggare Okle","item":"https:\/\/wp.kristdemokraterna.se\/oxelosund\/textsida-fullbredd\/snyggare-tryggare-okle\/"},{"@type":"ListItem","position":4,"name":"F\u00e4rre ansikten i hemtj\u00e4nsten"}]},{"@type":"WebSite","@id":"https:\/\/wp.kristdemokraterna.se\/oxelosund\/#website","url":"https:\/\/wp.kristdemokraterna.se\/oxelosund\/","name":"Kristdemokraterna | Oxel\u00f6sund","description":"Kuststaden i Hj\u00e4rtlandet","inLanguage":"sv-SE"}]}},"_links":{"self":[{"href":"https:\/\/wp.kristdemokraterna.se\/oxelosund\/wp-json\/wp\/v2\/pages\/778","targetHints":{"allow":["GET"]}}],"collection":[{"href":"https:\/\/wp.kristdemokraterna.se\/oxelosund\/wp-json\/wp\/v2\/pages"}],"about":[{"href":"https:\/\/wp.kristdemokraterna.se\/oxelosund\/wp-json\/wp\/v2\/types\/page"}],"author":[{"embeddable":true,"href":"https:\/\/wp.kristdemokraterna.se\/oxelosund\/wp-json\/wp\/v2\/users\/1005"}],"replies":[{"embeddable":true,"href":"https:\/\/wp.kristdemokraterna.se\/oxelosund\/wp-json\/wp\/v2\/comments?post=778"}],"version-history":[{"count":11,"href":"https:\/\/wp.kristdemokraterna.se\/oxelosund\/wp-json\/wp\/v2\/pages\/778\/revisions"}],"predecessor-version":[{"id":1481,"href":"https:\/\/wp.kristdemokraterna.se\/oxelosund\/wp-json\/wp\/v2\/pages\/778\/revisions\/1481"}],"up":[{"embeddable":true,"href":"https:\/\/wp.kristdemokraterna.se\/oxelosund\/wp-json\/wp\/v2\/pages\/742"}],"wp:featuredmedia":[{"embeddable":true,"href":"https:\/\/wp.kristdemokraterna.se\/oxelosund\/wp-json\/"}],"wp:attachment":[{"href":"https:\/\/wp.kristdemokraterna.se\/oxelosund\/wp-json\/wp\/v2\/media?parent=778"}],"curies":[{"name":"wp","href":"https:\/\/api.w.org\/{rel}","templated":true}]}}