{"id":804,"date":"2022-04-12T18:05:21","date_gmt":"2022-04-12T16:05:21","guid":{"rendered":"https:\/\/wp.kristdemokraterna.se\/oxelosund\/?page_id=804"},"modified":"2022-09-05T13:26:49","modified_gmt":"2022-09-05T11:26:49","slug":"skarvjakt-vid-boplatserna","status":"publish","type":"page","link":"https:\/\/wp.kristdemokraterna.se\/oxelosund\/textsida-fullbredd\/snyggare-tryggare-okle\/skarvjakt-vid-boplatserna\/","title":{"rendered":"Skarvjakt vid boplatserna"},"content":{"rendered":"<p>Vi vill till\u00e5ta skarvjakt vid boplatserna inom hela Oxel\u00f6sunds kommun, och d<span class=\"Apple-converted-space\">essutom underl\u00e4tta f\u00f6r pickning av \u00e4ggen.\u00a0<\/span>V\u00e5r fina kuststad ska prioritera sk\u00e4rg\u00e5rdens attraktionskraft. Sk\u00e4rg\u00e5rden skapar arbetstillf\u00e4llen f\u00f6r b\u00e5t-, fiskeri- och turismf\u00f6retag\u00a0och den betyder livskvalitet f\u00f6r b\u00e5de bes\u00f6kare och v\u00e5ra egna inv\u00e5nare.<\/p>\n<h2>Skarvjakt vid boplatserna \u00e4r n\u00f6dv\u00e4ndigt<\/h2>\n<p>Fr\u00e5ga vem som helst som r\u00f6r sig ute bland \u00f6arna&#8230; situationen har blivit oacceptabel. Skarvens fr\u00e4tande avf\u00f6ring f\u00f6rst\u00f6r den normala v\u00e4xtligheten.\u00a0Skarven tar ocks\u00e5 stora m\u00e4ngder \u00e5l, som \u00e4r en starkt hotad fisk. <em>En skarvkoloni med 1000 par \u00e4ter 1 ton fisk per dygn!\u00a0<\/em>Sverige utrotade skarven 1909 just f\u00f6r att den skadade fisket. Den kom dock tillbaka 1948 d\u00e5 andra l\u00e4nder runt \u00d6stersj\u00f6n hade fridlyst den. Idag skadar den fisket, v\u00e4xtligheten, turismen och hela upplevelsen av sk\u00e4rg\u00e5rden.<\/p>\n<div id=\"attachment_1063\" style=\"width: 310px\" class=\"wp-caption alignnone\"><a href=\"https:\/\/wp.kristdemokraterna.se\/oxelosund\/files\/2022\/07\/293580173_409420961217520_2219768576936025299_n-e1661976859270.jpg\"><img loading=\"lazy\" decoding=\"async\" aria-describedby=\"caption-attachment-1063\" class=\"size-medium wp-image-1063\" src=\"https:\/\/wp.kristdemokraterna.se\/oxelosund\/files\/2022\/07\/293580173_409420961217520_2219768576936025299_n-300x236.jpg\" alt=\"Bild p\u00e5 en skarv som st\u00e5r p\u00e5 en stolpe med utf\u00e4llda vingar. Oskarp gr\u00f6n vegetation i bakgrunden. Rubriken i bilden syftar p\u00e5 skarvjakt vid boplatserna, som g\u00f6r f\u00e5geln uppr\u00f6rd.\" width=\"300\" height=\"236\" \/><\/a><p id=\"caption-attachment-1063\" class=\"wp-caption-text\"><em>V\u00e5rt f\u00f6rslag om fri skarvjakt vid boplatserna har v\u00e4ckt vrede bland vissa&#8230;<\/em><\/p><\/div>\n<h2>Skottpengar p\u00e5 s\u00e4l h\u00f6r ihop med skarvjakt<\/h2>\n<div class=\"page\" title=\"Page 15\">\n<div class=\"layoutArea\">\n<div class=\"column\">\n<p>S\u00e4len \u00e4r ett lika stort mot det kustn\u00e4ra fisket som skarven. B\u00e5de s\u00e4len och skarven fiskar s\u00e5 intensivt att de t\u00f6mmer fiskebest\u00e5nden p\u00e5 sina platser och omr\u00e5den. Sen hamnar de i sj\u00e4lvf\u00f6rv\u00e5llad sv\u00e4lt. D\u00e4rf\u00f6r beh\u00f6ver vi ge \u00e4ven s\u00e4ljakten b\u00e4ttre f\u00f6ruts\u00e4ttningar: KD vill inf\u00f6ra skottpeng p\u00e5 s\u00e4l och bidrag fo\u0308r att destruera skjutna sa\u0308lar.<\/p>\n<p>L\u00e4s mer h\u00e4r om Kristdemokraternas politik f\u00f6r <a href=\"https:\/\/kristdemokraterna.se\/var-politik\/vara-viktigaste-fragor\/hela-sverige-ska-fungera\">&#8221;Hj\u00e4rtlandet&#8221;<\/a><\/p>\n<\/div>\n<\/div>\n<\/div>\n","protected":false},"excerpt":{"rendered":"<p>Vi vill till\u00e5ta skarvjakt vid boplatserna inom hela Oxel\u00f6sunds kommun, och dessutom underl\u00e4tta f\u00f6r pickning av \u00e4ggen.\u00a0V\u00e5r fina kuststad ska prioritera sk\u00e4rg\u00e5rdens attraktionskraft. Sk\u00e4rg\u00e5rden skapar arbetstillf\u00e4llen f\u00f6r b\u00e5t-, fiskeri- och turismf\u00f6retag\u00a0och den betyder livskvalitet f\u00f6r b\u00e5de bes\u00f6kare och v\u00e5ra egna inv\u00e5nare. Skarvjakt vid boplatserna \u00e4r n\u00f6dv\u00e4ndigt Fr\u00e5ga vem som helst som r\u00f6r sig ute bland <a class=\"read-more-link\" href=\"https:\/\/wp.kristdemokraterna.se\/oxelosund\/textsida-fullbredd\/snyggare-tryggare-okle\/skarvjakt-vid-boplatserna\/\">L\u00e4s mer<\/a><\/p>\n","protected":false},"author":1005,"featured_media":714,"parent":742,"menu_order":0,"comment_status":"closed","ping_status":"closed","template":"","meta":{"_acf_changed":false,"footnotes":""},"class_list":["post-804","page","type-page","status-publish","hentry"],"acf":[],"yoast_head":"<!-- This site is optimized with the Yoast SEO plugin v27.4 - https:\/\/yoast.com\/product\/yoast-seo-wordpress\/ -->\n<title>Skarvjakt vid boplatserna - Kristdemokraterna | Oxel\u00f6sund<\/title>\n<meta name=\"description\" content=\"Vi vill till\u00e5ta skarvjakt vid boplatserna, samt underl\u00e4tta pickning av \u00e4ggen. V\u00e5r fina kuststad ska prioritera sk\u00e4rg\u00e5rdens attraktionskraft.\" \/>\n<meta name=\"robots\" content=\"index, follow, max-snippet:-1, max-image-preview:large, max-video-preview:-1\" \/>\n<link rel=\"canonical\" href=\"https:\/\/wp.kristdemokraterna.se\/oxelosund\/textsida-fullbredd\/snyggare-tryggare-okle\/skarvjakt-vid-boplatserna\/\" \/>\n<meta property=\"og:locale\" content=\"sv_SE\" \/>\n<meta property=\"og:type\" content=\"article\" \/>\n<meta property=\"og:title\" content=\"Skarvjakt vid boplatserna - Kristdemokraterna | Oxel\u00f6sund\" \/>\n<meta property=\"og:description\" content=\"Vi vill till\u00e5ta skarvjakt vid boplatserna, samt underl\u00e4tta pickning av \u00e4ggen. V\u00e5r fina kuststad ska prioritera sk\u00e4rg\u00e5rdens attraktionskraft.\" \/>\n<meta property=\"og:url\" content=\"https:\/\/wp.kristdemokraterna.se\/oxelosund\/textsida-fullbredd\/snyggare-tryggare-okle\/skarvjakt-vid-boplatserna\/\" \/>\n<meta property=\"og:site_name\" content=\"Kristdemokraterna | Oxel\u00f6sund\" \/>\n<meta property=\"article:modified_time\" content=\"2022-09-05T11:26:49+00:00\" \/>\n<meta property=\"og:image\" content=\"https:\/\/wp.kristdemokraterna.se\/oxelosund\/files\/2022\/07\/293580173_409420961217520_2219768576936025299_n-300x236.jpg\" \/>\n<meta name=\"twitter:card\" content=\"summary_large_image\" \/>\n<meta name=\"twitter:label1\" content=\"Ber\u00e4knad l\u00e4stid\" \/>\n\t<meta name=\"twitter:data1\" content=\"1 minut\" \/>\n<script type=\"application\/ld+json\" class=\"yoast-schema-graph\">{\"@context\":\"https:\\\/\\\/schema.org\",\"@graph\":[{\"@type\":\"WebPage\",\"@id\":\"https:\\\/\\\/wp.kristdemokraterna.se\\\/oxelosund\\\/textsida-fullbredd\\\/snyggare-tryggare-okle\\\/skarvjakt-vid-boplatserna\\\/\",\"url\":\"https:\\\/\\\/wp.kristdemokraterna.se\\\/oxelosund\\\/textsida-fullbredd\\\/snyggare-tryggare-okle\\\/skarvjakt-vid-boplatserna\\\/\",\"name\":\"Skarvjakt vid boplatserna - Kristdemokraterna | Oxel\u00f6sund\",\"isPartOf\":{\"@id\":\"https:\\\/\\\/wp.kristdemokraterna.se\\\/oxelosund\\\/#website\"},\"primaryImageOfPage\":{\"@id\":\"https:\\\/\\\/wp.kristdemokraterna.se\\\/oxelosund\\\/textsida-fullbredd\\\/snyggare-tryggare-okle\\\/skarvjakt-vid-boplatserna\\\/#primaryimage\"},\"image\":{\"@id\":\"https:\\\/\\\/wp.kristdemokraterna.se\\\/oxelosund\\\/textsida-fullbredd\\\/snyggare-tryggare-okle\\\/skarvjakt-vid-boplatserna\\\/#primaryimage\"},\"thumbnailUrl\":\"\",\"datePublished\":\"2022-04-12T16:05:21+00:00\",\"dateModified\":\"2022-09-05T11:26:49+00:00\",\"description\":\"Vi vill till\u00e5ta skarvjakt vid boplatserna, samt underl\u00e4tta pickning av \u00e4ggen. V\u00e5r fina kuststad ska prioritera sk\u00e4rg\u00e5rdens attraktionskraft.\",\"breadcrumb\":{\"@id\":\"https:\\\/\\\/wp.kristdemokraterna.se\\\/oxelosund\\\/textsida-fullbredd\\\/snyggare-tryggare-okle\\\/skarvjakt-vid-boplatserna\\\/#breadcrumb\"},\"inLanguage\":\"sv-SE\",\"potentialAction\":[{\"@type\":\"ReadAction\",\"target\":[\"https:\\\/\\\/wp.kristdemokraterna.se\\\/oxelosund\\\/textsida-fullbredd\\\/snyggare-tryggare-okle\\\/skarvjakt-vid-boplatserna\\\/\"]}]},{\"@type\":\"ImageObject\",\"inLanguage\":\"sv-SE\",\"@id\":\"https:\\\/\\\/wp.kristdemokraterna.se\\\/oxelosund\\\/textsida-fullbredd\\\/snyggare-tryggare-okle\\\/skarvjakt-vid-boplatserna\\\/#primaryimage\",\"url\":\"\",\"contentUrl\":\"\"},{\"@type\":\"BreadcrumbList\",\"@id\":\"https:\\\/\\\/wp.kristdemokraterna.se\\\/oxelosund\\\/textsida-fullbredd\\\/snyggare-tryggare-okle\\\/skarvjakt-vid-boplatserna\\\/#breadcrumb\",\"itemListElement\":[{\"@type\":\"ListItem\",\"position\":1,\"name\":\"Hem\",\"item\":\"https:\\\/\\\/wp.kristdemokraterna.se\\\/oxelosund\\\/\"},{\"@type\":\"ListItem\",\"position\":2,\"name\":\"V\u00e5ra f\u00f6rslag\",\"item\":\"https:\\\/\\\/wp.kristdemokraterna.se\\\/oxelosund\\\/textsida-fullbredd\\\/\"},{\"@type\":\"ListItem\",\"position\":3,\"name\":\"Snyggare tryggare Okle\",\"item\":\"https:\\\/\\\/wp.kristdemokraterna.se\\\/oxelosund\\\/textsida-fullbredd\\\/snyggare-tryggare-okle\\\/\"},{\"@type\":\"ListItem\",\"position\":4,\"name\":\"Skarvjakt vid boplatserna\"}]},{\"@type\":\"WebSite\",\"@id\":\"https:\\\/\\\/wp.kristdemokraterna.se\\\/oxelosund\\\/#website\",\"url\":\"https:\\\/\\\/wp.kristdemokraterna.se\\\/oxelosund\\\/\",\"name\":\"Kristdemokraterna | Oxel\u00f6sund\",\"description\":\"Kuststaden i Hj\u00e4rtlandet\",\"inLanguage\":\"sv-SE\"}]}<\/script>\n<!-- \/ Yoast SEO plugin. -->","yoast_head_json":{"title":"Skarvjakt vid boplatserna - Kristdemokraterna | Oxel\u00f6sund","description":"Vi vill till\u00e5ta skarvjakt vid boplatserna, samt underl\u00e4tta pickning av \u00e4ggen. V\u00e5r fina kuststad ska prioritera sk\u00e4rg\u00e5rdens attraktionskraft.","robots":{"index":"index","follow":"follow","max-snippet":"max-snippet:-1","max-image-preview":"max-image-preview:large","max-video-preview":"max-video-preview:-1"},"canonical":"https:\/\/wp.kristdemokraterna.se\/oxelosund\/textsida-fullbredd\/snyggare-tryggare-okle\/skarvjakt-vid-boplatserna\/","og_locale":"sv_SE","og_type":"article","og_title":"Skarvjakt vid boplatserna - Kristdemokraterna | Oxel\u00f6sund","og_description":"Vi vill till\u00e5ta skarvjakt vid boplatserna, samt underl\u00e4tta pickning av \u00e4ggen. V\u00e5r fina kuststad ska prioritera sk\u00e4rg\u00e5rdens attraktionskraft.","og_url":"https:\/\/wp.kristdemokraterna.se\/oxelosund\/textsida-fullbredd\/snyggare-tryggare-okle\/skarvjakt-vid-boplatserna\/","og_site_name":"Kristdemokraterna | Oxel\u00f6sund","article_modified_time":"2022-09-05T11:26:49+00:00","og_image":[{"url":"https:\/\/wp.kristdemokraterna.se\/oxelosund\/files\/2022\/07\/293580173_409420961217520_2219768576936025299_n-300x236.jpg","type":"","width":"","height":""}],"twitter_card":"summary_large_image","twitter_misc":{"Ber\u00e4knad l\u00e4stid":"1 minut"},"schema":{"@context":"https:\/\/schema.org","@graph":[{"@type":"WebPage","@id":"https:\/\/wp.kristdemokraterna.se\/oxelosund\/textsida-fullbredd\/snyggare-tryggare-okle\/skarvjakt-vid-boplatserna\/","url":"https:\/\/wp.kristdemokraterna.se\/oxelosund\/textsida-fullbredd\/snyggare-tryggare-okle\/skarvjakt-vid-boplatserna\/","name":"Skarvjakt vid boplatserna - Kristdemokraterna | Oxel\u00f6sund","isPartOf":{"@id":"https:\/\/wp.kristdemokraterna.se\/oxelosund\/#website"},"primaryImageOfPage":{"@id":"https:\/\/wp.kristdemokraterna.se\/oxelosund\/textsida-fullbredd\/snyggare-tryggare-okle\/skarvjakt-vid-boplatserna\/#primaryimage"},"image":{"@id":"https:\/\/wp.kristdemokraterna.se\/oxelosund\/textsida-fullbredd\/snyggare-tryggare-okle\/skarvjakt-vid-boplatserna\/#primaryimage"},"thumbnailUrl":"","datePublished":"2022-04-12T16:05:21+00:00","dateModified":"2022-09-05T11:26:49+00:00","description":"Vi vill till\u00e5ta skarvjakt vid boplatserna, samt underl\u00e4tta pickning av \u00e4ggen. V\u00e5r fina kuststad ska prioritera sk\u00e4rg\u00e5rdens attraktionskraft.","breadcrumb":{"@id":"https:\/\/wp.kristdemokraterna.se\/oxelosund\/textsida-fullbredd\/snyggare-tryggare-okle\/skarvjakt-vid-boplatserna\/#breadcrumb"},"inLanguage":"sv-SE","potentialAction":[{"@type":"ReadAction","target":["https:\/\/wp.kristdemokraterna.se\/oxelosund\/textsida-fullbredd\/snyggare-tryggare-okle\/skarvjakt-vid-boplatserna\/"]}]},{"@type":"ImageObject","inLanguage":"sv-SE","@id":"https:\/\/wp.kristdemokraterna.se\/oxelosund\/textsida-fullbredd\/snyggare-tryggare-okle\/skarvjakt-vid-boplatserna\/#primaryimage","url":"","contentUrl":""},{"@type":"BreadcrumbList","@id":"https:\/\/wp.kristdemokraterna.se\/oxelosund\/textsida-fullbredd\/snyggare-tryggare-okle\/skarvjakt-vid-boplatserna\/#breadcrumb","itemListElement":[{"@type":"ListItem","position":1,"name":"Hem","item":"https:\/\/wp.kristdemokraterna.se\/oxelosund\/"},{"@type":"ListItem","position":2,"name":"V\u00e5ra f\u00f6rslag","item":"https:\/\/wp.kristdemokraterna.se\/oxelosund\/textsida-fullbredd\/"},{"@type":"ListItem","position":3,"name":"Snyggare tryggare Okle","item":"https:\/\/wp.kristdemokraterna.se\/oxelosund\/textsida-fullbredd\/snyggare-tryggare-okle\/"},{"@type":"ListItem","position":4,"name":"Skarvjakt vid boplatserna"}]},{"@type":"WebSite","@id":"https:\/\/wp.kristdemokraterna.se\/oxelosund\/#website","url":"https:\/\/wp.kristdemokraterna.se\/oxelosund\/","name":"Kristdemokraterna | Oxel\u00f6sund","description":"Kuststaden i Hj\u00e4rtlandet","inLanguage":"sv-SE"}]}},"_links":{"self":[{"href":"https:\/\/wp.kristdemokraterna.se\/oxelosund\/wp-json\/wp\/v2\/pages\/804","targetHints":{"allow":["GET"]}}],"collection":[{"href":"https:\/\/wp.kristdemokraterna.se\/oxelosund\/wp-json\/wp\/v2\/pages"}],"about":[{"href":"https:\/\/wp.kristdemokraterna.se\/oxelosund\/wp-json\/wp\/v2\/types\/page"}],"author":[{"embeddable":true,"href":"https:\/\/wp.kristdemokraterna.se\/oxelosund\/wp-json\/wp\/v2\/users\/1005"}],"replies":[{"embeddable":true,"href":"https:\/\/wp.kristdemokraterna.se\/oxelosund\/wp-json\/wp\/v2\/comments?post=804"}],"version-history":[{"count":12,"href":"https:\/\/wp.kristdemokraterna.se\/oxelosund\/wp-json\/wp\/v2\/pages\/804\/revisions"}],"predecessor-version":[{"id":1174,"href":"https:\/\/wp.kristdemokraterna.se\/oxelosund\/wp-json\/wp\/v2\/pages\/804\/revisions\/1174"}],"up":[{"embeddable":true,"href":"https:\/\/wp.kristdemokraterna.se\/oxelosund\/wp-json\/wp\/v2\/pages\/742"}],"wp:featuredmedia":[{"embeddable":true,"href":"https:\/\/wp.kristdemokraterna.se\/oxelosund\/wp-json\/"}],"wp:attachment":[{"href":"https:\/\/wp.kristdemokraterna.se\/oxelosund\/wp-json\/wp\/v2\/media?parent=804"}],"curies":[{"name":"wp","href":"https:\/\/api.w.org\/{rel}","templated":true}]}}