{"version":"1.0","provider_name":"i Region \u00d6sterg\u00f6tland","provider_url":"https:\/\/wp.kristdemokraterna.se\/regionostergotland","title":"Koalitionen utan svar om k\u00f6erna - i Region \u00d6sterg\u00f6tland","type":"rich","width":600,"height":338,"html":"<blockquote class=\"wp-embedded-content\" data-secret=\"6i4k6iq2Jh\"><a href=\"https:\/\/wp.kristdemokraterna.se\/regionostergotland\/koalitionen-utan-svar-om-koerna\/\">Koalitionen utan svar om k\u00f6erna<\/a><\/blockquote><iframe sandbox=\"allow-scripts\" security=\"restricted\" src=\"https:\/\/wp.kristdemokraterna.se\/regionostergotland\/koalitionen-utan-svar-om-koerna\/embed\/#?secret=6i4k6iq2Jh\" width=\"600\" height=\"338\" title=\"\u201dKoalitionen utan svar om k\u00f6erna\u201d &ndash; i Region \u00d6sterg\u00f6tland\" data-secret=\"6i4k6iq2Jh\" frameborder=\"0\" marginwidth=\"0\" marginheight=\"0\" scrolling=\"no\" class=\"wp-embedded-content\"><\/iframe><script type=\"text\/javascript\">\n\/* <![CDATA[ *\/\n\/*! This file is auto-generated *\/\n!function(d,l){\"use strict\";l.querySelector&&d.addEventListener&&\"undefined\"!=typeof URL&&(d.wp=d.wp||{},d.wp.receiveEmbedMessage||(d.wp.receiveEmbedMessage=function(e){var t=e.data;if((t||t.secret||t.message||t.value)&&!\/[^a-zA-Z0-9]\/.test(t.secret)){for(var s,r,n,a=l.querySelectorAll('iframe[data-secret=\"'+t.secret+'\"]'),o=l.querySelectorAll('blockquote[data-secret=\"'+t.secret+'\"]'),c=new RegExp(\"^https?:$\",\"i\"),i=0;i<o.length;i++)o[i].style.display=\"none\";for(i=0;i<a.length;i++)s=a[i],e.source===s.contentWindow&&(s.removeAttribute(\"style\"),\"height\"===t.message?(1e3<(r=parseInt(t.value,10))?r=1e3:~~r<200&&(r=200),s.height=r):\"link\"===t.message&&(r=new URL(s.getAttribute(\"src\")),n=new URL(t.value),c.test(n.protocol))&&n.host===r.host&&l.activeElement===s&&(d.top.location.href=t.value))}},d.addEventListener(\"message\",d.wp.receiveEmbedMessage,!1),l.addEventListener(\"DOMContentLoaded\",function(){for(var e,t,s=l.querySelectorAll(\"iframe.wp-embedded-content\"),r=0;r<s.length;r++)(t=(e=s[r]).getAttribute(\"data-secret\"))||(t=Math.random().toString(36).substring(2,12),e.src+=\"#?secret=\"+t,e.setAttribute(\"data-secret\",t)),e.contentWindow.postMessage({message:\"ready\",secret:t},\"*\")},!1)))}(window,document);\n\/\/# sourceURL=https:\/\/wp.kristdemokraterna.se\/regionostergotland\/wp-includes\/js\/wp-embed.min.js\n\/* ]]> *\/\n<\/script>\n","thumbnail_url":"https:\/\/wp.kristdemokraterna.se\/regionostergotland\/files\/2019\/04\/eb74f89e-5efe-46ce-8770-d67c645ec6fa.jpeg","thumbnail_width":2737,"thumbnail_height":1940,"description":"Idag ger Per Larsson (KD), Marie Morell (M) och Fredrik Sj\u00f6strand (M) en slutreplik p\u00e5 \u201dV\u00e5rden ska finnas n\u00e4ra \u00f6stg\u00f6tarna\u201d (24\/8). I v\u00e5rt inl\u00e4gg \u201dV\u00e5rdk\u00f6erna m\u00e5ste bort\u201d (19\/8) st\u00e4llde vi tv\u00e5 fr\u00e5gor till den styrande koalitionen (S, C, L och MP). Fr\u00e5gorna l\u00f6d; &#8211; Hur ska ni kapa v\u00e5rdk\u00f6erna? &#8211; N\u00e4r kan vi f\u00f6rv\u00e4nta oss Read More"}

i Region Östergötland

Koalitionen utan svar om köerna - i Region Östergötland

<blockquote class="wp-embedded-content" data-secret="6i4k6iq2Jh"><a href="https://wp.kristdemokraterna.se/regionostergotland/koalitionen-utan-svar-om-koerna/">Koalitionen utan svar om köerna</a></blockquote><iframe sandbox="allow-scripts" security="restricted" src="https://wp.kristdemokraterna.se/regionostergotland/koalitionen-utan-svar-om-koerna/embed/#?secret=6i4k6iq2Jh" width="600" height="338" title="”Koalitionen utan svar om köerna” &ndash; i Region Östergötland" data-secret="6i4k6iq2Jh" frameborder="0" marginwidth="0" marginheight="0" scrolling="no" class="wp-embedded-content"></iframe><script type="text/javascript">
/* <![CDATA[ */
/*! This file is auto-generated */
!function(d,l){"use strict";l.querySelector&&d.addEventListener&&"undefined"!=typeof URL&&(d.wp=d.wp||{},d.wp.receiveEmbedMessage||(d.wp.receiveEmbedMessage=function(e){var t=e.data;if((t||t.secret||t.message||t.value)&&!/[^a-zA-Z0-9]/.test(t.secret)){for(var s,r,n,a=l.querySelectorAll('iframe[data-secret="'+t.secret+'"]'),o=l.querySelectorAll('blockquote[data-secret="'+t.secret+'"]'),c=new RegExp("^https?:$","i"),i=0;i<o.length;i++)o[i].style.display="none";for(i=0;i<a.length;i++)s=a[i],e.source===s.contentWindow&&(s.removeAttribute("style"),"height"===t.message?(1e3<(r=parseInt(t.value,10))?r=1e3:~~r<200&&(r=200),s.height=r):"link"===t.message&&(r=new URL(s.getAttribute("src")),n=new URL(t.value),c.test(n.protocol))&&n.host===r.host&&l.activeElement===s&&(d.top.location.href=t.value))}},d.addEventListener("message",d.wp.receiveEmbedMessage,!1),l.addEventListener("DOMContentLoaded",function(){for(var e,t,s=l.querySelectorAll("iframe.wp-embedded-content"),r=0;r<s.length;r++)(t=(e=s[r]).getAttribute("data-secret"))||(t=Math.random().toString(36).substring(2,12),e.src+="#?secret="+t,e.setAttribute("data-secret",t)),e.contentWindow.postMessage({message:"ready",secret:t},"*")},!1)))}(window,document);
//# sourceURL=https://wp.kristdemokraterna.se/regionostergotland/wp-includes/js/wp-embed.min.js
/* ]]> */
</script>

Idag ger Per Larsson (KD), Marie Morell (M) och Fredrik Sjöstrand (M) en slutreplik på ”Vården ska finnas nära östgötarna” (24/8). I vårt inlägg ”Vårdköerna måste bort” (19/8) ställde vi två frågor till den styrande koalitionen (S, C, L och MP). Frågorna löd; &#8211; Hur ska ni kapa vårdköerna? &#8211; När kan vi förvänta oss Read More
