{"version":"1.0","provider_name":"i Region \u00d6sterg\u00f6tland","provider_url":"https:\/\/wp.kristdemokraterna.se\/regionostergotland","title":"Nyhetsbrev vecka 48 - i Region \u00d6sterg\u00f6tland","type":"rich","width":600,"height":338,"html":"<blockquote class=\"wp-embedded-content\" data-secret=\"uB6PWSsN60\"><a href=\"https:\/\/wp.kristdemokraterna.se\/regionostergotland\/nyhetsbrev-vecka-48-6\/\">Nyhetsbrev vecka 48<\/a><\/blockquote><iframe sandbox=\"allow-scripts\" security=\"restricted\" src=\"https:\/\/wp.kristdemokraterna.se\/regionostergotland\/nyhetsbrev-vecka-48-6\/embed\/#?secret=uB6PWSsN60\" width=\"600\" height=\"338\" title=\"\u201dNyhetsbrev vecka 48\u201d &ndash; i Region \u00d6sterg\u00f6tland\" data-secret=\"uB6PWSsN60\" frameborder=\"0\" marginwidth=\"0\" marginheight=\"0\" scrolling=\"no\" class=\"wp-embedded-content\"><\/iframe><script type=\"text\/javascript\">\n\/* <![CDATA[ *\/\n\/*! This file is auto-generated *\/\n!function(d,l){\"use strict\";l.querySelector&&d.addEventListener&&\"undefined\"!=typeof URL&&(d.wp=d.wp||{},d.wp.receiveEmbedMessage||(d.wp.receiveEmbedMessage=function(e){var t=e.data;if((t||t.secret||t.message||t.value)&&!\/[^a-zA-Z0-9]\/.test(t.secret)){for(var s,r,n,a=l.querySelectorAll('iframe[data-secret=\"'+t.secret+'\"]'),o=l.querySelectorAll('blockquote[data-secret=\"'+t.secret+'\"]'),c=new RegExp(\"^https?:$\",\"i\"),i=0;i<o.length;i++)o[i].style.display=\"none\";for(i=0;i<a.length;i++)s=a[i],e.source===s.contentWindow&&(s.removeAttribute(\"style\"),\"height\"===t.message?(1e3<(r=parseInt(t.value,10))?r=1e3:~~r<200&&(r=200),s.height=r):\"link\"===t.message&&(r=new URL(s.getAttribute(\"src\")),n=new URL(t.value),c.test(n.protocol))&&n.host===r.host&&l.activeElement===s&&(d.top.location.href=t.value))}},d.addEventListener(\"message\",d.wp.receiveEmbedMessage,!1),l.addEventListener(\"DOMContentLoaded\",function(){for(var e,t,s=l.querySelectorAll(\"iframe.wp-embedded-content\"),r=0;r<s.length;r++)(t=(e=s[r]).getAttribute(\"data-secret\"))||(t=Math.random().toString(36).substring(2,12),e.src+=\"#?secret=\"+t,e.setAttribute(\"data-secret\",t)),e.contentWindow.postMessage({message:\"ready\",secret:t},\"*\")},!1)))}(window,document);\n\/\/# sourceURL=https:\/\/wp.kristdemokraterna.se\/regionostergotland\/wp-includes\/js\/wp-embed.min.js\n\/* ]]> *\/\n<\/script>\n","description":"Hej! Vi \u00e4r inne i december m\u00e5nad och inte bara \u00e5ret utan ocks\u00e5 mandatperioden n\u00e4rmar sig sitt slut. Det \u00e4r flera m\u00f6ten som \u00e4r &#8217;mandatperiodens sista&#8217; och det \u00e4r julavslutningar med avtackning av f\u00f6rtroendevalda som inte forts\u00e4tter n\u00e4sta mandatperiod. Det \u00e4r alltid speciella tider, men s\u00e4rskilt \u00e4r det f\u00f6rst\u00e5s f\u00f6r oss som efter \u00e5rsskiftet, d\u00e5 Read More","thumbnail_url":"http:\/\/wp.kristdemokraterna.se\/regionostergotland\/files\/2022\/12\/bild-nyhetsbrev-2022-vecka-48-1024x533.jpg","thumbnail_width":1024,"thumbnail_height":533}

i Region Östergötland

Nyhetsbrev vecka 48 - i Region Östergötland

<blockquote class="wp-embedded-content" data-secret="uB6PWSsN60"><a href="https://wp.kristdemokraterna.se/regionostergotland/nyhetsbrev-vecka-48-6/">Nyhetsbrev vecka 48</a></blockquote><iframe sandbox="allow-scripts" security="restricted" src="https://wp.kristdemokraterna.se/regionostergotland/nyhetsbrev-vecka-48-6/embed/#?secret=uB6PWSsN60" width="600" height="338" title="”Nyhetsbrev vecka 48” &ndash; i Region Östergötland" data-secret="uB6PWSsN60" frameborder="0" marginwidth="0" marginheight="0" scrolling="no" class="wp-embedded-content"></iframe><script type="text/javascript">
/* <![CDATA[ */
/*! This file is auto-generated */
!function(d,l){"use strict";l.querySelector&&d.addEventListener&&"undefined"!=typeof URL&&(d.wp=d.wp||{},d.wp.receiveEmbedMessage||(d.wp.receiveEmbedMessage=function(e){var t=e.data;if((t||t.secret||t.message||t.value)&&!/[^a-zA-Z0-9]/.test(t.secret)){for(var s,r,n,a=l.querySelectorAll('iframe[data-secret="'+t.secret+'"]'),o=l.querySelectorAll('blockquote[data-secret="'+t.secret+'"]'),c=new RegExp("^https?:$","i"),i=0;i<o.length;i++)o[i].style.display="none";for(i=0;i<a.length;i++)s=a[i],e.source===s.contentWindow&&(s.removeAttribute("style"),"height"===t.message?(1e3<(r=parseInt(t.value,10))?r=1e3:~~r<200&&(r=200),s.height=r):"link"===t.message&&(r=new URL(s.getAttribute("src")),n=new URL(t.value),c.test(n.protocol))&&n.host===r.host&&l.activeElement===s&&(d.top.location.href=t.value))}},d.addEventListener("message",d.wp.receiveEmbedMessage,!1),l.addEventListener("DOMContentLoaded",function(){for(var e,t,s=l.querySelectorAll("iframe.wp-embedded-content"),r=0;r<s.length;r++)(t=(e=s[r]).getAttribute("data-secret"))||(t=Math.random().toString(36).substring(2,12),e.src+="#?secret="+t,e.setAttribute("data-secret",t)),e.contentWindow.postMessage({message:"ready",secret:t},"*")},!1)))}(window,document);
//# sourceURL=https://wp.kristdemokraterna.se/regionostergotland/wp-includes/js/wp-embed.min.js
/* ]]> */
</script>

Hej! Vi är inne i december månad och inte bara året utan också mandatperioden närmar sig sitt slut. Det är flera möten som är &#8217;mandatperiodens sista&#8217; och det är julavslutningar med avtackning av förtroendevalda som inte fortsätter nästa mandatperiod. Det är alltid speciella tider, men särskilt är det förstås för oss som efter årsskiftet, då Read More
