{"id":691,"date":"2018-04-12T11:09:43","date_gmt":"2018-04-12T09:09:43","guid":{"rendered":"http:\/\/wp.kristdemokraterna.se\/regionostergotland\/?page_id=691"},"modified":"2022-05-03T14:31:13","modified_gmt":"2022-05-03T12:31:13","slug":"regionalt-valprogram-2022-2026","status":"publish","type":"page","link":"https:\/\/wp.kristdemokraterna.se\/regionostergotland\/var-politik\/regionalt-valprogram-2022-2026\/","title":{"rendered":"Regionalt valprogram 2022-2026"},"content":{"rendered":"<p><strong>KRISTDEMOKRATERNA \u00c4R REDO ATT STYRA REGION \u00d6STERG\u00d6TLAND<\/strong><\/p>\n<p>I Kristdemokraternas regionala valprogram 2022-2026 finns en m\u00e4ngd konkreta f\u00f6rslag f\u00f6r att f\u00f6rb\u00e4ttra tillg\u00e4ngligheten inom h\u00e4lso- och sjukv\u00e5rden och utveckla en kollektivtrafik som knyter ihop l\u00e4net. Tillsammans med f\u00f6rslag inom kultur, bes\u00f6ksn\u00e4ring, n\u00e4ringsliv och utbildning \u00e4r vi redo att styra Region \u00d6sterg\u00f6tland \u2013 igen!<\/p>\n<p><a href=\"http:\/\/wp.kristdemokraterna.se\/regionostergotland\/files\/2022\/04\/valprogram2022-2026.pdf\" target=\"_blank\" rel=\"noopener\"><img loading=\"lazy\" decoding=\"async\" class=\"alignnone size-medium wp-image-1840\" src=\"http:\/\/wp.kristdemokraterna.se\/regionostergotland\/files\/2022\/04\/omslag-redo-att-styra-ro-1-212x300.jpg\" alt=\"\" width=\"212\" height=\"300\" srcset=\"https:\/\/wp.kristdemokraterna.se\/regionostergotland\/files\/2022\/04\/omslag-redo-att-styra-ro-1-212x300.jpg 212w, https:\/\/wp.kristdemokraterna.se\/regionostergotland\/files\/2022\/04\/omslag-redo-att-styra-ro-1-141x200.jpg 141w, https:\/\/wp.kristdemokraterna.se\/regionostergotland\/files\/2022\/04\/omslag-redo-att-styra-ro-1-370x524.jpg 370w, https:\/\/wp.kristdemokraterna.se\/regionostergotland\/files\/2022\/04\/omslag-redo-att-styra-ro-1-450x637.jpg 450w, https:\/\/wp.kristdemokraterna.se\/regionostergotland\/files\/2022\/04\/omslag-redo-att-styra-ro-1-280x396.jpg 280w, https:\/\/wp.kristdemokraterna.se\/regionostergotland\/files\/2022\/04\/omslag-redo-att-styra-ro-1-340x481.jpg 340w, https:\/\/wp.kristdemokraterna.se\/regionostergotland\/files\/2022\/04\/omslag-redo-att-styra-ro-1-40x56.jpg 40w, https:\/\/wp.kristdemokraterna.se\/regionostergotland\/files\/2022\/04\/omslag-redo-att-styra-ro-1.jpg 595w\" sizes=\"auto, (max-width: 212px) 100vw, 212px\" \/><\/a><\/p>\n<p><a href=\"http:\/\/wp.kristdemokraterna.se\/regionostergotland\/files\/2022\/04\/valprogram2022-2026.pdf\" target=\"_blank\" rel=\"noopener\">Valprogram2022-2026<\/a><\/p>\n","protected":false},"excerpt":{"rendered":"<p>KRISTDEMOKRATERNA \u00c4R REDO ATT STYRA REGION \u00d6STERG\u00d6TLAND I Kristdemokraternas regionala valprogram 2022-2026 finns en m\u00e4ngd konkreta f\u00f6rslag f\u00f6r att f\u00f6rb\u00e4ttra tillg\u00e4ngligheten inom h\u00e4lso- och sjukv\u00e5rden och utveckla en kollektivtrafik som knyter ihop l\u00e4net. Tillsammans med f\u00f6rslag inom kultur, bes\u00f6ksn\u00e4ring, n\u00e4ringsliv och utbildning \u00e4r vi redo att styra Region \u00d6sterg\u00f6tland \u2013 igen! Valprogram2022-2026<\/p>\n","protected":false},"author":737,"featured_media":0,"parent":37,"menu_order":2,"comment_status":"closed","ping_status":"closed","template":"","meta":{"_acf_changed":false,"footnotes":""},"class_list":["post-691","page","type-page","status-publish","hentry"],"acf":[],"yoast_head":"<!-- This site is optimized with the Yoast SEO plugin v27.4 - https:\/\/yoast.com\/product\/yoast-seo-wordpress\/ -->\n<title>Regionalt valprogram 2022-2026 - i Region \u00d6sterg\u00f6tland<\/title>\n<meta name=\"robots\" content=\"index, follow, max-snippet:-1, max-image-preview:large, max-video-preview:-1\" \/>\n<link rel=\"canonical\" href=\"https:\/\/wp.kristdemokraterna.se\/regionostergotland\/var-politik\/regionalt-valprogram-2022-2026\/\" \/>\n<meta property=\"og:locale\" content=\"sv_SE\" \/>\n<meta property=\"og:type\" content=\"article\" \/>\n<meta property=\"og:title\" content=\"Regionalt valprogram 2022-2026 - i Region \u00d6sterg\u00f6tland\" \/>\n<meta property=\"og:description\" content=\"KRISTDEMOKRATERNA \u00c4R REDO ATT STYRA REGION \u00d6STERG\u00d6TLAND I Kristdemokraternas regionala valprogram 2022-2026 finns en m\u00e4ngd konkreta f\u00f6rslag f\u00f6r att f\u00f6rb\u00e4ttra tillg\u00e4ngligheten inom h\u00e4lso- och sjukv\u00e5rden och utveckla en kollektivtrafik som knyter ihop l\u00e4net. Tillsammans med f\u00f6rslag inom kultur, bes\u00f6ksn\u00e4ring, n\u00e4ringsliv och utbildning \u00e4r vi redo att styra Region \u00d6sterg\u00f6tland \u2013 igen! Valprogram2022-2026\" \/>\n<meta property=\"og:url\" content=\"https:\/\/wp.kristdemokraterna.se\/regionostergotland\/var-politik\/regionalt-valprogram-2022-2026\/\" \/>\n<meta property=\"og:site_name\" content=\"i Region \u00d6sterg\u00f6tland\" \/>\n<meta property=\"article:modified_time\" content=\"2022-05-03T12:31:13+00:00\" \/>\n<meta property=\"og:image\" content=\"http:\/\/wp.kristdemokraterna.se\/regionostergotland\/files\/2022\/04\/omslag-redo-att-styra-ro-1-212x300.jpg\" \/>\n<meta name=\"twitter:card\" content=\"summary_large_image\" \/>\n<meta name=\"twitter:label1\" content=\"Ber\u00e4knad l\u00e4stid\" \/>\n\t<meta name=\"twitter:data1\" content=\"1 minut\" \/>\n<script type=\"application\/ld+json\" class=\"yoast-schema-graph\">{\"@context\":\"https:\\\/\\\/schema.org\",\"@graph\":[{\"@type\":\"WebPage\",\"@id\":\"https:\\\/\\\/wp.kristdemokraterna.se\\\/regionostergotland\\\/var-politik\\\/regionalt-valprogram-2022-2026\\\/\",\"url\":\"https:\\\/\\\/wp.kristdemokraterna.se\\\/regionostergotland\\\/var-politik\\\/regionalt-valprogram-2022-2026\\\/\",\"name\":\"Regionalt valprogram 2022-2026 - i Region \u00d6sterg\u00f6tland\",\"isPartOf\":{\"@id\":\"https:\\\/\\\/wp.kristdemokraterna.se\\\/regionostergotland\\\/#website\"},\"primaryImageOfPage\":{\"@id\":\"https:\\\/\\\/wp.kristdemokraterna.se\\\/regionostergotland\\\/var-politik\\\/regionalt-valprogram-2022-2026\\\/#primaryimage\"},\"image\":{\"@id\":\"https:\\\/\\\/wp.kristdemokraterna.se\\\/regionostergotland\\\/var-politik\\\/regionalt-valprogram-2022-2026\\\/#primaryimage\"},\"thumbnailUrl\":\"http:\\\/\\\/wp.kristdemokraterna.se\\\/regionostergotland\\\/files\\\/2022\\\/04\\\/omslag-redo-att-styra-ro-1-212x300.jpg\",\"datePublished\":\"2018-04-12T09:09:43+00:00\",\"dateModified\":\"2022-05-03T12:31:13+00:00\",\"breadcrumb\":{\"@id\":\"https:\\\/\\\/wp.kristdemokraterna.se\\\/regionostergotland\\\/var-politik\\\/regionalt-valprogram-2022-2026\\\/#breadcrumb\"},\"inLanguage\":\"sv-SE\",\"potentialAction\":[{\"@type\":\"ReadAction\",\"target\":[\"https:\\\/\\\/wp.kristdemokraterna.se\\\/regionostergotland\\\/var-politik\\\/regionalt-valprogram-2022-2026\\\/\"]}]},{\"@type\":\"ImageObject\",\"inLanguage\":\"sv-SE\",\"@id\":\"https:\\\/\\\/wp.kristdemokraterna.se\\\/regionostergotland\\\/var-politik\\\/regionalt-valprogram-2022-2026\\\/#primaryimage\",\"url\":\"http:\\\/\\\/wp.kristdemokraterna.se\\\/regionostergotland\\\/files\\\/2022\\\/04\\\/omslag-redo-att-styra-ro-1-212x300.jpg\",\"contentUrl\":\"http:\\\/\\\/wp.kristdemokraterna.se\\\/regionostergotland\\\/files\\\/2022\\\/04\\\/omslag-redo-att-styra-ro-1-212x300.jpg\"},{\"@type\":\"BreadcrumbList\",\"@id\":\"https:\\\/\\\/wp.kristdemokraterna.se\\\/regionostergotland\\\/var-politik\\\/regionalt-valprogram-2022-2026\\\/#breadcrumb\",\"itemListElement\":[{\"@type\":\"ListItem\",\"position\":1,\"name\":\"Hem\",\"item\":\"https:\\\/\\\/wp.kristdemokraterna.se\\\/regionostergotland\\\/\"},{\"@type\":\"ListItem\",\"position\":2,\"name\":\"V\u00e5r politik\",\"item\":\"https:\\\/\\\/wp.kristdemokraterna.se\\\/regionostergotland\\\/var-politik\\\/\"},{\"@type\":\"ListItem\",\"position\":3,\"name\":\"Regionalt valprogram 2022-2026\"}]},{\"@type\":\"WebSite\",\"@id\":\"https:\\\/\\\/wp.kristdemokraterna.se\\\/regionostergotland\\\/#website\",\"url\":\"https:\\\/\\\/wp.kristdemokraterna.se\\\/regionostergotland\\\/\",\"name\":\"i Region \u00d6sterg\u00f6tland\",\"description\":\"\",\"inLanguage\":\"sv-SE\"}]}<\/script>\n<!-- \/ Yoast SEO plugin. -->","yoast_head_json":{"title":"Regionalt valprogram 2022-2026 - i Region \u00d6sterg\u00f6tland","robots":{"index":"index","follow":"follow","max-snippet":"max-snippet:-1","max-image-preview":"max-image-preview:large","max-video-preview":"max-video-preview:-1"},"canonical":"https:\/\/wp.kristdemokraterna.se\/regionostergotland\/var-politik\/regionalt-valprogram-2022-2026\/","og_locale":"sv_SE","og_type":"article","og_title":"Regionalt valprogram 2022-2026 - i Region \u00d6sterg\u00f6tland","og_description":"KRISTDEMOKRATERNA \u00c4R REDO ATT STYRA REGION \u00d6STERG\u00d6TLAND I Kristdemokraternas regionala valprogram 2022-2026 finns en m\u00e4ngd konkreta f\u00f6rslag f\u00f6r att f\u00f6rb\u00e4ttra tillg\u00e4ngligheten inom h\u00e4lso- och sjukv\u00e5rden och utveckla en kollektivtrafik som knyter ihop l\u00e4net. Tillsammans med f\u00f6rslag inom kultur, bes\u00f6ksn\u00e4ring, n\u00e4ringsliv och utbildning \u00e4r vi redo att styra Region \u00d6sterg\u00f6tland \u2013 igen! Valprogram2022-2026","og_url":"https:\/\/wp.kristdemokraterna.se\/regionostergotland\/var-politik\/regionalt-valprogram-2022-2026\/","og_site_name":"i Region \u00d6sterg\u00f6tland","article_modified_time":"2022-05-03T12:31:13+00:00","og_image":[{"url":"http:\/\/wp.kristdemokraterna.se\/regionostergotland\/files\/2022\/04\/omslag-redo-att-styra-ro-1-212x300.jpg","type":"","width":"","height":""}],"twitter_card":"summary_large_image","twitter_misc":{"Ber\u00e4knad l\u00e4stid":"1 minut"},"schema":{"@context":"https:\/\/schema.org","@graph":[{"@type":"WebPage","@id":"https:\/\/wp.kristdemokraterna.se\/regionostergotland\/var-politik\/regionalt-valprogram-2022-2026\/","url":"https:\/\/wp.kristdemokraterna.se\/regionostergotland\/var-politik\/regionalt-valprogram-2022-2026\/","name":"Regionalt valprogram 2022-2026 - i Region \u00d6sterg\u00f6tland","isPartOf":{"@id":"https:\/\/wp.kristdemokraterna.se\/regionostergotland\/#website"},"primaryImageOfPage":{"@id":"https:\/\/wp.kristdemokraterna.se\/regionostergotland\/var-politik\/regionalt-valprogram-2022-2026\/#primaryimage"},"image":{"@id":"https:\/\/wp.kristdemokraterna.se\/regionostergotland\/var-politik\/regionalt-valprogram-2022-2026\/#primaryimage"},"thumbnailUrl":"http:\/\/wp.kristdemokraterna.se\/regionostergotland\/files\/2022\/04\/omslag-redo-att-styra-ro-1-212x300.jpg","datePublished":"2018-04-12T09:09:43+00:00","dateModified":"2022-05-03T12:31:13+00:00","breadcrumb":{"@id":"https:\/\/wp.kristdemokraterna.se\/regionostergotland\/var-politik\/regionalt-valprogram-2022-2026\/#breadcrumb"},"inLanguage":"sv-SE","potentialAction":[{"@type":"ReadAction","target":["https:\/\/wp.kristdemokraterna.se\/regionostergotland\/var-politik\/regionalt-valprogram-2022-2026\/"]}]},{"@type":"ImageObject","inLanguage":"sv-SE","@id":"https:\/\/wp.kristdemokraterna.se\/regionostergotland\/var-politik\/regionalt-valprogram-2022-2026\/#primaryimage","url":"http:\/\/wp.kristdemokraterna.se\/regionostergotland\/files\/2022\/04\/omslag-redo-att-styra-ro-1-212x300.jpg","contentUrl":"http:\/\/wp.kristdemokraterna.se\/regionostergotland\/files\/2022\/04\/omslag-redo-att-styra-ro-1-212x300.jpg"},{"@type":"BreadcrumbList","@id":"https:\/\/wp.kristdemokraterna.se\/regionostergotland\/var-politik\/regionalt-valprogram-2022-2026\/#breadcrumb","itemListElement":[{"@type":"ListItem","position":1,"name":"Hem","item":"https:\/\/wp.kristdemokraterna.se\/regionostergotland\/"},{"@type":"ListItem","position":2,"name":"V\u00e5r politik","item":"https:\/\/wp.kristdemokraterna.se\/regionostergotland\/var-politik\/"},{"@type":"ListItem","position":3,"name":"Regionalt valprogram 2022-2026"}]},{"@type":"WebSite","@id":"https:\/\/wp.kristdemokraterna.se\/regionostergotland\/#website","url":"https:\/\/wp.kristdemokraterna.se\/regionostergotland\/","name":"i Region \u00d6sterg\u00f6tland","description":"","inLanguage":"sv-SE"}]}},"_links":{"self":[{"href":"https:\/\/wp.kristdemokraterna.se\/regionostergotland\/wp-json\/wp\/v2\/pages\/691","targetHints":{"allow":["GET"]}}],"collection":[{"href":"https:\/\/wp.kristdemokraterna.se\/regionostergotland\/wp-json\/wp\/v2\/pages"}],"about":[{"href":"https:\/\/wp.kristdemokraterna.se\/regionostergotland\/wp-json\/wp\/v2\/types\/page"}],"author":[{"embeddable":true,"href":"https:\/\/wp.kristdemokraterna.se\/regionostergotland\/wp-json\/wp\/v2\/users\/737"}],"replies":[{"embeddable":true,"href":"https:\/\/wp.kristdemokraterna.se\/regionostergotland\/wp-json\/wp\/v2\/comments?post=691"}],"version-history":[{"count":11,"href":"https:\/\/wp.kristdemokraterna.se\/regionostergotland\/wp-json\/wp\/v2\/pages\/691\/revisions"}],"predecessor-version":[{"id":1846,"href":"https:\/\/wp.kristdemokraterna.se\/regionostergotland\/wp-json\/wp\/v2\/pages\/691\/revisions\/1846"}],"up":[{"embeddable":true,"href":"https:\/\/wp.kristdemokraterna.se\/regionostergotland\/wp-json\/wp\/v2\/pages\/37"}],"wp:attachment":[{"href":"https:\/\/wp.kristdemokraterna.se\/regionostergotland\/wp-json\/wp\/v2\/media?parent=691"}],"curies":[{"name":"wp","href":"https:\/\/api.w.org\/{rel}","templated":true}]}}

<p><strong>KRISTDEMOKRATERNA ÄR REDO ATT STYRA REGION ÖSTERGÖTLAND</strong></p>
<p>I Kristdemokraternas regionala valprogram 2022-2026 finns en mängd konkreta förslag för att förbättra tillgängligheten inom hälso- och sjukvården och utveckla en kollektivtrafik som knyter ihop länet. Tillsammans med förslag inom kultur, besöksnäring, näringsliv och utbildning är vi redo att styra Region Östergötland – igen!</p>
<p><a href="http://wp.kristdemokraterna.se/regionostergotland/files/2022/04/valprogram2022-2026.pdf" target="_blank" rel="noopener"><img loading="lazy" decoding="async" class="alignnone size-medium wp-image-1840" src="http://wp.kristdemokraterna.se/regionostergotland/files/2022/04/omslag-redo-att-styra-ro-1-212x300.jpg" alt="" width="212" height="300" srcset="https://wp.kristdemokraterna.se/regionostergotland/files/2022/04/omslag-redo-att-styra-ro-1-212x300.jpg 212w, https://wp.kristdemokraterna.se/regionostergotland/files/2022/04/omslag-redo-att-styra-ro-1-141x200.jpg 141w, https://wp.kristdemokraterna.se/regionostergotland/files/2022/04/omslag-redo-att-styra-ro-1-370x524.jpg 370w, https://wp.kristdemokraterna.se/regionostergotland/files/2022/04/omslag-redo-att-styra-ro-1-450x637.jpg 450w, https://wp.kristdemokraterna.se/regionostergotland/files/2022/04/omslag-redo-att-styra-ro-1-280x396.jpg 280w, https://wp.kristdemokraterna.se/regionostergotland/files/2022/04/omslag-redo-att-styra-ro-1-340x481.jpg 340w, https://wp.kristdemokraterna.se/regionostergotland/files/2022/04/omslag-redo-att-styra-ro-1-40x56.jpg 40w, https://wp.kristdemokraterna.se/regionostergotland/files/2022/04/omslag-redo-att-styra-ro-1.jpg 595w" sizes="auto, (max-width: 212px) 100vw, 212px" /></a></p>
<p><a href="http://wp.kristdemokraterna.se/regionostergotland/files/2022/04/valprogram2022-2026.pdf" target="_blank" rel="noopener">Valprogram2022-2026</a></p>

<p>KRISTDEMOKRATERNA ÄR REDO ATT STYRA REGION ÖSTERGÖTLAND I Kristdemokraternas regionala valprogram 2022-2026 finns en mängd konkreta förslag för att förbättra tillgängligheten inom hälso- och sjukvården och utveckla en kollektivtrafik som knyter ihop länet. Tillsammans med förslag inom kultur, besöksnäring, näringsliv och utbildning är vi redo att styra Region Östergötland – igen! Valprogram2022-2026</p>

<!-- This site is optimized with the Yoast SEO plugin v27.4 - https://yoast.com/product/yoast-seo-wordpress/ -->
<title>Regionalt valprogram 2022-2026 - i Region Östergötland</title>
<meta name="robots" content="index, follow, max-snippet:-1, max-image-preview:large, max-video-preview:-1" />
<link rel="canonical" href="https://wp.kristdemokraterna.se/regionostergotland/var-politik/regionalt-valprogram-2022-2026/" />
<meta property="og:locale" content="sv_SE" />
<meta property="og:type" content="article" />
<meta property="og:title" content="Regionalt valprogram 2022-2026 - i Region Östergötland" />
<meta property="og:description" content="KRISTDEMOKRATERNA ÄR REDO ATT STYRA REGION ÖSTERGÖTLAND I Kristdemokraternas regionala valprogram 2022-2026 finns en mängd konkreta förslag för att förbättra tillgängligheten inom hälso- och sjukvården och utveckla en kollektivtrafik som knyter ihop länet. Tillsammans med förslag inom kultur, besöksnäring, näringsliv och utbildning är vi redo att styra Region Östergötland – igen! Valprogram2022-2026" />
<meta property="og:url" content="https://wp.kristdemokraterna.se/regionostergotland/var-politik/regionalt-valprogram-2022-2026/" />
<meta property="og:site_name" content="i Region Östergötland" />
<meta property="article:modified_time" content="2022-05-03T12:31:13+00:00" />
<meta property="og:image" content="http://wp.kristdemokraterna.se/regionostergotland/files/2022/04/omslag-redo-att-styra-ro-1-212x300.jpg" />
<meta name="twitter:card" content="summary_large_image" />
<meta name="twitter:label1" content="Beräknad lästid" />
	<meta name="twitter:data1" content="1 minut" />
<script type="application/ld+json" class="yoast-schema-graph">{"@context":"https:\/\/schema.org","@graph":[{"@type":"WebPage","@id":"https:\/\/wp.kristdemokraterna.se\/regionostergotland\/var-politik\/regionalt-valprogram-2022-2026\/","url":"https:\/\/wp.kristdemokraterna.se\/regionostergotland\/var-politik\/regionalt-valprogram-2022-2026\/","name":"Regionalt valprogram 2022-2026 - i Region Östergötland","isPartOf":{"@id":"https:\/\/wp.kristdemokraterna.se\/regionostergotland\/#website"},"primaryImageOfPage":{"@id":"https:\/\/wp.kristdemokraterna.se\/regionostergotland\/var-politik\/regionalt-valprogram-2022-2026\/#primaryimage"},"image":{"@id":"https:\/\/wp.kristdemokraterna.se\/regionostergotland\/var-politik\/regionalt-valprogram-2022-2026\/#primaryimage"},"thumbnailUrl":"http:\/\/wp.kristdemokraterna.se\/regionostergotland\/files\/2022\/04\/omslag-redo-att-styra-ro-1-212x300.jpg","datePublished":"2018-04-12T09:09:43+00:00","dateModified":"2022-05-03T12:31:13+00:00","breadcrumb":{"@id":"https:\/\/wp.kristdemokraterna.se\/regionostergotland\/var-politik\/regionalt-valprogram-2022-2026\/#breadcrumb"},"inLanguage":"sv-SE","potentialAction":[{"@type":"ReadAction","target":["https:\/\/wp.kristdemokraterna.se\/regionostergotland\/var-politik\/regionalt-valprogram-2022-2026\/"]}]},{"@type":"ImageObject","inLanguage":"sv-SE","@id":"https:\/\/wp.kristdemokraterna.se\/regionostergotland\/var-politik\/regionalt-valprogram-2022-2026\/#primaryimage","url":"http:\/\/wp.kristdemokraterna.se\/regionostergotland\/files\/2022\/04\/omslag-redo-att-styra-ro-1-212x300.jpg","contentUrl":"http:\/\/wp.kristdemokraterna.se\/regionostergotland\/files\/2022\/04\/omslag-redo-att-styra-ro-1-212x300.jpg"},{"@type":"BreadcrumbList","@id":"https:\/\/wp.kristdemokraterna.se\/regionostergotland\/var-politik\/regionalt-valprogram-2022-2026\/#breadcrumb","itemListElement":[{"@type":"ListItem","position":1,"name":"Hem","item":"https:\/\/wp.kristdemokraterna.se\/regionostergotland\/"},{"@type":"ListItem","position":2,"name":"Vår politik","item":"https:\/\/wp.kristdemokraterna.se\/regionostergotland\/var-politik\/"},{"@type":"ListItem","position":3,"name":"Regionalt valprogram 2022-2026"}]},{"@type":"WebSite","@id":"https:\/\/wp.kristdemokraterna.se\/regionostergotland\/#website","url":"https:\/\/wp.kristdemokraterna.se\/regionostergotland\/","name":"i Region Östergötland","description":"","inLanguage":"sv-SE"}]}</script>
<!-- / Yoast SEO plugin. -->

Regionalt valprogram 2022-2026 - i Region Östergötland

KRISTDEMOKRATERNA ÄR REDO ATT STYRA REGION ÖSTERGÖTLAND I Kristdemokraternas regionala valprogram 2022-2026 finns en mängd konkreta förslag för att förbättra tillgängligheten inom hälso- och sjukvården och utveckla en kollektivtrafik som knyter ihop länet. Tillsammans med förslag inom kultur, besöksnäring, näringsliv och utbildning är vi redo att styra Region Östergötland – igen! Valprogram2022-2026

i Region Östergötland

Vår politik
