{"version":"1.0","provider_name":"S\u00e4vsj\u00f6","provider_url":"https:\/\/wp.kristdemokraterna.se\/savsjo","title":"De v\u00e4ljer nya partiledaren - S\u00e4vsj\u00f6","type":"rich","width":600,"height":338,"html":"<blockquote class=\"wp-embedded-content\" data-secret=\"QRsuGQ7yFM\"><a href=\"https:\/\/wp.kristdemokraterna.se\/savsjo\/erika-anna-karin-och-stefan-valjer-partiledaren\/\">De v\u00e4ljer nya partiledaren<\/a><\/blockquote><iframe sandbox=\"allow-scripts\" security=\"restricted\" src=\"https:\/\/wp.kristdemokraterna.se\/savsjo\/erika-anna-karin-och-stefan-valjer-partiledaren\/embed\/#?secret=QRsuGQ7yFM\" width=\"600\" height=\"338\" title=\"\u201dDe v\u00e4ljer nya partiledaren\u201d &ndash; S\u00e4vsj\u00f6\" data-secret=\"QRsuGQ7yFM\" frameborder=\"0\" marginwidth=\"0\" marginheight=\"0\" scrolling=\"no\" class=\"wp-embedded-content\"><\/iframe><script type=\"text\/javascript\">\n\/* <![CDATA[ *\/\n\/*! This file is auto-generated *\/\n!function(d,l){\"use strict\";l.querySelector&&d.addEventListener&&\"undefined\"!=typeof URL&&(d.wp=d.wp||{},d.wp.receiveEmbedMessage||(d.wp.receiveEmbedMessage=function(e){var t=e.data;if((t||t.secret||t.message||t.value)&&!\/[^a-zA-Z0-9]\/.test(t.secret)){for(var s,r,n,a=l.querySelectorAll('iframe[data-secret=\"'+t.secret+'\"]'),o=l.querySelectorAll('blockquote[data-secret=\"'+t.secret+'\"]'),c=new RegExp(\"^https?:$\",\"i\"),i=0;i<o.length;i++)o[i].style.display=\"none\";for(i=0;i<a.length;i++)s=a[i],e.source===s.contentWindow&&(s.removeAttribute(\"style\"),\"height\"===t.message?(1e3<(r=parseInt(t.value,10))?r=1e3:~~r<200&&(r=200),s.height=r):\"link\"===t.message&&(r=new URL(s.getAttribute(\"src\")),n=new URL(t.value),c.test(n.protocol))&&n.host===r.host&&l.activeElement===s&&(d.top.location.href=t.value))}},d.addEventListener(\"message\",d.wp.receiveEmbedMessage,!1),l.addEventListener(\"DOMContentLoaded\",function(){for(var e,t,s=l.querySelectorAll(\"iframe.wp-embedded-content\"),r=0;r<s.length;r++)(t=(e=s[r]).getAttribute(\"data-secret\"))||(t=Math.random().toString(36).substring(2,12),e.src+=\"#?secret=\"+t,e.setAttribute(\"data-secret\",t)),e.contentWindow.postMessage({message:\"ready\",secret:t},\"*\")},!1)))}(window,document);\n\/\/# sourceURL=https:\/\/wp.kristdemokraterna.se\/savsjo\/wp-includes\/js\/wp-embed.min.js\n\/* ]]> *\/\n<\/script>\n","thumbnail_url":"https:\/\/wp.kristdemokraterna.se\/savsjo\/files\/2015\/03\/anna-karin-stefan-erika.jpg","thumbnail_width":500,"thumbnail_height":300,"description":"L\u00f6rdag 21\/3 f\u00f6resl\u00e5s distriktsst\u00e4mman utse Anna-Karin Yngvesson, Stefan Gustafsson som ombud med Erika Karlsson Mallander som ers\u00e4ttare \u00a0till rikstinget d\u00e4r ny partiledare ska utses. Valberedningen har lanserat bara en partiledare, Ebba Busch Thor, s\u00e5 det valet \u00e4r enkelt. P\u00e5 rikstinget utses ocks\u00e5\u00a0partistyrelse och det \u00e4r viktigt att det blir en bes\u00e4ttning som kan komplettera och Read More"}

Sävsjö

De väljer nya partiledaren - Sävsjö

<blockquote class="wp-embedded-content" data-secret="QRsuGQ7yFM"><a href="https://wp.kristdemokraterna.se/savsjo/erika-anna-karin-och-stefan-valjer-partiledaren/">De väljer nya partiledaren</a></blockquote><iframe sandbox="allow-scripts" security="restricted" src="https://wp.kristdemokraterna.se/savsjo/erika-anna-karin-och-stefan-valjer-partiledaren/embed/#?secret=QRsuGQ7yFM" width="600" height="338" title="”De väljer nya partiledaren” &ndash; Sävsjö" data-secret="QRsuGQ7yFM" frameborder="0" marginwidth="0" marginheight="0" scrolling="no" class="wp-embedded-content"></iframe><script type="text/javascript">
/* <![CDATA[ */
/*! This file is auto-generated */
!function(d,l){"use strict";l.querySelector&&d.addEventListener&&"undefined"!=typeof URL&&(d.wp=d.wp||{},d.wp.receiveEmbedMessage||(d.wp.receiveEmbedMessage=function(e){var t=e.data;if((t||t.secret||t.message||t.value)&&!/[^a-zA-Z0-9]/.test(t.secret)){for(var s,r,n,a=l.querySelectorAll('iframe[data-secret="'+t.secret+'"]'),o=l.querySelectorAll('blockquote[data-secret="'+t.secret+'"]'),c=new RegExp("^https?:$","i"),i=0;i<o.length;i++)o[i].style.display="none";for(i=0;i<a.length;i++)s=a[i],e.source===s.contentWindow&&(s.removeAttribute("style"),"height"===t.message?(1e3<(r=parseInt(t.value,10))?r=1e3:~~r<200&&(r=200),s.height=r):"link"===t.message&&(r=new URL(s.getAttribute("src")),n=new URL(t.value),c.test(n.protocol))&&n.host===r.host&&l.activeElement===s&&(d.top.location.href=t.value))}},d.addEventListener("message",d.wp.receiveEmbedMessage,!1),l.addEventListener("DOMContentLoaded",function(){for(var e,t,s=l.querySelectorAll("iframe.wp-embedded-content"),r=0;r<s.length;r++)(t=(e=s[r]).getAttribute("data-secret"))||(t=Math.random().toString(36).substring(2,12),e.src+="#?secret="+t,e.setAttribute("data-secret",t)),e.contentWindow.postMessage({message:"ready",secret:t},"*")},!1)))}(window,document);
//# sourceURL=https://wp.kristdemokraterna.se/savsjo/wp-includes/js/wp-embed.min.js
/* ]]> */
</script>

Lördag 21/3 föreslås distriktsstämman utse Anna-Karin Yngvesson, Stefan Gustafsson som ombud med Erika Karlsson Mallander som ersättare  till rikstinget där ny partiledare ska utses. Valberedningen har lanserat bara en partiledare, Ebba Busch Thor, så det valet är enkelt. På rikstinget utses också partistyrelse och det är viktigt att det blir en besättning som kan komplettera och Read More
