{"id":125,"date":"2014-02-02T20:19:18","date_gmt":"2014-02-02T19:19:18","guid":{"rendered":"http:\/\/wp.kristdemokraterna.se\/savsjo\/?page_id=125"},"modified":"2026-03-18T18:50:11","modified_gmt":"2026-03-18T17:50:11","slug":"politiker","status":"publish","type":"page","link":"https:\/\/wp.kristdemokraterna.se\/savsjo\/om-oss\/politiker\/","title":{"rendered":"Politiker"},"content":{"rendered":"<h2>Kristdemokraternas uppdrag i S\u00e4vsj\u00f6 kommun och<br \/>\nRegion J\u00f6nk\u00f6pings l\u00e4n 2023\u20132026<\/h2>\n<p><strong>Regionfullm\u00e4ktige<\/strong><br \/>\nOrdinarie: Per Danielsson<\/p>\n<p><strong>Regionens n\u00e4mnd f\u00f6r trafik, infrastruktur och milj\u00f6<\/strong><br \/>\nErs\u00e4ttare: Per Danielsson<\/p>\n<p><strong>Kommunfullm\u00e4ktige<\/strong><br \/>\nOrdinarie: Stefan Gustafsson, ordf\u00f6rande, Therese Petersson, Fredrik H\u00e5kansson, Anna-Karin Yngvesson, Per Danielsson, Miriam Brolin, Anders Griph, Essam Aeoub, Bengt Swerlander, Erika Mallander Karlsson, Benjamin Petersson, Jonathan Andersson<\/p>\n<p>Ers\u00e4ttare: Johanna Danielsson, Samuel Nickolausson, Gunnel Lundgren, Fredrik Karlsson, Urban Dagman, Katarina Sj\u00f6berg<\/p>\n<p><strong>Valberedning<\/strong><br \/>\nOrdinarie: Erika Mallander Karlsson, ordf\u00f6rande<br \/>\nErs\u00e4ttare: Anna-Karin Yngvesson<\/p>\n<p><strong>F\u00f6rtroendevalda revisorer 2<\/strong><br \/>\nOrdinarie: Roland Katmark, Agneta Hjalmarsson<\/p>\n<p><strong>Kommunstyrelsen 3+3<\/strong><br \/>\nOrdinarie: Therese Petersson, ordf\u00f6rande, Gunnel Lundgren, Stefan Persson<br \/>\nErs\u00e4ttare: Benjamin Petersson, Anna-Karin Yngvesson, Per Danielsson<\/p>\n<p><strong>Barn- och utbildningsn\u00e4mnden 3+3<\/strong><br \/>\nOrdinarie: Fredrik H\u00e5kansson, ordf\u00f6rande, Daniel Karlsson, Anncatrin Ek<br \/>\nErs\u00e4ttare: Essam Aeoub, Christer Karlsson, Anders Griph<\/p>\n<p><strong>Socialn\u00e4mnden 3+3<\/strong><br \/>\nOrdinarie: Bengt Swerlander, 1:e vice ordf\u00f6rande, Miriam Brolin, Erika Mallander Karlsson<br \/>\nErs\u00e4ttare: Gunnel Lundgren, Alexander Br\u00e4nnlund, Shireen Al Shaana<\/p>\n<p><strong>Socialn\u00e4mndens individutskott 1+1<\/strong><br \/>\nOrdinarie: Bengt Swerlander, vice ordf\u00f6rande<br \/>\nErs\u00e4ttare: Miriam Brolin<\/p>\n<p><strong>Myndighetsn\u00e4mnden 2+2<\/strong><br \/>\nOrdinarie: Fredrik Karlsson, 1:e vice ordf\u00f6rande, Bengt Mattsson<br \/>\nErs\u00e4ttare: Urban Dagman, Samuel Bengtsson<\/p>\n<p><strong>Kultur- och fritidsn\u00e4mnden 1+1<\/strong><br \/>\nOrdinarie: Anna-Karin Yngvesson, 1:e vice ordf\u00f6rande<br \/>\nErs\u00e4ttare: Samuel Bengtsson<\/p>\n<p><strong>Valn\u00e4mnden 1+1<\/strong><br \/>\nOrdinarie: Per-Egon Eliasson<br \/>\nErs\u00e4ttare: Annika Andersson<\/p>\n<p><strong>H\u00f6glandets \u00f6verf\u00f6rmyndarn\u00e4mnd 1+1<\/strong><br \/>\nOrdinarie: Hugo Cruz<br \/>\nErs\u00e4ttare: Annika Andersson<\/p>\n<p><strong>S\u00e4vebo AB 2+1<\/strong><br \/>\nOrdinarie: Samuel Nickolausson, ordf\u00f6rande, Jonas Bringstam<br \/>\nErs\u00e4ttare: Otto Petersson<\/p>\n<p><strong>AB S\u00e4vsj\u00f6 Industribyggnader 1+2<\/strong><br \/>\nOrdinarie: Benjamin Petersson, ordf\u00f6rande<br \/>\nErs\u00e4ttare: Andreas Sj\u00f6gren, Mikael Erlandsson<\/p>\n<p><strong>Njudung Energi S\u00e4vsj\u00f6 AB 1 (Representant Njudung Vetlanda 1)<\/strong><br \/>\nOrdinarie: Patrik Tranbom, vice ordf\u00f6rande<\/p>\n<p><strong>Njudung S\u00e4vsj\u00f6 Eln\u00e4t AB 1<\/strong><br \/>\nOrdinarie: Patrik Tranbom, vice ordf\u00f6rande<\/p>\n<p><strong>S\u00e4vsj\u00f6 N\u00e4ringslivs AB 1+1<\/strong><br \/>\nOrdinarie: Therese Petersson, 1:e vice ordf\u00f6rande<br \/>\nSuppleant: Stefan Persson<\/p>\n<p><strong>Stockarydsterminalen AB 1<\/strong><br \/>\nOrdinarie: Stefan Gustafsson, ordf\u00f6rande<\/p>\n<p><strong>SavMAN AB 1+1<\/strong><br \/>\nOrdinarie: Samuel Bengtsson, ordf\u00f6rande<br \/>\nSuppleant: Johanna Danielsson<\/p>\n<p><strong>Sm\u00e5lands bredband AB 1+1<\/strong><br \/>\nOrdinarie: Samuel Bengtsson<br \/>\nSuppleant: Johanna Danielsson<\/p>\n<p><strong>S\u00e4vsj\u00f6 skyttecenter ekonomisk f\u00f6rening 1+1<\/strong><br \/>\nOrdinarie: Fredrik H\u00e5kansson, ordf\u00f6rande<br \/>\nErs\u00e4ttare: Johanna Danielsson<\/p>\n<p><strong>Kretslopp Sydost direktion<\/strong><br \/>\nErs\u00e4ttare: Therese Petersson<\/p>\n<p><strong>H\u00f6glandsf\u00f6rbundets direktion 1<\/strong><br \/>\nOrdinarie: Therese Petersson (ordf\u00f6rande 2 \u00e5r vart 10:de \u00e5r)<\/p>\n<p><strong>H\u00f6glandets familjer\u00e4ttsn\u00e4mnd 1<\/strong><br \/>\nOrdinarie: Anncatrin Ek<\/p>\n<p><strong>Kommunalt forum 1<\/strong><br \/>\nOrdinarie: Therese Petersson<\/p>\n<p><strong>Prim\u00e4rkommunal samverkan 1<\/strong><br \/>\nOrdinarie: Therese Petersson<\/p>\n<p><strong>H\u00f6glandets samordningsf\u00f6rbund<\/strong><br \/>\nErs\u00e4ttare: Bengt Swerlander<\/p>\n<p><strong>Mediacenter 1<\/strong><br \/>\nOrdinarie: Fredrik H\u00e5kansson<\/p>\n<p><strong>F\u00f6reningen S\u00e4vsj\u00f6ortens F\u00f6retagsh\u00e4lsov\u00e5rd<\/strong><br \/>\nErs\u00e4ttare: Bengt Swerlander<\/p>\n<p><strong>Klimatr\u00e5det i J\u00f6nk\u00f6pings l\u00e4n 1<\/strong><br \/>\nOrdinarie: Therese Petersson<\/p>\n<p><strong>Representant i styrgrupp Energicentrum, energi- och klimatr\u00e5dgivning i J\u00f6nk\u00f6ping 1<\/strong><br \/>\nOrdinarie: Stefan Gustafsson<\/p>\n<p><strong>Ombud vid st\u00e4mmor i kommunala bolag m.m<\/strong>.<br \/>\nS\u00e4vebo, Savman, Njudung energi, S\u00e4vsj\u00f6 industribyggnader, Stockarydsterminalen, S\u00e4vsj\u00f6 n\u00e4ringslivs AB, H\u00f6glandets samordningsf\u00f6rbund, F\u00f6reningen S\u00e4vsj\u00f6ortens f\u00f6retagsh\u00e4lsov\u00e5rdscentral, F\u00f6retagsh\u00e4lsan S\u00e4vsj\u00f6 AB, Kommunal energir\u00e5dgivning, Kommunassurans syd AB, Mediacenter, Sm\u00e5lands turism AB, Tr\u00e4centrum N\u00e4ssj\u00f6, Kommuninvest<\/p>\n<p>Ordinarie: Kommunstyrelsens ordf\u00f6rande (Therese Petersson)<br \/>\nErs\u00e4ttare (n\u00e4r KSO \u00e4r styrelseledamot): Kommunfullm\u00e4ktiges ordf\u00f6rande (Stefan Gustafsson)<\/p>\n<p>(Ordf\u00f6rande vid st\u00e4mmor \u00e4r som utg\u00e5ngspunkt Kommunfullm\u00e4ktiges ordf\u00f6rande)<\/p>\n<p><strong>Kommunala r\u00e5det f\u00f6r funktionshinderfr\u00e5gor 1+1<\/strong><br \/>\nOrdinarie: Daniel Karlsson<br \/>\nErs\u00e4ttare: Anders Griph<\/p>\n<p><strong>Kommunala pension\u00e4rsr\u00e5det 1+1<\/strong><br \/>\nOrdinarie: Gunnel Lundgren, ordf\u00f6rande<br \/>\nErs\u00e4ttare: Per Danielsson<\/p>\n<p><strong>H\u00e5llbarhetsr\u00e5det 2<\/strong><br \/>\nOrdinarie: Therese Petersson, ordf\u00f6rande, Fredrik H\u00e5kansson<\/p>\n<p><strong>N\u00e4mndeman<\/strong><br \/>\nFredrik H\u00e5kansson<\/p>\n<p><strong>Begravningsombud<\/strong><br \/>\nBert Runesson<\/p>\n","protected":false},"excerpt":{"rendered":"<p>Kristdemokraternas uppdrag i S\u00e4vsj\u00f6 kommun och Region J\u00f6nk\u00f6pings l\u00e4n 2023\u20132026 Regionfullm\u00e4ktige Ordinarie: Per Danielsson Regionens n\u00e4mnd f\u00f6r trafik, infrastruktur och milj\u00f6 Ers\u00e4ttare: Per Danielsson Kommunfullm\u00e4ktige Ordinarie: Stefan Gustafsson, ordf\u00f6rande, Therese Petersson, Fredrik H\u00e5kansson, Anna-Karin Yngvesson, Per Danielsson, Miriam Brolin, Anders Griph, Essam Aeoub, Bengt Swerlander, Erika Mallander Karlsson, Benjamin Petersson, Jonathan Andersson Ers\u00e4ttare: Johanna Danielsson, <a class=\"read-more-link\" href=\"https:\/\/wp.kristdemokraterna.se\/savsjo\/om-oss\/politiker\/\">Read More<\/a><\/p>\n","protected":false},"author":430,"featured_media":0,"parent":116,"menu_order":0,"comment_status":"closed","ping_status":"closed","template":"","meta":{"_acf_changed":false,"footnotes":""},"class_list":["post-125","page","type-page","status-publish","hentry"],"acf":[],"yoast_head":"<!-- This site is optimized with the Yoast SEO plugin v27.4 - https:\/\/yoast.com\/product\/yoast-seo-wordpress\/ -->\n<title>Politiker - S\u00e4vsj\u00f6<\/title>\n<meta name=\"robots\" content=\"index, follow, max-snippet:-1, max-image-preview:large, max-video-preview:-1\" \/>\n<link rel=\"canonical\" href=\"https:\/\/wp.kristdemokraterna.se\/savsjo\/om-oss\/politiker\/\" \/>\n<meta property=\"og:locale\" content=\"sv_SE\" \/>\n<meta property=\"og:type\" content=\"article\" \/>\n<meta property=\"og:title\" content=\"Politiker - S\u00e4vsj\u00f6\" \/>\n<meta property=\"og:description\" content=\"Kristdemokraternas uppdrag i S\u00e4vsj\u00f6 kommun och Region J\u00f6nk\u00f6pings l\u00e4n 2023\u20132026 Regionfullm\u00e4ktige Ordinarie: Per Danielsson Regionens n\u00e4mnd f\u00f6r trafik, infrastruktur och milj\u00f6 Ers\u00e4ttare: Per Danielsson Kommunfullm\u00e4ktige Ordinarie: Stefan Gustafsson, ordf\u00f6rande, Therese Petersson, Fredrik H\u00e5kansson, Anna-Karin Yngvesson, Per Danielsson, Miriam Brolin, Anders Griph, Essam Aeoub, Bengt Swerlander, Erika Mallander Karlsson, Benjamin Petersson, Jonathan Andersson Ers\u00e4ttare: Johanna Danielsson, Read More\" \/>\n<meta property=\"og:url\" content=\"https:\/\/wp.kristdemokraterna.se\/savsjo\/om-oss\/politiker\/\" \/>\n<meta property=\"og:site_name\" content=\"S\u00e4vsj\u00f6\" \/>\n<meta property=\"article:modified_time\" content=\"2026-03-18T17:50:11+00:00\" \/>\n<meta name=\"twitter:card\" content=\"summary_large_image\" \/>\n<meta name=\"twitter:label1\" content=\"Ber\u00e4knad l\u00e4stid\" \/>\n\t<meta name=\"twitter:data1\" content=\"3 minuter\" \/>\n<script type=\"application\/ld+json\" class=\"yoast-schema-graph\">{\"@context\":\"https:\\\/\\\/schema.org\",\"@graph\":[{\"@type\":\"WebPage\",\"@id\":\"https:\\\/\\\/wp.kristdemokraterna.se\\\/savsjo\\\/om-oss\\\/politiker\\\/\",\"url\":\"https:\\\/\\\/wp.kristdemokraterna.se\\\/savsjo\\\/om-oss\\\/politiker\\\/\",\"name\":\"Politiker - S\u00e4vsj\u00f6\",\"isPartOf\":{\"@id\":\"https:\\\/\\\/wp.kristdemokraterna.se\\\/savsjo\\\/#website\"},\"datePublished\":\"2014-02-02T19:19:18+00:00\",\"dateModified\":\"2026-03-18T17:50:11+00:00\",\"breadcrumb\":{\"@id\":\"https:\\\/\\\/wp.kristdemokraterna.se\\\/savsjo\\\/om-oss\\\/politiker\\\/#breadcrumb\"},\"inLanguage\":\"sv-SE\",\"potentialAction\":[{\"@type\":\"ReadAction\",\"target\":[\"https:\\\/\\\/wp.kristdemokraterna.se\\\/savsjo\\\/om-oss\\\/politiker\\\/\"]}]},{\"@type\":\"BreadcrumbList\",\"@id\":\"https:\\\/\\\/wp.kristdemokraterna.se\\\/savsjo\\\/om-oss\\\/politiker\\\/#breadcrumb\",\"itemListElement\":[{\"@type\":\"ListItem\",\"position\":1,\"name\":\"Hem\",\"item\":\"https:\\\/\\\/wp.kristdemokraterna.se\\\/savsjo\\\/\"},{\"@type\":\"ListItem\",\"position\":2,\"name\":\"Om oss\",\"item\":\"https:\\\/\\\/wp.kristdemokraterna.se\\\/savsjo\\\/om-oss\\\/\"},{\"@type\":\"ListItem\",\"position\":3,\"name\":\"Politiker\"}]},{\"@type\":\"WebSite\",\"@id\":\"https:\\\/\\\/wp.kristdemokraterna.se\\\/savsjo\\\/#website\",\"url\":\"https:\\\/\\\/wp.kristdemokraterna.se\\\/savsjo\\\/\",\"name\":\"S\u00e4vsj\u00f6\",\"description\":\"\",\"inLanguage\":\"sv-SE\"}]}<\/script>\n<!-- \/ Yoast SEO plugin. -->","yoast_head_json":{"title":"Politiker - S\u00e4vsj\u00f6","robots":{"index":"index","follow":"follow","max-snippet":"max-snippet:-1","max-image-preview":"max-image-preview:large","max-video-preview":"max-video-preview:-1"},"canonical":"https:\/\/wp.kristdemokraterna.se\/savsjo\/om-oss\/politiker\/","og_locale":"sv_SE","og_type":"article","og_title":"Politiker - S\u00e4vsj\u00f6","og_description":"Kristdemokraternas uppdrag i S\u00e4vsj\u00f6 kommun och Region J\u00f6nk\u00f6pings l\u00e4n 2023\u20132026 Regionfullm\u00e4ktige Ordinarie: Per Danielsson Regionens n\u00e4mnd f\u00f6r trafik, infrastruktur och milj\u00f6 Ers\u00e4ttare: Per Danielsson Kommunfullm\u00e4ktige Ordinarie: Stefan Gustafsson, ordf\u00f6rande, Therese Petersson, Fredrik H\u00e5kansson, Anna-Karin Yngvesson, Per Danielsson, Miriam Brolin, Anders Griph, Essam Aeoub, Bengt Swerlander, Erika Mallander Karlsson, Benjamin Petersson, Jonathan Andersson Ers\u00e4ttare: Johanna Danielsson, Read More","og_url":"https:\/\/wp.kristdemokraterna.se\/savsjo\/om-oss\/politiker\/","og_site_name":"S\u00e4vsj\u00f6","article_modified_time":"2026-03-18T17:50:11+00:00","twitter_card":"summary_large_image","twitter_misc":{"Ber\u00e4knad l\u00e4stid":"3 minuter"},"schema":{"@context":"https:\/\/schema.org","@graph":[{"@type":"WebPage","@id":"https:\/\/wp.kristdemokraterna.se\/savsjo\/om-oss\/politiker\/","url":"https:\/\/wp.kristdemokraterna.se\/savsjo\/om-oss\/politiker\/","name":"Politiker - S\u00e4vsj\u00f6","isPartOf":{"@id":"https:\/\/wp.kristdemokraterna.se\/savsjo\/#website"},"datePublished":"2014-02-02T19:19:18+00:00","dateModified":"2026-03-18T17:50:11+00:00","breadcrumb":{"@id":"https:\/\/wp.kristdemokraterna.se\/savsjo\/om-oss\/politiker\/#breadcrumb"},"inLanguage":"sv-SE","potentialAction":[{"@type":"ReadAction","target":["https:\/\/wp.kristdemokraterna.se\/savsjo\/om-oss\/politiker\/"]}]},{"@type":"BreadcrumbList","@id":"https:\/\/wp.kristdemokraterna.se\/savsjo\/om-oss\/politiker\/#breadcrumb","itemListElement":[{"@type":"ListItem","position":1,"name":"Hem","item":"https:\/\/wp.kristdemokraterna.se\/savsjo\/"},{"@type":"ListItem","position":2,"name":"Om oss","item":"https:\/\/wp.kristdemokraterna.se\/savsjo\/om-oss\/"},{"@type":"ListItem","position":3,"name":"Politiker"}]},{"@type":"WebSite","@id":"https:\/\/wp.kristdemokraterna.se\/savsjo\/#website","url":"https:\/\/wp.kristdemokraterna.se\/savsjo\/","name":"S\u00e4vsj\u00f6","description":"","inLanguage":"sv-SE"}]}},"_links":{"self":[{"href":"https:\/\/wp.kristdemokraterna.se\/savsjo\/wp-json\/wp\/v2\/pages\/125","targetHints":{"allow":["GET"]}}],"collection":[{"href":"https:\/\/wp.kristdemokraterna.se\/savsjo\/wp-json\/wp\/v2\/pages"}],"about":[{"href":"https:\/\/wp.kristdemokraterna.se\/savsjo\/wp-json\/wp\/v2\/types\/page"}],"author":[{"embeddable":true,"href":"https:\/\/wp.kristdemokraterna.se\/savsjo\/wp-json\/wp\/v2\/users\/430"}],"replies":[{"embeddable":true,"href":"https:\/\/wp.kristdemokraterna.se\/savsjo\/wp-json\/wp\/v2\/comments?post=125"}],"version-history":[{"count":29,"href":"https:\/\/wp.kristdemokraterna.se\/savsjo\/wp-json\/wp\/v2\/pages\/125\/revisions"}],"predecessor-version":[{"id":4373,"href":"https:\/\/wp.kristdemokraterna.se\/savsjo\/wp-json\/wp\/v2\/pages\/125\/revisions\/4373"}],"up":[{"embeddable":true,"href":"https:\/\/wp.kristdemokraterna.se\/savsjo\/wp-json\/wp\/v2\/pages\/116"}],"wp:attachment":[{"href":"https:\/\/wp.kristdemokraterna.se\/savsjo\/wp-json\/wp\/v2\/media?parent=125"}],"curies":[{"name":"wp","href":"https:\/\/api.w.org\/{rel}","templated":true}]}}