{"id":139,"date":"2014-02-02T20:54:20","date_gmt":"2014-02-02T19:54:20","guid":{"rendered":"http:\/\/wp.kristdemokraterna.se\/savsjo\/?page_id=139"},"modified":"2019-01-13T16:03:55","modified_gmt":"2019-01-13T15:03:55","slug":"bli-medlem","status":"publish","type":"page","link":"https:\/\/wp.kristdemokraterna.se\/savsjo\/engagera-dig\/bli-medlem\/","title":{"rendered":"Bli medlem"},"content":{"rendered":"<p>Om Du delar v\u00e5r kristna v\u00e4rdegrund uppskattar vi om du v\u00e4ljer att bli medlem i v\u00e5r partiavdelning. Genom ett medlemskap st\u00f6djer du v\u00e5rt arbete f\u00f6r ett samh\u00e4lle med\u00a0mer medm\u00e4nsklighet och r\u00e4tt till sj\u00e4lvbest\u00e4mmande.<\/p>\n<p>Medlemsavgiften f\u00f6r f\u00f6rsta \u00e5ret \u00e4r 150 kr. I ditt v\u00e4lkomstpaket, som du f\u00e5r hemskickat n\u00e5gon vecka efter att du ans\u00f6kt om medlemskap, s\u00e5 finns information om hur du kan betala avgiften. Varmt v\u00e4lkommen med din medlemsans\u00f6kan p\u00e5 f\u00f6ljande l\u00e4nk: <a href=\"https:\/\/kristdemokraterna.se\/engagera-dig\/bli-medlem\/\" target=\"_blank\" rel=\"noopener\">https:\/\/kristdemokraterna.se\/engagera-dig\/bli-medlem\/<\/a><\/p>\n<p>&nbsp;<\/p>\n<h3>Har Du fr\u00e5gor om medlemskap eller v\u00e5rt arbete partiavdelningen<\/h3>\n<p>Har du fr\u00e5gor om medlemskap eller v\u00e5rt arbete i kristdemokraternas partiavdelningen h\u00e4r i S\u00e4vsj\u00f6 kommun s\u00e5 maila till <a href=\"mailto:savsjo@kristdemokraterna.se\" target=\"_blank\" rel=\"noopener\">savsjo@kristdemokraterna.se<\/a><\/p>\n","protected":false},"excerpt":{"rendered":"<p>Om Du delar v\u00e5r kristna v\u00e4rdegrund uppskattar vi om du v\u00e4ljer att bli medlem i v\u00e5r partiavdelning. Genom ett medlemskap st\u00f6djer du v\u00e5rt arbete f\u00f6r ett samh\u00e4lle med\u00a0mer medm\u00e4nsklighet och r\u00e4tt till sj\u00e4lvbest\u00e4mmande. Medlemsavgiften f\u00f6r f\u00f6rsta \u00e5ret \u00e4r 150 kr. I ditt v\u00e4lkomstpaket, som du f\u00e5r hemskickat n\u00e5gon vecka efter att du ans\u00f6kt om medlemskap, <a class=\"read-more-link\" href=\"https:\/\/wp.kristdemokraterna.se\/savsjo\/engagera-dig\/bli-medlem\/\">Read More<\/a><\/p>\n","protected":false},"author":430,"featured_media":0,"parent":136,"menu_order":0,"comment_status":"closed","ping_status":"closed","template":"","meta":{"_acf_changed":false,"footnotes":""},"class_list":["post-139","page","type-page","status-publish","hentry"],"acf":[],"yoast_head":"<!-- This site is optimized with the Yoast SEO plugin v27.4 - https:\/\/yoast.com\/product\/yoast-seo-wordpress\/ -->\n<title>Bli medlem - S\u00e4vsj\u00f6<\/title>\n<meta name=\"robots\" content=\"index, follow, max-snippet:-1, max-image-preview:large, max-video-preview:-1\" \/>\n<link rel=\"canonical\" href=\"https:\/\/wp.kristdemokraterna.se\/savsjo\/engagera-dig\/bli-medlem\/\" \/>\n<meta property=\"og:locale\" content=\"sv_SE\" \/>\n<meta property=\"og:type\" content=\"article\" \/>\n<meta property=\"og:title\" content=\"Bli medlem - S\u00e4vsj\u00f6\" \/>\n<meta property=\"og:description\" content=\"Om Du delar v\u00e5r kristna v\u00e4rdegrund uppskattar vi om du v\u00e4ljer att bli medlem i v\u00e5r partiavdelning. Genom ett medlemskap st\u00f6djer du v\u00e5rt arbete f\u00f6r ett samh\u00e4lle med\u00a0mer medm\u00e4nsklighet och r\u00e4tt till sj\u00e4lvbest\u00e4mmande. Medlemsavgiften f\u00f6r f\u00f6rsta \u00e5ret \u00e4r 150 kr. I ditt v\u00e4lkomstpaket, som du f\u00e5r hemskickat n\u00e5gon vecka efter att du ans\u00f6kt om medlemskap, Read More\" \/>\n<meta property=\"og:url\" content=\"https:\/\/wp.kristdemokraterna.se\/savsjo\/engagera-dig\/bli-medlem\/\" \/>\n<meta property=\"og:site_name\" content=\"S\u00e4vsj\u00f6\" \/>\n<meta property=\"article:modified_time\" content=\"2019-01-13T15:03:55+00:00\" \/>\n<meta name=\"twitter:card\" content=\"summary_large_image\" \/>\n<meta name=\"twitter:label1\" content=\"Ber\u00e4knad l\u00e4stid\" \/>\n\t<meta name=\"twitter:data1\" content=\"1 minut\" \/>\n<script type=\"application\/ld+json\" class=\"yoast-schema-graph\">{\"@context\":\"https:\\\/\\\/schema.org\",\"@graph\":[{\"@type\":\"WebPage\",\"@id\":\"https:\\\/\\\/wp.kristdemokraterna.se\\\/savsjo\\\/engagera-dig\\\/bli-medlem\\\/\",\"url\":\"https:\\\/\\\/wp.kristdemokraterna.se\\\/savsjo\\\/engagera-dig\\\/bli-medlem\\\/\",\"name\":\"Bli medlem - S\u00e4vsj\u00f6\",\"isPartOf\":{\"@id\":\"https:\\\/\\\/wp.kristdemokraterna.se\\\/savsjo\\\/#website\"},\"datePublished\":\"2014-02-02T19:54:20+00:00\",\"dateModified\":\"2019-01-13T15:03:55+00:00\",\"breadcrumb\":{\"@id\":\"https:\\\/\\\/wp.kristdemokraterna.se\\\/savsjo\\\/engagera-dig\\\/bli-medlem\\\/#breadcrumb\"},\"inLanguage\":\"sv-SE\",\"potentialAction\":[{\"@type\":\"ReadAction\",\"target\":[\"https:\\\/\\\/wp.kristdemokraterna.se\\\/savsjo\\\/engagera-dig\\\/bli-medlem\\\/\"]}]},{\"@type\":\"BreadcrumbList\",\"@id\":\"https:\\\/\\\/wp.kristdemokraterna.se\\\/savsjo\\\/engagera-dig\\\/bli-medlem\\\/#breadcrumb\",\"itemListElement\":[{\"@type\":\"ListItem\",\"position\":1,\"name\":\"Hem\",\"item\":\"https:\\\/\\\/wp.kristdemokraterna.se\\\/savsjo\\\/\"},{\"@type\":\"ListItem\",\"position\":2,\"name\":\"Engagera dig\",\"item\":\"https:\\\/\\\/wp.kristdemokraterna.se\\\/savsjo\\\/engagera-dig\\\/\"},{\"@type\":\"ListItem\",\"position\":3,\"name\":\"Bli medlem\"}]},{\"@type\":\"WebSite\",\"@id\":\"https:\\\/\\\/wp.kristdemokraterna.se\\\/savsjo\\\/#website\",\"url\":\"https:\\\/\\\/wp.kristdemokraterna.se\\\/savsjo\\\/\",\"name\":\"S\u00e4vsj\u00f6\",\"description\":\"\",\"inLanguage\":\"sv-SE\"}]}<\/script>\n<!-- \/ Yoast SEO plugin. -->","yoast_head_json":{"title":"Bli medlem - S\u00e4vsj\u00f6","robots":{"index":"index","follow":"follow","max-snippet":"max-snippet:-1","max-image-preview":"max-image-preview:large","max-video-preview":"max-video-preview:-1"},"canonical":"https:\/\/wp.kristdemokraterna.se\/savsjo\/engagera-dig\/bli-medlem\/","og_locale":"sv_SE","og_type":"article","og_title":"Bli medlem - S\u00e4vsj\u00f6","og_description":"Om Du delar v\u00e5r kristna v\u00e4rdegrund uppskattar vi om du v\u00e4ljer att bli medlem i v\u00e5r partiavdelning. Genom ett medlemskap st\u00f6djer du v\u00e5rt arbete f\u00f6r ett samh\u00e4lle med\u00a0mer medm\u00e4nsklighet och r\u00e4tt till sj\u00e4lvbest\u00e4mmande. Medlemsavgiften f\u00f6r f\u00f6rsta \u00e5ret \u00e4r 150 kr. I ditt v\u00e4lkomstpaket, som du f\u00e5r hemskickat n\u00e5gon vecka efter att du ans\u00f6kt om medlemskap, Read More","og_url":"https:\/\/wp.kristdemokraterna.se\/savsjo\/engagera-dig\/bli-medlem\/","og_site_name":"S\u00e4vsj\u00f6","article_modified_time":"2019-01-13T15:03:55+00:00","twitter_card":"summary_large_image","twitter_misc":{"Ber\u00e4knad l\u00e4stid":"1 minut"},"schema":{"@context":"https:\/\/schema.org","@graph":[{"@type":"WebPage","@id":"https:\/\/wp.kristdemokraterna.se\/savsjo\/engagera-dig\/bli-medlem\/","url":"https:\/\/wp.kristdemokraterna.se\/savsjo\/engagera-dig\/bli-medlem\/","name":"Bli medlem - S\u00e4vsj\u00f6","isPartOf":{"@id":"https:\/\/wp.kristdemokraterna.se\/savsjo\/#website"},"datePublished":"2014-02-02T19:54:20+00:00","dateModified":"2019-01-13T15:03:55+00:00","breadcrumb":{"@id":"https:\/\/wp.kristdemokraterna.se\/savsjo\/engagera-dig\/bli-medlem\/#breadcrumb"},"inLanguage":"sv-SE","potentialAction":[{"@type":"ReadAction","target":["https:\/\/wp.kristdemokraterna.se\/savsjo\/engagera-dig\/bli-medlem\/"]}]},{"@type":"BreadcrumbList","@id":"https:\/\/wp.kristdemokraterna.se\/savsjo\/engagera-dig\/bli-medlem\/#breadcrumb","itemListElement":[{"@type":"ListItem","position":1,"name":"Hem","item":"https:\/\/wp.kristdemokraterna.se\/savsjo\/"},{"@type":"ListItem","position":2,"name":"Engagera dig","item":"https:\/\/wp.kristdemokraterna.se\/savsjo\/engagera-dig\/"},{"@type":"ListItem","position":3,"name":"Bli medlem"}]},{"@type":"WebSite","@id":"https:\/\/wp.kristdemokraterna.se\/savsjo\/#website","url":"https:\/\/wp.kristdemokraterna.se\/savsjo\/","name":"S\u00e4vsj\u00f6","description":"","inLanguage":"sv-SE"}]}},"_links":{"self":[{"href":"https:\/\/wp.kristdemokraterna.se\/savsjo\/wp-json\/wp\/v2\/pages\/139","targetHints":{"allow":["GET"]}}],"collection":[{"href":"https:\/\/wp.kristdemokraterna.se\/savsjo\/wp-json\/wp\/v2\/pages"}],"about":[{"href":"https:\/\/wp.kristdemokraterna.se\/savsjo\/wp-json\/wp\/v2\/types\/page"}],"author":[{"embeddable":true,"href":"https:\/\/wp.kristdemokraterna.se\/savsjo\/wp-json\/wp\/v2\/users\/430"}],"replies":[{"embeddable":true,"href":"https:\/\/wp.kristdemokraterna.se\/savsjo\/wp-json\/wp\/v2\/comments?post=139"}],"version-history":[{"count":8,"href":"https:\/\/wp.kristdemokraterna.se\/savsjo\/wp-json\/wp\/v2\/pages\/139\/revisions"}],"predecessor-version":[{"id":2908,"href":"https:\/\/wp.kristdemokraterna.se\/savsjo\/wp-json\/wp\/v2\/pages\/139\/revisions\/2908"}],"up":[{"embeddable":true,"href":"https:\/\/wp.kristdemokraterna.se\/savsjo\/wp-json\/wp\/v2\/pages\/136"}],"wp:attachment":[{"href":"https:\/\/wp.kristdemokraterna.se\/savsjo\/wp-json\/wp\/v2\/media?parent=139"}],"curies":[{"name":"wp","href":"https:\/\/api.w.org\/{rel}","templated":true}]}}