{"id":254,"date":"2014-02-09T21:15:10","date_gmt":"2014-02-09T20:15:10","guid":{"rendered":"http:\/\/wp.kristdemokraterna.se\/savsjo\/?page_id=254"},"modified":"2022-12-05T11:57:32","modified_gmt":"2022-12-05T10:57:32","slug":"valhistorik-savsjo-kommun","status":"publish","type":"page","link":"https:\/\/wp.kristdemokraterna.se\/savsjo\/val\/valhistorik-savsjo-kommun\/","title":{"rendered":"Valhistorik S\u00e4vsj\u00f6 kommun"},"content":{"rendered":"<p>I kommunvalet 2022 f\u00f6rdelades fullm\u00e4ktiges 39 mandat i S\u00e4vsj\u00f6 kommun enligt f\u00f6ljande:<br \/>\nModeraterna 9, Centern 3, Folkpartiet 0, Kristdemokraterna 12, Socialdemokraterna 8, V\u00e4nstern 1 och Sverigedemokraterna 6.<\/p>\n<p>I kommunvalet 2018 f\u00f6rdelades fullm\u00e4ktiges 39 mandat i S\u00e4vsj\u00f6 kommun enligt f\u00f6ljande:<br \/>\nModeraterna 7, Centern 4, Folkpartiet 0, Kristdemokraterna 12, Socialdemokraterna 9, V\u00e4nstern 1 och Sverigedemokraterna 6.<\/p>\n<p>Notabelt \u00e4r att fullm\u00e4ktige till valet 2014 minskades fr\u00e5n 45 ledam\u00f6ter till 39.<br \/>\nBilden nedan med statistik 1973-2010 baseras s\u00e5ledes p\u00e5 ett fullm\u00e4ktige med 45 ledam\u00f6ter, medan \u00e5ret 2014 baseras p\u00e5 39 ledam\u00f6ter.<\/p>\n<p>&nbsp;<\/p>\n<p><a href=\"http:\/\/wp.kristdemokraterna.se\/savsjo\/files\/2019\/02\/statistik-politik-kommun.jpg\"><img loading=\"lazy\" decoding=\"async\" class=\"alignright size-full wp-image-2998\" src=\"http:\/\/wp.kristdemokraterna.se\/savsjo\/files\/2019\/02\/statistik-politik-kommun.jpg\" alt=\"\" width=\"2036\" height=\"596\" srcset=\"https:\/\/wp.kristdemokraterna.se\/savsjo\/files\/2019\/02\/statistik-politik-kommun.jpg 2036w, https:\/\/wp.kristdemokraterna.se\/savsjo\/files\/2019\/02\/statistik-politik-kommun-300x88.jpg 300w, https:\/\/wp.kristdemokraterna.se\/savsjo\/files\/2019\/02\/statistik-politik-kommun-768x225.jpg 768w, https:\/\/wp.kristdemokraterna.se\/savsjo\/files\/2019\/02\/statistik-politik-kommun-540x158.jpg 540w\" sizes=\"auto, (max-width: 2036px) 100vw, 2036px\" \/><\/a><\/p>\n<p>&nbsp;<\/p>\n","protected":false},"excerpt":{"rendered":"<p>I kommunvalet 2022 f\u00f6rdelades fullm\u00e4ktiges 39 mandat i S\u00e4vsj\u00f6 kommun enligt f\u00f6ljande: Moderaterna 9, Centern 3, Folkpartiet 0, Kristdemokraterna 12, Socialdemokraterna 8, V\u00e4nstern 1 och Sverigedemokraterna 6. I kommunvalet 2018 f\u00f6rdelades fullm\u00e4ktiges 39 mandat i S\u00e4vsj\u00f6 kommun enligt f\u00f6ljande: Moderaterna 7, Centern 4, Folkpartiet 0, Kristdemokraterna 12, Socialdemokraterna 9, V\u00e4nstern 1 och Sverigedemokraterna 6. Notabelt <a class=\"read-more-link\" href=\"https:\/\/wp.kristdemokraterna.se\/savsjo\/val\/valhistorik-savsjo-kommun\/\">Read More<\/a><\/p>\n","protected":false},"author":430,"featured_media":0,"parent":198,"menu_order":0,"comment_status":"closed","ping_status":"closed","template":"","meta":{"_acf_changed":false,"footnotes":""},"class_list":["post-254","page","type-page","status-publish","hentry"],"acf":[],"yoast_head":"<!-- This site is optimized with the Yoast SEO plugin v27.4 - https:\/\/yoast.com\/product\/yoast-seo-wordpress\/ -->\n<title>Valhistorik S\u00e4vsj\u00f6 kommun - S\u00e4vsj\u00f6<\/title>\n<meta name=\"robots\" content=\"index, follow, max-snippet:-1, max-image-preview:large, max-video-preview:-1\" \/>\n<link rel=\"canonical\" href=\"https:\/\/wp.kristdemokraterna.se\/savsjo\/val\/valhistorik-savsjo-kommun\/\" \/>\n<meta property=\"og:locale\" content=\"sv_SE\" \/>\n<meta property=\"og:type\" content=\"article\" \/>\n<meta property=\"og:title\" content=\"Valhistorik S\u00e4vsj\u00f6 kommun - S\u00e4vsj\u00f6\" \/>\n<meta property=\"og:description\" content=\"I kommunvalet 2022 f\u00f6rdelades fullm\u00e4ktiges 39 mandat i S\u00e4vsj\u00f6 kommun enligt f\u00f6ljande: Moderaterna 9, Centern 3, Folkpartiet 0, Kristdemokraterna 12, Socialdemokraterna 8, V\u00e4nstern 1 och Sverigedemokraterna 6. I kommunvalet 2018 f\u00f6rdelades fullm\u00e4ktiges 39 mandat i S\u00e4vsj\u00f6 kommun enligt f\u00f6ljande: Moderaterna 7, Centern 4, Folkpartiet 0, Kristdemokraterna 12, Socialdemokraterna 9, V\u00e4nstern 1 och Sverigedemokraterna 6. Notabelt Read More\" \/>\n<meta property=\"og:url\" content=\"https:\/\/wp.kristdemokraterna.se\/savsjo\/val\/valhistorik-savsjo-kommun\/\" \/>\n<meta property=\"og:site_name\" content=\"S\u00e4vsj\u00f6\" \/>\n<meta property=\"article:modified_time\" content=\"2022-12-05T10:57:32+00:00\" \/>\n<meta property=\"og:image\" content=\"http:\/\/wp.kristdemokraterna.se\/savsjo\/files\/2019\/02\/statistik-politik-kommun.jpg\" \/>\n<meta name=\"twitter:card\" content=\"summary_large_image\" \/>\n<meta name=\"twitter:label1\" content=\"Ber\u00e4knad l\u00e4stid\" \/>\n\t<meta name=\"twitter:data1\" content=\"1 minut\" \/>\n<script type=\"application\/ld+json\" class=\"yoast-schema-graph\">{\"@context\":\"https:\\\/\\\/schema.org\",\"@graph\":[{\"@type\":\"WebPage\",\"@id\":\"https:\\\/\\\/wp.kristdemokraterna.se\\\/savsjo\\\/val\\\/valhistorik-savsjo-kommun\\\/\",\"url\":\"https:\\\/\\\/wp.kristdemokraterna.se\\\/savsjo\\\/val\\\/valhistorik-savsjo-kommun\\\/\",\"name\":\"Valhistorik S\u00e4vsj\u00f6 kommun - S\u00e4vsj\u00f6\",\"isPartOf\":{\"@id\":\"https:\\\/\\\/wp.kristdemokraterna.se\\\/savsjo\\\/#website\"},\"primaryImageOfPage\":{\"@id\":\"https:\\\/\\\/wp.kristdemokraterna.se\\\/savsjo\\\/val\\\/valhistorik-savsjo-kommun\\\/#primaryimage\"},\"image\":{\"@id\":\"https:\\\/\\\/wp.kristdemokraterna.se\\\/savsjo\\\/val\\\/valhistorik-savsjo-kommun\\\/#primaryimage\"},\"thumbnailUrl\":\"http:\\\/\\\/wp.kristdemokraterna.se\\\/savsjo\\\/files\\\/2019\\\/02\\\/statistik-politik-kommun.jpg\",\"datePublished\":\"2014-02-09T20:15:10+00:00\",\"dateModified\":\"2022-12-05T10:57:32+00:00\",\"breadcrumb\":{\"@id\":\"https:\\\/\\\/wp.kristdemokraterna.se\\\/savsjo\\\/val\\\/valhistorik-savsjo-kommun\\\/#breadcrumb\"},\"inLanguage\":\"sv-SE\",\"potentialAction\":[{\"@type\":\"ReadAction\",\"target\":[\"https:\\\/\\\/wp.kristdemokraterna.se\\\/savsjo\\\/val\\\/valhistorik-savsjo-kommun\\\/\"]}]},{\"@type\":\"ImageObject\",\"inLanguage\":\"sv-SE\",\"@id\":\"https:\\\/\\\/wp.kristdemokraterna.se\\\/savsjo\\\/val\\\/valhistorik-savsjo-kommun\\\/#primaryimage\",\"url\":\"https:\\\/\\\/wp.kristdemokraterna.se\\\/savsjo\\\/files\\\/2019\\\/02\\\/statistik-politik-kommun.jpg\",\"contentUrl\":\"https:\\\/\\\/wp.kristdemokraterna.se\\\/savsjo\\\/files\\\/2019\\\/02\\\/statistik-politik-kommun.jpg\",\"width\":2036,\"height\":596},{\"@type\":\"BreadcrumbList\",\"@id\":\"https:\\\/\\\/wp.kristdemokraterna.se\\\/savsjo\\\/val\\\/valhistorik-savsjo-kommun\\\/#breadcrumb\",\"itemListElement\":[{\"@type\":\"ListItem\",\"position\":1,\"name\":\"Hem\",\"item\":\"https:\\\/\\\/wp.kristdemokraterna.se\\\/savsjo\\\/\"},{\"@type\":\"ListItem\",\"position\":2,\"name\":\"Val\",\"item\":\"https:\\\/\\\/wp.kristdemokraterna.se\\\/savsjo\\\/val\\\/\"},{\"@type\":\"ListItem\",\"position\":3,\"name\":\"Valhistorik S\u00e4vsj\u00f6 kommun\"}]},{\"@type\":\"WebSite\",\"@id\":\"https:\\\/\\\/wp.kristdemokraterna.se\\\/savsjo\\\/#website\",\"url\":\"https:\\\/\\\/wp.kristdemokraterna.se\\\/savsjo\\\/\",\"name\":\"S\u00e4vsj\u00f6\",\"description\":\"\",\"inLanguage\":\"sv-SE\"}]}<\/script>\n<!-- \/ Yoast SEO plugin. -->","yoast_head_json":{"title":"Valhistorik S\u00e4vsj\u00f6 kommun - S\u00e4vsj\u00f6","robots":{"index":"index","follow":"follow","max-snippet":"max-snippet:-1","max-image-preview":"max-image-preview:large","max-video-preview":"max-video-preview:-1"},"canonical":"https:\/\/wp.kristdemokraterna.se\/savsjo\/val\/valhistorik-savsjo-kommun\/","og_locale":"sv_SE","og_type":"article","og_title":"Valhistorik S\u00e4vsj\u00f6 kommun - S\u00e4vsj\u00f6","og_description":"I kommunvalet 2022 f\u00f6rdelades fullm\u00e4ktiges 39 mandat i S\u00e4vsj\u00f6 kommun enligt f\u00f6ljande: Moderaterna 9, Centern 3, Folkpartiet 0, Kristdemokraterna 12, Socialdemokraterna 8, V\u00e4nstern 1 och Sverigedemokraterna 6. I kommunvalet 2018 f\u00f6rdelades fullm\u00e4ktiges 39 mandat i S\u00e4vsj\u00f6 kommun enligt f\u00f6ljande: Moderaterna 7, Centern 4, Folkpartiet 0, Kristdemokraterna 12, Socialdemokraterna 9, V\u00e4nstern 1 och Sverigedemokraterna 6. Notabelt Read More","og_url":"https:\/\/wp.kristdemokraterna.se\/savsjo\/val\/valhistorik-savsjo-kommun\/","og_site_name":"S\u00e4vsj\u00f6","article_modified_time":"2022-12-05T10:57:32+00:00","og_image":[{"url":"http:\/\/wp.kristdemokraterna.se\/savsjo\/files\/2019\/02\/statistik-politik-kommun.jpg","type":"","width":"","height":""}],"twitter_card":"summary_large_image","twitter_misc":{"Ber\u00e4knad l\u00e4stid":"1 minut"},"schema":{"@context":"https:\/\/schema.org","@graph":[{"@type":"WebPage","@id":"https:\/\/wp.kristdemokraterna.se\/savsjo\/val\/valhistorik-savsjo-kommun\/","url":"https:\/\/wp.kristdemokraterna.se\/savsjo\/val\/valhistorik-savsjo-kommun\/","name":"Valhistorik S\u00e4vsj\u00f6 kommun - S\u00e4vsj\u00f6","isPartOf":{"@id":"https:\/\/wp.kristdemokraterna.se\/savsjo\/#website"},"primaryImageOfPage":{"@id":"https:\/\/wp.kristdemokraterna.se\/savsjo\/val\/valhistorik-savsjo-kommun\/#primaryimage"},"image":{"@id":"https:\/\/wp.kristdemokraterna.se\/savsjo\/val\/valhistorik-savsjo-kommun\/#primaryimage"},"thumbnailUrl":"http:\/\/wp.kristdemokraterna.se\/savsjo\/files\/2019\/02\/statistik-politik-kommun.jpg","datePublished":"2014-02-09T20:15:10+00:00","dateModified":"2022-12-05T10:57:32+00:00","breadcrumb":{"@id":"https:\/\/wp.kristdemokraterna.se\/savsjo\/val\/valhistorik-savsjo-kommun\/#breadcrumb"},"inLanguage":"sv-SE","potentialAction":[{"@type":"ReadAction","target":["https:\/\/wp.kristdemokraterna.se\/savsjo\/val\/valhistorik-savsjo-kommun\/"]}]},{"@type":"ImageObject","inLanguage":"sv-SE","@id":"https:\/\/wp.kristdemokraterna.se\/savsjo\/val\/valhistorik-savsjo-kommun\/#primaryimage","url":"https:\/\/wp.kristdemokraterna.se\/savsjo\/files\/2019\/02\/statistik-politik-kommun.jpg","contentUrl":"https:\/\/wp.kristdemokraterna.se\/savsjo\/files\/2019\/02\/statistik-politik-kommun.jpg","width":2036,"height":596},{"@type":"BreadcrumbList","@id":"https:\/\/wp.kristdemokraterna.se\/savsjo\/val\/valhistorik-savsjo-kommun\/#breadcrumb","itemListElement":[{"@type":"ListItem","position":1,"name":"Hem","item":"https:\/\/wp.kristdemokraterna.se\/savsjo\/"},{"@type":"ListItem","position":2,"name":"Val","item":"https:\/\/wp.kristdemokraterna.se\/savsjo\/val\/"},{"@type":"ListItem","position":3,"name":"Valhistorik S\u00e4vsj\u00f6 kommun"}]},{"@type":"WebSite","@id":"https:\/\/wp.kristdemokraterna.se\/savsjo\/#website","url":"https:\/\/wp.kristdemokraterna.se\/savsjo\/","name":"S\u00e4vsj\u00f6","description":"","inLanguage":"sv-SE"}]}},"_links":{"self":[{"href":"https:\/\/wp.kristdemokraterna.se\/savsjo\/wp-json\/wp\/v2\/pages\/254","targetHints":{"allow":["GET"]}}],"collection":[{"href":"https:\/\/wp.kristdemokraterna.se\/savsjo\/wp-json\/wp\/v2\/pages"}],"about":[{"href":"https:\/\/wp.kristdemokraterna.se\/savsjo\/wp-json\/wp\/v2\/types\/page"}],"author":[{"embeddable":true,"href":"https:\/\/wp.kristdemokraterna.se\/savsjo\/wp-json\/wp\/v2\/users\/430"}],"replies":[{"embeddable":true,"href":"https:\/\/wp.kristdemokraterna.se\/savsjo\/wp-json\/wp\/v2\/comments?post=254"}],"version-history":[{"count":11,"href":"https:\/\/wp.kristdemokraterna.se\/savsjo\/wp-json\/wp\/v2\/pages\/254\/revisions"}],"predecessor-version":[{"id":3819,"href":"https:\/\/wp.kristdemokraterna.se\/savsjo\/wp-json\/wp\/v2\/pages\/254\/revisions\/3819"}],"up":[{"embeddable":true,"href":"https:\/\/wp.kristdemokraterna.se\/savsjo\/wp-json\/wp\/v2\/pages\/198"}],"wp:attachment":[{"href":"https:\/\/wp.kristdemokraterna.se\/savsjo\/wp-json\/wp\/v2\/media?parent=254"}],"curies":[{"name":"wp","href":"https:\/\/api.w.org\/{rel}","templated":true}]}}

Valhistorik Sävsjö kommun

<p>I kommunvalet 2022 fördelades fullmäktiges 39 mandat i Sävsjö kommun enligt följande:<br />
Moderaterna 9, Centern 3, Folkpartiet 0, Kristdemokraterna 12, Socialdemokraterna 8, Vänstern 1 och Sverigedemokraterna 6.</p>
<p>I kommunvalet 2018 fördelades fullmäktiges 39 mandat i Sävsjö kommun enligt följande:<br />
Moderaterna 7, Centern 4, Folkpartiet 0, Kristdemokraterna 12, Socialdemokraterna 9, Vänstern 1 och Sverigedemokraterna 6.</p>
<p>Notabelt är att fullmäktige till valet 2014 minskades från 45 ledamöter till 39.<br />
Bilden nedan med statistik 1973-2010 baseras således på ett fullmäktige med 45 ledamöter, medan året 2014 baseras på 39 ledamöter.</p>
<p>&nbsp;</p>
<p><a href="http://wp.kristdemokraterna.se/savsjo/files/2019/02/statistik-politik-kommun.jpg"><img loading="lazy" decoding="async" class="alignright size-full wp-image-2998" src="http://wp.kristdemokraterna.se/savsjo/files/2019/02/statistik-politik-kommun.jpg" alt="" width="2036" height="596" srcset="https://wp.kristdemokraterna.se/savsjo/files/2019/02/statistik-politik-kommun.jpg 2036w, https://wp.kristdemokraterna.se/savsjo/files/2019/02/statistik-politik-kommun-300x88.jpg 300w, https://wp.kristdemokraterna.se/savsjo/files/2019/02/statistik-politik-kommun-768x225.jpg 768w, https://wp.kristdemokraterna.se/savsjo/files/2019/02/statistik-politik-kommun-540x158.jpg 540w" sizes="auto, (max-width: 2036px) 100vw, 2036px" /></a></p>
<p>&nbsp;</p>

<p>I kommunvalet 2022 fördelades fullmäktiges 39 mandat i Sävsjö kommun enligt följande: Moderaterna 9, Centern 3, Folkpartiet 0, Kristdemokraterna 12, Socialdemokraterna 8, Vänstern 1 och Sverigedemokraterna 6. I kommunvalet 2018 fördelades fullmäktiges 39 mandat i Sävsjö kommun enligt följande: Moderaterna 7, Centern 4, Folkpartiet 0, Kristdemokraterna 12, Socialdemokraterna 9, Vänstern 1 och Sverigedemokraterna 6. Notabelt <a class="read-more-link" href="https://wp.kristdemokraterna.se/savsjo/val/valhistorik-savsjo-kommun/">Read More</a></p>

<!-- This site is optimized with the Yoast SEO plugin v27.4 - https://yoast.com/product/yoast-seo-wordpress/ -->
<title>Valhistorik Sävsjö kommun - Sävsjö</title>
<meta name="robots" content="index, follow, max-snippet:-1, max-image-preview:large, max-video-preview:-1" />
<link rel="canonical" href="https://wp.kristdemokraterna.se/savsjo/val/valhistorik-savsjo-kommun/" />
<meta property="og:locale" content="sv_SE" />
<meta property="og:type" content="article" />
<meta property="og:title" content="Valhistorik Sävsjö kommun - Sävsjö" />
<meta property="og:description" content="I kommunvalet 2022 fördelades fullmäktiges 39 mandat i Sävsjö kommun enligt följande: Moderaterna 9, Centern 3, Folkpartiet 0, Kristdemokraterna 12, Socialdemokraterna 8, Vänstern 1 och Sverigedemokraterna 6. I kommunvalet 2018 fördelades fullmäktiges 39 mandat i Sävsjö kommun enligt följande: Moderaterna 7, Centern 4, Folkpartiet 0, Kristdemokraterna 12, Socialdemokraterna 9, Vänstern 1 och Sverigedemokraterna 6. Notabelt Read More" />
<meta property="og:url" content="https://wp.kristdemokraterna.se/savsjo/val/valhistorik-savsjo-kommun/" />
<meta property="og:site_name" content="Sävsjö" />
<meta property="article:modified_time" content="2022-12-05T10:57:32+00:00" />
<meta property="og:image" content="http://wp.kristdemokraterna.se/savsjo/files/2019/02/statistik-politik-kommun.jpg" />
<meta name="twitter:card" content="summary_large_image" />
<meta name="twitter:label1" content="Beräknad lästid" />
	<meta name="twitter:data1" content="1 minut" />
<script type="application/ld+json" class="yoast-schema-graph">{"@context":"https:\/\/schema.org","@graph":[{"@type":"WebPage","@id":"https:\/\/wp.kristdemokraterna.se\/savsjo\/val\/valhistorik-savsjo-kommun\/","url":"https:\/\/wp.kristdemokraterna.se\/savsjo\/val\/valhistorik-savsjo-kommun\/","name":"Valhistorik Sävsjö kommun - Sävsjö","isPartOf":{"@id":"https:\/\/wp.kristdemokraterna.se\/savsjo\/#website"},"primaryImageOfPage":{"@id":"https:\/\/wp.kristdemokraterna.se\/savsjo\/val\/valhistorik-savsjo-kommun\/#primaryimage"},"image":{"@id":"https:\/\/wp.kristdemokraterna.se\/savsjo\/val\/valhistorik-savsjo-kommun\/#primaryimage"},"thumbnailUrl":"http:\/\/wp.kristdemokraterna.se\/savsjo\/files\/2019\/02\/statistik-politik-kommun.jpg","datePublished":"2014-02-09T20:15:10+00:00","dateModified":"2022-12-05T10:57:32+00:00","breadcrumb":{"@id":"https:\/\/wp.kristdemokraterna.se\/savsjo\/val\/valhistorik-savsjo-kommun\/#breadcrumb"},"inLanguage":"sv-SE","potentialAction":[{"@type":"ReadAction","target":["https:\/\/wp.kristdemokraterna.se\/savsjo\/val\/valhistorik-savsjo-kommun\/"]}]},{"@type":"ImageObject","inLanguage":"sv-SE","@id":"https:\/\/wp.kristdemokraterna.se\/savsjo\/val\/valhistorik-savsjo-kommun\/#primaryimage","url":"https:\/\/wp.kristdemokraterna.se\/savsjo\/files\/2019\/02\/statistik-politik-kommun.jpg","contentUrl":"https:\/\/wp.kristdemokraterna.se\/savsjo\/files\/2019\/02\/statistik-politik-kommun.jpg","width":2036,"height":596},{"@type":"BreadcrumbList","@id":"https:\/\/wp.kristdemokraterna.se\/savsjo\/val\/valhistorik-savsjo-kommun\/#breadcrumb","itemListElement":[{"@type":"ListItem","position":1,"name":"Hem","item":"https:\/\/wp.kristdemokraterna.se\/savsjo\/"},{"@type":"ListItem","position":2,"name":"Val","item":"https:\/\/wp.kristdemokraterna.se\/savsjo\/val\/"},{"@type":"ListItem","position":3,"name":"Valhistorik Sävsjö kommun"}]},{"@type":"WebSite","@id":"https:\/\/wp.kristdemokraterna.se\/savsjo\/#website","url":"https:\/\/wp.kristdemokraterna.se\/savsjo\/","name":"Sävsjö","description":"","inLanguage":"sv-SE"}]}</script>
<!-- / Yoast SEO plugin. -->

Valhistorik Sävsjö kommun - Sävsjö

I kommunvalet 2022 fördelades fullmäktiges 39 mandat i Sävsjö kommun enligt följande: Moderaterna 9, Centern 3, Folkpartiet 0, Kristdemokraterna 12, Socialdemokraterna 8, Vänstern 1 och Sverigedemokraterna 6. I kommunvalet 2018 fördelades fullmäktiges 39 mandat i Sävsjö kommun enligt följande: Moderaterna 7, Centern 4, Folkpartiet 0, Kristdemokraterna 12, Socialdemokraterna 9, Vänstern 1 och Sverigedemokraterna 6. Notabelt Read More

Sävsjö
