{"id":280,"date":"2014-02-11T19:37:17","date_gmt":"2014-02-11T18:37:17","guid":{"rendered":"http:\/\/wp.kristdemokraterna.se\/savsjo\/?page_id=280"},"modified":"2019-01-09T12:14:46","modified_gmt":"2019-01-09T11:14:46","slug":"principprogram","status":"publish","type":"page","link":"https:\/\/wp.kristdemokraterna.se\/savsjo\/om-oss\/principprogram\/","title":{"rendered":"Principprogram"},"content":{"rendered":"<p>P\u00e5 l\u00e4nken hittar Du Kristdemokraternas principprogram som utarbetades och remissbehandlades av partiets drygt 300 lokalavdelningar och associerade f\u00f6rbund under \u00e5r 2000. Principprogrammet antogs slutligen av partiets h\u00f6gsta beslutande organ &#8211; Rikstinget, 28 juni &#8211; 1 juli 2001. I principprogrammet kan du l\u00e4sa om v\u00e5ra grundl\u00e4ggande v\u00e4rderingar p\u00e5 olika omr\u00e5den. V\u00e5rt principprogram motsvarar det som av n\u00e5gra andra partier kan kallas partiprogram.<\/p>\n<p><a href=\"http:\/\/www.kd.nu\/principprogram.pdf\" target=\"_blank\" rel=\"noopener\">http:\/\/www.kd.nu\/principprogram.pdf<\/a><\/p>\n","protected":false},"excerpt":{"rendered":"<p>P\u00e5 l\u00e4nken hittar Du Kristdemokraternas principprogram som utarbetades och remissbehandlades av partiets drygt 300 lokalavdelningar och associerade f\u00f6rbund under \u00e5r 2000. Principprogrammet antogs slutligen av partiets h\u00f6gsta beslutande organ &#8211; Rikstinget, 28 juni &#8211; 1 juli 2001. I principprogrammet kan du l\u00e4sa om v\u00e5ra grundl\u00e4ggande v\u00e4rderingar p\u00e5 olika omr\u00e5den. V\u00e5rt principprogram motsvarar det som av <a class=\"read-more-link\" href=\"https:\/\/wp.kristdemokraterna.se\/savsjo\/om-oss\/principprogram\/\">Read More<\/a><\/p>\n","protected":false},"author":430,"featured_media":0,"parent":116,"menu_order":0,"comment_status":"closed","ping_status":"closed","template":"","meta":{"_acf_changed":false,"footnotes":""},"class_list":["post-280","page","type-page","status-publish","hentry"],"acf":[],"yoast_head":"<!-- This site is optimized with the Yoast SEO plugin v27.4 - https:\/\/yoast.com\/product\/yoast-seo-wordpress\/ -->\n<title>Principprogram - S\u00e4vsj\u00f6<\/title>\n<meta name=\"robots\" content=\"index, follow, max-snippet:-1, max-image-preview:large, max-video-preview:-1\" \/>\n<link rel=\"canonical\" href=\"https:\/\/wp.kristdemokraterna.se\/savsjo\/om-oss\/principprogram\/\" \/>\n<meta property=\"og:locale\" content=\"sv_SE\" \/>\n<meta property=\"og:type\" content=\"article\" \/>\n<meta property=\"og:title\" content=\"Principprogram - S\u00e4vsj\u00f6\" \/>\n<meta property=\"og:description\" content=\"P\u00e5 l\u00e4nken hittar Du Kristdemokraternas principprogram som utarbetades och remissbehandlades av partiets drygt 300 lokalavdelningar och associerade f\u00f6rbund under \u00e5r 2000. Principprogrammet antogs slutligen av partiets h\u00f6gsta beslutande organ &#8211; Rikstinget, 28 juni &#8211; 1 juli 2001. I principprogrammet kan du l\u00e4sa om v\u00e5ra grundl\u00e4ggande v\u00e4rderingar p\u00e5 olika omr\u00e5den. V\u00e5rt principprogram motsvarar det som av Read More\" \/>\n<meta property=\"og:url\" content=\"https:\/\/wp.kristdemokraterna.se\/savsjo\/om-oss\/principprogram\/\" \/>\n<meta property=\"og:site_name\" content=\"S\u00e4vsj\u00f6\" \/>\n<meta property=\"article:modified_time\" content=\"2019-01-09T11:14:46+00:00\" \/>\n<meta name=\"twitter:card\" content=\"summary_large_image\" \/>\n<script type=\"application\/ld+json\" class=\"yoast-schema-graph\">{\"@context\":\"https:\\\/\\\/schema.org\",\"@graph\":[{\"@type\":\"WebPage\",\"@id\":\"https:\\\/\\\/wp.kristdemokraterna.se\\\/savsjo\\\/om-oss\\\/principprogram\\\/\",\"url\":\"https:\\\/\\\/wp.kristdemokraterna.se\\\/savsjo\\\/om-oss\\\/principprogram\\\/\",\"name\":\"Principprogram - S\u00e4vsj\u00f6\",\"isPartOf\":{\"@id\":\"https:\\\/\\\/wp.kristdemokraterna.se\\\/savsjo\\\/#website\"},\"datePublished\":\"2014-02-11T18:37:17+00:00\",\"dateModified\":\"2019-01-09T11:14:46+00:00\",\"breadcrumb\":{\"@id\":\"https:\\\/\\\/wp.kristdemokraterna.se\\\/savsjo\\\/om-oss\\\/principprogram\\\/#breadcrumb\"},\"inLanguage\":\"sv-SE\",\"potentialAction\":[{\"@type\":\"ReadAction\",\"target\":[\"https:\\\/\\\/wp.kristdemokraterna.se\\\/savsjo\\\/om-oss\\\/principprogram\\\/\"]}]},{\"@type\":\"BreadcrumbList\",\"@id\":\"https:\\\/\\\/wp.kristdemokraterna.se\\\/savsjo\\\/om-oss\\\/principprogram\\\/#breadcrumb\",\"itemListElement\":[{\"@type\":\"ListItem\",\"position\":1,\"name\":\"Hem\",\"item\":\"https:\\\/\\\/wp.kristdemokraterna.se\\\/savsjo\\\/\"},{\"@type\":\"ListItem\",\"position\":2,\"name\":\"Om oss\",\"item\":\"https:\\\/\\\/wp.kristdemokraterna.se\\\/savsjo\\\/om-oss\\\/\"},{\"@type\":\"ListItem\",\"position\":3,\"name\":\"Principprogram\"}]},{\"@type\":\"WebSite\",\"@id\":\"https:\\\/\\\/wp.kristdemokraterna.se\\\/savsjo\\\/#website\",\"url\":\"https:\\\/\\\/wp.kristdemokraterna.se\\\/savsjo\\\/\",\"name\":\"S\u00e4vsj\u00f6\",\"description\":\"\",\"inLanguage\":\"sv-SE\"}]}<\/script>\n<!-- \/ Yoast SEO plugin. -->","yoast_head_json":{"title":"Principprogram - S\u00e4vsj\u00f6","robots":{"index":"index","follow":"follow","max-snippet":"max-snippet:-1","max-image-preview":"max-image-preview:large","max-video-preview":"max-video-preview:-1"},"canonical":"https:\/\/wp.kristdemokraterna.se\/savsjo\/om-oss\/principprogram\/","og_locale":"sv_SE","og_type":"article","og_title":"Principprogram - S\u00e4vsj\u00f6","og_description":"P\u00e5 l\u00e4nken hittar Du Kristdemokraternas principprogram som utarbetades och remissbehandlades av partiets drygt 300 lokalavdelningar och associerade f\u00f6rbund under \u00e5r 2000. Principprogrammet antogs slutligen av partiets h\u00f6gsta beslutande organ &#8211; Rikstinget, 28 juni &#8211; 1 juli 2001. I principprogrammet kan du l\u00e4sa om v\u00e5ra grundl\u00e4ggande v\u00e4rderingar p\u00e5 olika omr\u00e5den. V\u00e5rt principprogram motsvarar det som av Read More","og_url":"https:\/\/wp.kristdemokraterna.se\/savsjo\/om-oss\/principprogram\/","og_site_name":"S\u00e4vsj\u00f6","article_modified_time":"2019-01-09T11:14:46+00:00","twitter_card":"summary_large_image","schema":{"@context":"https:\/\/schema.org","@graph":[{"@type":"WebPage","@id":"https:\/\/wp.kristdemokraterna.se\/savsjo\/om-oss\/principprogram\/","url":"https:\/\/wp.kristdemokraterna.se\/savsjo\/om-oss\/principprogram\/","name":"Principprogram - S\u00e4vsj\u00f6","isPartOf":{"@id":"https:\/\/wp.kristdemokraterna.se\/savsjo\/#website"},"datePublished":"2014-02-11T18:37:17+00:00","dateModified":"2019-01-09T11:14:46+00:00","breadcrumb":{"@id":"https:\/\/wp.kristdemokraterna.se\/savsjo\/om-oss\/principprogram\/#breadcrumb"},"inLanguage":"sv-SE","potentialAction":[{"@type":"ReadAction","target":["https:\/\/wp.kristdemokraterna.se\/savsjo\/om-oss\/principprogram\/"]}]},{"@type":"BreadcrumbList","@id":"https:\/\/wp.kristdemokraterna.se\/savsjo\/om-oss\/principprogram\/#breadcrumb","itemListElement":[{"@type":"ListItem","position":1,"name":"Hem","item":"https:\/\/wp.kristdemokraterna.se\/savsjo\/"},{"@type":"ListItem","position":2,"name":"Om oss","item":"https:\/\/wp.kristdemokraterna.se\/savsjo\/om-oss\/"},{"@type":"ListItem","position":3,"name":"Principprogram"}]},{"@type":"WebSite","@id":"https:\/\/wp.kristdemokraterna.se\/savsjo\/#website","url":"https:\/\/wp.kristdemokraterna.se\/savsjo\/","name":"S\u00e4vsj\u00f6","description":"","inLanguage":"sv-SE"}]}},"_links":{"self":[{"href":"https:\/\/wp.kristdemokraterna.se\/savsjo\/wp-json\/wp\/v2\/pages\/280","targetHints":{"allow":["GET"]}}],"collection":[{"href":"https:\/\/wp.kristdemokraterna.se\/savsjo\/wp-json\/wp\/v2\/pages"}],"about":[{"href":"https:\/\/wp.kristdemokraterna.se\/savsjo\/wp-json\/wp\/v2\/types\/page"}],"author":[{"embeddable":true,"href":"https:\/\/wp.kristdemokraterna.se\/savsjo\/wp-json\/wp\/v2\/users\/430"}],"replies":[{"embeddable":true,"href":"https:\/\/wp.kristdemokraterna.se\/savsjo\/wp-json\/wp\/v2\/comments?post=280"}],"version-history":[{"count":4,"href":"https:\/\/wp.kristdemokraterna.se\/savsjo\/wp-json\/wp\/v2\/pages\/280\/revisions"}],"predecessor-version":[{"id":2903,"href":"https:\/\/wp.kristdemokraterna.se\/savsjo\/wp-json\/wp\/v2\/pages\/280\/revisions\/2903"}],"up":[{"embeddable":true,"href":"https:\/\/wp.kristdemokraterna.se\/savsjo\/wp-json\/wp\/v2\/pages\/116"}],"wp:attachment":[{"href":"https:\/\/wp.kristdemokraterna.se\/savsjo\/wp-json\/wp\/v2\/media?parent=280"}],"curies":[{"name":"wp","href":"https:\/\/api.w.org\/{rel}","templated":true}]}}