{"id":617,"date":"2012-06-01T12:05:41","date_gmt":"2012-06-01T12:05:41","guid":{"rendered":"http:\/\/wpskane.kristdemokraterna.se\/simrishamn\/?page_id=8"},"modified":"2026-03-25T13:12:43","modified_gmt":"2026-03-25T12:12:43","slug":"aktuellt-3","status":"publish","type":"page","link":"https:\/\/wp.kristdemokraterna.se\/simrishamn\/aktuellt-3\/","title":{"rendered":"Aktuellt"},"content":{"rendered":"<h1 data-pm-slice=\"0 0 []\"><strong>Vi v\u00e4xer \u2013 redo f\u00f6r valr\u00f6relsen 2026<\/strong><\/h1>\n<p>Kristdemokraterna i Simrishamn st\u00e5r starka inf\u00f6r valet 2026. Engagemanget \u00f6kar och fler ansluter sig. D\u00e4rf\u00f6r g\u00e5r vi in i valr\u00f6relsen med ett tydligt fokus: att driva en politik som s\u00e4tter ansvar, trygghet och framtidstro i centrum. Med driv leder Paul Frogner Kockum arbetet fram\u00e5t. Han visar riktningen f\u00f6r partiet lokalt. Samtidigt samlar Anne-Li laget i sin roll som gruppledare och ser till att politiken blir konkret f\u00f6r kommunens inv\u00e5nare.<\/p>\n<p>Dessutom v\u00e4xer en ny kraft fram inom partiet. Allt fler unga engagerar sig, och en ny generation kliver fram. Genom sitt arbete i KDU Syd\u00f6stra Sk\u00e5ne samlar Philip Soares Olson ungdomar, samtidigt som en bred r\u00f6relse tar form inf\u00f6r valkampanjen. Bland de unga som nu tar plats finns Isaac Ohlsson, 18 \u00e5r. Med energi, engagemang och nya perspektiv st\u00e4rker han arbetet. Att unga finns med p\u00e5 v\u00e5ra listor visar tydligt att framtiden redan \u00e4r h\u00e4r. Samtidigt blir det ett bevis p\u00e5 att vi menar allvar med att f\u00f6rnya och utveckla v\u00e5r politik.<\/p>\n<p>Tillsammans g\u00e5r vi nu in i valr\u00f6relsen 2026. Med starkt ledarskap och ett v\u00e4xande engagemang \u2013 s\u00e4rskilt bland unga \u2013 tar vi n\u00e4sta steg.<\/p>\n<p>Vi \u00e4r redo.<\/p>\n","protected":false},"excerpt":{"rendered":"<p>Vi v\u00e4xer \u2013 redo f\u00f6r valr\u00f6relsen 2026 Kristdemokraterna i Simrishamn st\u00e5r starka inf\u00f6r valet 2026. Engagemanget \u00f6kar och fler ansluter sig. D\u00e4rf\u00f6r g\u00e5r vi in i valr\u00f6relsen med ett tydligt fokus: att driva en politik som s\u00e4tter ansvar, trygghet och framtidstro i centrum. Med driv leder Paul Frogner Kockum arbetet fram\u00e5t. Han visar riktningen f\u00f6r <a class=\"read-more-link\" href=\"https:\/\/wp.kristdemokraterna.se\/simrishamn\/aktuellt-3\/\">L\u00e4s mer<\/a><\/p>\n","protected":false},"author":444,"featured_media":0,"parent":0,"menu_order":0,"comment_status":"closed","ping_status":"closed","template":"","meta":{"_acf_changed":false,"footnotes":""},"class_list":["post-617","page","type-page","status-publish","hentry"],"acf":[],"yoast_head":"<!-- This site is optimized with the Yoast SEO plugin v27.4 - https:\/\/yoast.com\/product\/yoast-seo-wordpress\/ -->\n<title>Aktuellt - Kristdemokraterna | Simrishamn<\/title>\n<meta name=\"robots\" content=\"index, follow, max-snippet:-1, max-image-preview:large, max-video-preview:-1\" \/>\n<link rel=\"canonical\" href=\"https:\/\/wp.kristdemokraterna.se\/simrishamn\/aktuellt-3\/\" \/>\n<meta property=\"og:locale\" content=\"sv_SE\" \/>\n<meta property=\"og:type\" content=\"article\" \/>\n<meta property=\"og:title\" content=\"Aktuellt - Kristdemokraterna | Simrishamn\" \/>\n<meta property=\"og:description\" content=\"Vi v\u00e4xer \u2013 redo f\u00f6r valr\u00f6relsen 2026 Kristdemokraterna i Simrishamn st\u00e5r starka inf\u00f6r valet 2026. Engagemanget \u00f6kar och fler ansluter sig. D\u00e4rf\u00f6r g\u00e5r vi in i valr\u00f6relsen med ett tydligt fokus: att driva en politik som s\u00e4tter ansvar, trygghet och framtidstro i centrum. Med driv leder Paul Frogner Kockum arbetet fram\u00e5t. Han visar riktningen f\u00f6r L\u00e4s mer\" \/>\n<meta property=\"og:url\" content=\"https:\/\/wp.kristdemokraterna.se\/simrishamn\/aktuellt-3\/\" \/>\n<meta property=\"og:site_name\" content=\"Kristdemokraterna | Simrishamn\" \/>\n<meta property=\"article:modified_time\" content=\"2026-03-25T12:12:43+00:00\" \/>\n<meta name=\"twitter:card\" content=\"summary_large_image\" \/>\n<meta name=\"twitter:label1\" content=\"Ber\u00e4knad l\u00e4stid\" \/>\n\t<meta name=\"twitter:data1\" content=\"1 minut\" \/>\n<script type=\"application\/ld+json\" class=\"yoast-schema-graph\">{\"@context\":\"https:\\\/\\\/schema.org\",\"@graph\":[{\"@type\":\"WebPage\",\"@id\":\"https:\\\/\\\/wp.kristdemokraterna.se\\\/simrishamn\\\/aktuellt-3\\\/\",\"url\":\"https:\\\/\\\/wp.kristdemokraterna.se\\\/simrishamn\\\/aktuellt-3\\\/\",\"name\":\"Aktuellt - Kristdemokraterna | Simrishamn\",\"isPartOf\":{\"@id\":\"https:\\\/\\\/wp.kristdemokraterna.se\\\/simrishamn\\\/#website\"},\"datePublished\":\"2012-06-01T12:05:41+00:00\",\"dateModified\":\"2026-03-25T12:12:43+00:00\",\"breadcrumb\":{\"@id\":\"https:\\\/\\\/wp.kristdemokraterna.se\\\/simrishamn\\\/aktuellt-3\\\/#breadcrumb\"},\"inLanguage\":\"sv-SE\",\"potentialAction\":[{\"@type\":\"ReadAction\",\"target\":[\"https:\\\/\\\/wp.kristdemokraterna.se\\\/simrishamn\\\/aktuellt-3\\\/\"]}]},{\"@type\":\"BreadcrumbList\",\"@id\":\"https:\\\/\\\/wp.kristdemokraterna.se\\\/simrishamn\\\/aktuellt-3\\\/#breadcrumb\",\"itemListElement\":[{\"@type\":\"ListItem\",\"position\":1,\"name\":\"Hem\",\"item\":\"https:\\\/\\\/wp.kristdemokraterna.se\\\/simrishamn\\\/\"},{\"@type\":\"ListItem\",\"position\":2,\"name\":\"Aktuellt\"}]},{\"@type\":\"WebSite\",\"@id\":\"https:\\\/\\\/wp.kristdemokraterna.se\\\/simrishamn\\\/#website\",\"url\":\"https:\\\/\\\/wp.kristdemokraterna.se\\\/simrishamn\\\/\",\"name\":\"Kristdemokraterna | Simrishamn\",\"description\":\"\u00c4nnu en webbplats hos Kristdemokraterna\",\"inLanguage\":\"sv-SE\"}]}<\/script>\n<!-- \/ Yoast SEO plugin. -->","yoast_head_json":{"title":"Aktuellt - Kristdemokraterna | Simrishamn","robots":{"index":"index","follow":"follow","max-snippet":"max-snippet:-1","max-image-preview":"max-image-preview:large","max-video-preview":"max-video-preview:-1"},"canonical":"https:\/\/wp.kristdemokraterna.se\/simrishamn\/aktuellt-3\/","og_locale":"sv_SE","og_type":"article","og_title":"Aktuellt - Kristdemokraterna | Simrishamn","og_description":"Vi v\u00e4xer \u2013 redo f\u00f6r valr\u00f6relsen 2026 Kristdemokraterna i Simrishamn st\u00e5r starka inf\u00f6r valet 2026. Engagemanget \u00f6kar och fler ansluter sig. D\u00e4rf\u00f6r g\u00e5r vi in i valr\u00f6relsen med ett tydligt fokus: att driva en politik som s\u00e4tter ansvar, trygghet och framtidstro i centrum. Med driv leder Paul Frogner Kockum arbetet fram\u00e5t. Han visar riktningen f\u00f6r L\u00e4s mer","og_url":"https:\/\/wp.kristdemokraterna.se\/simrishamn\/aktuellt-3\/","og_site_name":"Kristdemokraterna | Simrishamn","article_modified_time":"2026-03-25T12:12:43+00:00","twitter_card":"summary_large_image","twitter_misc":{"Ber\u00e4knad l\u00e4stid":"1 minut"},"schema":{"@context":"https:\/\/schema.org","@graph":[{"@type":"WebPage","@id":"https:\/\/wp.kristdemokraterna.se\/simrishamn\/aktuellt-3\/","url":"https:\/\/wp.kristdemokraterna.se\/simrishamn\/aktuellt-3\/","name":"Aktuellt - Kristdemokraterna | Simrishamn","isPartOf":{"@id":"https:\/\/wp.kristdemokraterna.se\/simrishamn\/#website"},"datePublished":"2012-06-01T12:05:41+00:00","dateModified":"2026-03-25T12:12:43+00:00","breadcrumb":{"@id":"https:\/\/wp.kristdemokraterna.se\/simrishamn\/aktuellt-3\/#breadcrumb"},"inLanguage":"sv-SE","potentialAction":[{"@type":"ReadAction","target":["https:\/\/wp.kristdemokraterna.se\/simrishamn\/aktuellt-3\/"]}]},{"@type":"BreadcrumbList","@id":"https:\/\/wp.kristdemokraterna.se\/simrishamn\/aktuellt-3\/#breadcrumb","itemListElement":[{"@type":"ListItem","position":1,"name":"Hem","item":"https:\/\/wp.kristdemokraterna.se\/simrishamn\/"},{"@type":"ListItem","position":2,"name":"Aktuellt"}]},{"@type":"WebSite","@id":"https:\/\/wp.kristdemokraterna.se\/simrishamn\/#website","url":"https:\/\/wp.kristdemokraterna.se\/simrishamn\/","name":"Kristdemokraterna | Simrishamn","description":"\u00c4nnu en webbplats hos Kristdemokraterna","inLanguage":"sv-SE"}]}},"_links":{"self":[{"href":"https:\/\/wp.kristdemokraterna.se\/simrishamn\/wp-json\/wp\/v2\/pages\/617","targetHints":{"allow":["GET"]}}],"collection":[{"href":"https:\/\/wp.kristdemokraterna.se\/simrishamn\/wp-json\/wp\/v2\/pages"}],"about":[{"href":"https:\/\/wp.kristdemokraterna.se\/simrishamn\/wp-json\/wp\/v2\/types\/page"}],"author":[{"embeddable":true,"href":"https:\/\/wp.kristdemokraterna.se\/simrishamn\/wp-json\/wp\/v2\/users\/444"}],"replies":[{"embeddable":true,"href":"https:\/\/wp.kristdemokraterna.se\/simrishamn\/wp-json\/wp\/v2\/comments?post=617"}],"version-history":[{"count":21,"href":"https:\/\/wp.kristdemokraterna.se\/simrishamn\/wp-json\/wp\/v2\/pages\/617\/revisions"}],"predecessor-version":[{"id":885,"href":"https:\/\/wp.kristdemokraterna.se\/simrishamn\/wp-json\/wp\/v2\/pages\/617\/revisions\/885"}],"wp:attachment":[{"href":"https:\/\/wp.kristdemokraterna.se\/simrishamn\/wp-json\/wp\/v2\/media?parent=617"}],"curies":[{"name":"wp","href":"https:\/\/api.w.org\/{rel}","templated":true}]}}