{"id":31,"date":"2016-04-27T13:54:57","date_gmt":"2016-04-27T11:54:57","guid":{"rendered":"http:\/\/wp.kristdemokraterna.se\/skovde\/?page_id=31"},"modified":"2021-01-27T08:36:28","modified_gmt":"2021-01-27T07:36:28","slug":"styrelsen","status":"publish","type":"page","link":"https:\/\/wp.kristdemokraterna.se\/skovde\/styrelsen\/","title":{"rendered":"Partiavdelningen"},"content":{"rendered":"<p>Kristdemokraterna i Sverige \u00e4r indelade i partiavdelningar, distrikt, regioner och p\u00e5 nationellt niv\u00e5.<\/p>\n<p>I Sk\u00f6vde \u00e4r vi en partiavdelning och tillsammans med de andra avdelningarna i Skaraborg bildar vi ett distrikt. Ordf\u00f6rande f\u00f6r Kristdemokraterna i Skaraborg \u00e4r Annika Eclund, till vardags v\u00e5r riksdagsledamot.<\/p>\n<p>I V\u00e4stra G\u00f6taland har vi bildat ett gemensamt distrikt fr\u00e5n 2021.<\/p>\n<p>P\u00e5 nationell niv\u00e5 m\u00f6ts vi varje \u00e5r till Kommun- och Landstingspolitiska dagar och Partifullm\u00e4ktige. Vartannat \u00e5r har vi Riksting d\u00e5 vi behandlar f\u00f6rslag till framtida politik.<\/p>\n<p>&nbsp;<\/p>\n","protected":false},"excerpt":{"rendered":"<p>Kristdemokraterna i Sverige \u00e4r indelade i partiavdelningar, distrikt, regioner och p\u00e5 nationellt niv\u00e5. I Sk\u00f6vde \u00e4r vi en partiavdelning och tillsammans med de andra avdelningarna i Skaraborg bildar vi ett distrikt. Ordf\u00f6rande f\u00f6r Kristdemokraterna i Skaraborg \u00e4r Annika Eclund, till vardags v\u00e5r riksdagsledamot. I V\u00e4stra G\u00f6taland har vi bildat ett gemensamt distrikt fr\u00e5n 2021. P\u00e5 <a class=\"read-more-link\" href=\"https:\/\/wp.kristdemokraterna.se\/skovde\/styrelsen\/\">Read More<\/a><\/p>\n","protected":false},"author":744,"featured_media":0,"parent":0,"menu_order":0,"comment_status":"closed","ping_status":"closed","template":"","meta":{"_acf_changed":false,"footnotes":""},"class_list":["post-31","page","type-page","status-publish","hentry"],"acf":[],"yoast_head":"<!-- This site is optimized with the Yoast SEO plugin v27.4 - https:\/\/yoast.com\/product\/yoast-seo-wordpress\/ -->\n<title>Partiavdelningen - i Sk\u00f6vde<\/title>\n<meta name=\"robots\" content=\"index, follow, max-snippet:-1, max-image-preview:large, max-video-preview:-1\" \/>\n<link rel=\"canonical\" href=\"https:\/\/wp.kristdemokraterna.se\/skovde\/styrelsen\/\" \/>\n<meta property=\"og:locale\" content=\"sv_SE\" \/>\n<meta property=\"og:type\" content=\"article\" \/>\n<meta property=\"og:title\" content=\"Partiavdelningen - i Sk\u00f6vde\" \/>\n<meta property=\"og:description\" content=\"Kristdemokraterna i Sverige \u00e4r indelade i partiavdelningar, distrikt, regioner och p\u00e5 nationellt niv\u00e5. I Sk\u00f6vde \u00e4r vi en partiavdelning och tillsammans med de andra avdelningarna i Skaraborg bildar vi ett distrikt. Ordf\u00f6rande f\u00f6r Kristdemokraterna i Skaraborg \u00e4r Annika Eclund, till vardags v\u00e5r riksdagsledamot. I V\u00e4stra G\u00f6taland har vi bildat ett gemensamt distrikt fr\u00e5n 2021. P\u00e5 Read More\" \/>\n<meta property=\"og:url\" content=\"https:\/\/wp.kristdemokraterna.se\/skovde\/styrelsen\/\" \/>\n<meta property=\"og:site_name\" content=\"i Sk\u00f6vde\" \/>\n<meta property=\"article:modified_time\" content=\"2021-01-27T07:36:28+00:00\" \/>\n<meta name=\"twitter:card\" content=\"summary_large_image\" \/>\n<meta name=\"twitter:label1\" content=\"Ber\u00e4knad l\u00e4stid\" \/>\n\t<meta name=\"twitter:data1\" content=\"1 minut\" \/>\n<script type=\"application\/ld+json\" class=\"yoast-schema-graph\">{\"@context\":\"https:\\\/\\\/schema.org\",\"@graph\":[{\"@type\":\"WebPage\",\"@id\":\"https:\\\/\\\/wp.kristdemokraterna.se\\\/skovde\\\/styrelsen\\\/\",\"url\":\"https:\\\/\\\/wp.kristdemokraterna.se\\\/skovde\\\/styrelsen\\\/\",\"name\":\"Partiavdelningen - i Sk\u00f6vde\",\"isPartOf\":{\"@id\":\"https:\\\/\\\/wp.kristdemokraterna.se\\\/skovde\\\/#website\"},\"datePublished\":\"2016-04-27T11:54:57+00:00\",\"dateModified\":\"2021-01-27T07:36:28+00:00\",\"breadcrumb\":{\"@id\":\"https:\\\/\\\/wp.kristdemokraterna.se\\\/skovde\\\/styrelsen\\\/#breadcrumb\"},\"inLanguage\":\"sv-SE\",\"potentialAction\":[{\"@type\":\"ReadAction\",\"target\":[\"https:\\\/\\\/wp.kristdemokraterna.se\\\/skovde\\\/styrelsen\\\/\"]}]},{\"@type\":\"BreadcrumbList\",\"@id\":\"https:\\\/\\\/wp.kristdemokraterna.se\\\/skovde\\\/styrelsen\\\/#breadcrumb\",\"itemListElement\":[{\"@type\":\"ListItem\",\"position\":1,\"name\":\"Hem\",\"item\":\"https:\\\/\\\/wp.kristdemokraterna.se\\\/skovde\\\/\"},{\"@type\":\"ListItem\",\"position\":2,\"name\":\"Partiavdelningen\"}]},{\"@type\":\"WebSite\",\"@id\":\"https:\\\/\\\/wp.kristdemokraterna.se\\\/skovde\\\/#website\",\"url\":\"https:\\\/\\\/wp.kristdemokraterna.se\\\/skovde\\\/\",\"name\":\"i Sk\u00f6vde\",\"description\":\"\",\"inLanguage\":\"sv-SE\"}]}<\/script>\n<!-- \/ Yoast SEO plugin. -->","yoast_head_json":{"title":"Partiavdelningen - i Sk\u00f6vde","robots":{"index":"index","follow":"follow","max-snippet":"max-snippet:-1","max-image-preview":"max-image-preview:large","max-video-preview":"max-video-preview:-1"},"canonical":"https:\/\/wp.kristdemokraterna.se\/skovde\/styrelsen\/","og_locale":"sv_SE","og_type":"article","og_title":"Partiavdelningen - i Sk\u00f6vde","og_description":"Kristdemokraterna i Sverige \u00e4r indelade i partiavdelningar, distrikt, regioner och p\u00e5 nationellt niv\u00e5. I Sk\u00f6vde \u00e4r vi en partiavdelning och tillsammans med de andra avdelningarna i Skaraborg bildar vi ett distrikt. Ordf\u00f6rande f\u00f6r Kristdemokraterna i Skaraborg \u00e4r Annika Eclund, till vardags v\u00e5r riksdagsledamot. I V\u00e4stra G\u00f6taland har vi bildat ett gemensamt distrikt fr\u00e5n 2021. P\u00e5 Read More","og_url":"https:\/\/wp.kristdemokraterna.se\/skovde\/styrelsen\/","og_site_name":"i Sk\u00f6vde","article_modified_time":"2021-01-27T07:36:28+00:00","twitter_card":"summary_large_image","twitter_misc":{"Ber\u00e4knad l\u00e4stid":"1 minut"},"schema":{"@context":"https:\/\/schema.org","@graph":[{"@type":"WebPage","@id":"https:\/\/wp.kristdemokraterna.se\/skovde\/styrelsen\/","url":"https:\/\/wp.kristdemokraterna.se\/skovde\/styrelsen\/","name":"Partiavdelningen - i Sk\u00f6vde","isPartOf":{"@id":"https:\/\/wp.kristdemokraterna.se\/skovde\/#website"},"datePublished":"2016-04-27T11:54:57+00:00","dateModified":"2021-01-27T07:36:28+00:00","breadcrumb":{"@id":"https:\/\/wp.kristdemokraterna.se\/skovde\/styrelsen\/#breadcrumb"},"inLanguage":"sv-SE","potentialAction":[{"@type":"ReadAction","target":["https:\/\/wp.kristdemokraterna.se\/skovde\/styrelsen\/"]}]},{"@type":"BreadcrumbList","@id":"https:\/\/wp.kristdemokraterna.se\/skovde\/styrelsen\/#breadcrumb","itemListElement":[{"@type":"ListItem","position":1,"name":"Hem","item":"https:\/\/wp.kristdemokraterna.se\/skovde\/"},{"@type":"ListItem","position":2,"name":"Partiavdelningen"}]},{"@type":"WebSite","@id":"https:\/\/wp.kristdemokraterna.se\/skovde\/#website","url":"https:\/\/wp.kristdemokraterna.se\/skovde\/","name":"i Sk\u00f6vde","description":"","inLanguage":"sv-SE"}]}},"_links":{"self":[{"href":"https:\/\/wp.kristdemokraterna.se\/skovde\/wp-json\/wp\/v2\/pages\/31","targetHints":{"allow":["GET"]}}],"collection":[{"href":"https:\/\/wp.kristdemokraterna.se\/skovde\/wp-json\/wp\/v2\/pages"}],"about":[{"href":"https:\/\/wp.kristdemokraterna.se\/skovde\/wp-json\/wp\/v2\/types\/page"}],"author":[{"embeddable":true,"href":"https:\/\/wp.kristdemokraterna.se\/skovde\/wp-json\/wp\/v2\/users\/744"}],"replies":[{"embeddable":true,"href":"https:\/\/wp.kristdemokraterna.se\/skovde\/wp-json\/wp\/v2\/comments?post=31"}],"version-history":[{"count":6,"href":"https:\/\/wp.kristdemokraterna.se\/skovde\/wp-json\/wp\/v2\/pages\/31\/revisions"}],"predecessor-version":[{"id":682,"href":"https:\/\/wp.kristdemokraterna.se\/skovde\/wp-json\/wp\/v2\/pages\/31\/revisions\/682"}],"wp:attachment":[{"href":"https:\/\/wp.kristdemokraterna.se\/skovde\/wp-json\/wp\/v2\/media?parent=31"}],"curies":[{"name":"wp","href":"https:\/\/api.w.org\/{rel}","templated":true}]}}