{"id":34,"date":"2016-04-27T13:55:14","date_gmt":"2016-04-27T11:55:14","guid":{"rendered":"http:\/\/wp.kristdemokraterna.se\/skovde\/?page_id=34"},"modified":"2022-06-21T15:34:03","modified_gmt":"2022-06-21T13:34:03","slug":"dina-politiker","status":"publish","type":"page","link":"https:\/\/wp.kristdemokraterna.se\/skovde\/dina-politiker\/","title":{"rendered":"Dina politiker"},"content":{"rendered":"<p><strong>Marianne Gustafson <\/strong>(Kandidat nr 1 p\u00e5 valsedeln till kommunfullm\u00e4ktige)<\/p>\n<p><a href=\"http:\/\/wp.kristdemokraterna.se\/skovde\/files\/2022\/06\/kd-foto-tuana-220614-186.jpg\"><img loading=\"lazy\" decoding=\"async\" class=\"alignnone size-medium wp-image-791\" src=\"http:\/\/wp.kristdemokraterna.se\/skovde\/files\/2022\/06\/kd-foto-tuana-220614-186-200x300.jpg\" alt=\"\" width=\"200\" height=\"300\" srcset=\"https:\/\/wp.kristdemokraterna.se\/skovde\/files\/2022\/06\/kd-foto-tuana-220614-186-200x300.jpg 200w, https:\/\/wp.kristdemokraterna.se\/skovde\/files\/2022\/06\/kd-foto-tuana-220614-186-683x1024.jpg 683w, https:\/\/wp.kristdemokraterna.se\/skovde\/files\/2022\/06\/kd-foto-tuana-220614-186-768x1152.jpg 768w, https:\/\/wp.kristdemokraterna.se\/skovde\/files\/2022\/06\/kd-foto-tuana-220614-186-133x200.jpg 133w, https:\/\/wp.kristdemokraterna.se\/skovde\/files\/2022\/06\/kd-foto-tuana-220614-186-370x555.jpg 370w, https:\/\/wp.kristdemokraterna.se\/skovde\/files\/2022\/06\/kd-foto-tuana-220614-186-770x1155.jpg 770w, https:\/\/wp.kristdemokraterna.se\/skovde\/files\/2022\/06\/kd-foto-tuana-220614-186-450x675.jpg 450w, https:\/\/wp.kristdemokraterna.se\/skovde\/files\/2022\/06\/kd-foto-tuana-220614-186-268x402.jpg 268w, https:\/\/wp.kristdemokraterna.se\/skovde\/files\/2022\/06\/kd-foto-tuana-220614-186-340x510.jpg 340w, https:\/\/wp.kristdemokraterna.se\/skovde\/files\/2022\/06\/kd-foto-tuana-220614-186-37x56.jpg 37w, https:\/\/wp.kristdemokraterna.se\/skovde\/files\/2022\/06\/kd-foto-tuana-220614-186.jpg 1000w\" sizes=\"auto, (max-width: 200px) 100vw, 200px\" \/><\/a><\/p>\n<p>Du n\u00e5r Marianne p\u00e5 <a href=\"mailto:marianne.gustafsson@politiker.skovde.se\">marianne.gustafsson@politiker.skovde.se<\/a><\/p>\n<p>&nbsp;<\/p>\n<p><strong>Conny Br\u00e4nnberg <\/strong>(Kandidat nr 2 p\u00e5 valsedeln till kommunfullm\u00e4ktige)<\/p>\n<p><a href=\"http:\/\/wp.kristdemokraterna.se\/skovde\/files\/2022\/06\/conny_skog-scaled.jpg\"><img loading=\"lazy\" decoding=\"async\" class=\"alignnone size-medium wp-image-789\" src=\"http:\/\/wp.kristdemokraterna.se\/skovde\/files\/2022\/06\/conny_skog-200x300.jpg\" alt=\"\" width=\"200\" height=\"300\" srcset=\"https:\/\/wp.kristdemokraterna.se\/skovde\/files\/2022\/06\/conny_skog-200x300.jpg 200w, https:\/\/wp.kristdemokraterna.se\/skovde\/files\/2022\/06\/conny_skog-683x1024.jpg 683w, https:\/\/wp.kristdemokraterna.se\/skovde\/files\/2022\/06\/conny_skog-768x1152.jpg 768w, https:\/\/wp.kristdemokraterna.se\/skovde\/files\/2022\/06\/conny_skog-1024x1536.jpg 1024w, https:\/\/wp.kristdemokraterna.se\/skovde\/files\/2022\/06\/conny_skog-1365x2048.jpg 1365w, https:\/\/wp.kristdemokraterna.se\/skovde\/files\/2022\/06\/conny_skog-133x200.jpg 133w, https:\/\/wp.kristdemokraterna.se\/skovde\/files\/2022\/06\/conny_skog-370x555.jpg 370w, https:\/\/wp.kristdemokraterna.se\/skovde\/files\/2022\/06\/conny_skog-770x1155.jpg 770w, https:\/\/wp.kristdemokraterna.se\/skovde\/files\/2022\/06\/conny_skog-450x675.jpg 450w, https:\/\/wp.kristdemokraterna.se\/skovde\/files\/2022\/06\/conny_skog-268x402.jpg 268w, https:\/\/wp.kristdemokraterna.se\/skovde\/files\/2022\/06\/conny_skog-340x510.jpg 340w, https:\/\/wp.kristdemokraterna.se\/skovde\/files\/2022\/06\/conny_skog-37x56.jpg 37w, https:\/\/wp.kristdemokraterna.se\/skovde\/files\/2022\/06\/conny_skog-scaled.jpg 1707w\" sizes=\"auto, (max-width: 200px) 100vw, 200px\" \/><\/a><\/p>\n<p>Du n\u00e5r Conny p\u00e5 <a href=\"mailto:conny.brannberg@politiker.skovde.se\">conny.brannberg@politiker.skovde.se<\/a><\/p>\n<p><strong>Patrik Carlsson<\/strong> (Kandidat nr 3 p\u00e5 valsedeln till kommunfullm\u00e4ktige)<\/p>\n<p><a href=\"http:\/\/wp.kristdemokraterna.se\/skovde\/files\/2022\/06\/kd-foto-tuana-220614-66-scaled.jpg\"><img loading=\"lazy\" decoding=\"async\" class=\"alignnone size-medium wp-image-793\" src=\"http:\/\/wp.kristdemokraterna.se\/skovde\/files\/2022\/06\/kd-foto-tuana-220614-66-200x300.jpg\" alt=\"\" width=\"200\" height=\"300\" srcset=\"https:\/\/wp.kristdemokraterna.se\/skovde\/files\/2022\/06\/kd-foto-tuana-220614-66-200x300.jpg 200w, https:\/\/wp.kristdemokraterna.se\/skovde\/files\/2022\/06\/kd-foto-tuana-220614-66-683x1024.jpg 683w, https:\/\/wp.kristdemokraterna.se\/skovde\/files\/2022\/06\/kd-foto-tuana-220614-66-768x1152.jpg 768w, https:\/\/wp.kristdemokraterna.se\/skovde\/files\/2022\/06\/kd-foto-tuana-220614-66-1024x1536.jpg 1024w, https:\/\/wp.kristdemokraterna.se\/skovde\/files\/2022\/06\/kd-foto-tuana-220614-66-1365x2048.jpg 1365w, https:\/\/wp.kristdemokraterna.se\/skovde\/files\/2022\/06\/kd-foto-tuana-220614-66-133x200.jpg 133w, https:\/\/wp.kristdemokraterna.se\/skovde\/files\/2022\/06\/kd-foto-tuana-220614-66-370x555.jpg 370w, https:\/\/wp.kristdemokraterna.se\/skovde\/files\/2022\/06\/kd-foto-tuana-220614-66-770x1155.jpg 770w, https:\/\/wp.kristdemokraterna.se\/skovde\/files\/2022\/06\/kd-foto-tuana-220614-66-450x675.jpg 450w, https:\/\/wp.kristdemokraterna.se\/skovde\/files\/2022\/06\/kd-foto-tuana-220614-66-268x402.jpg 268w, https:\/\/wp.kristdemokraterna.se\/skovde\/files\/2022\/06\/kd-foto-tuana-220614-66-340x510.jpg 340w, https:\/\/wp.kristdemokraterna.se\/skovde\/files\/2022\/06\/kd-foto-tuana-220614-66-37x56.jpg 37w, https:\/\/wp.kristdemokraterna.se\/skovde\/files\/2022\/06\/kd-foto-tuana-220614-66-scaled.jpg 1707w\" sizes=\"auto, (max-width: 200px) 100vw, 200px\" \/><\/a><\/p>\n<p>Du n\u00e5r Patrik p\u00e5 <a href=\"mailto:patrik.carlsson@politiker.skovde.se\">patrik.carlsson@politiker.skovde.se<\/a><\/p>\n","protected":false},"excerpt":{"rendered":"<p>Marianne Gustafson (Kandidat nr 1 p\u00e5 valsedeln till kommunfullm\u00e4ktige) Du n\u00e5r Marianne p\u00e5 marianne.gustafsson@politiker.skovde.se &nbsp; Conny Br\u00e4nnberg (Kandidat nr 2 p\u00e5 valsedeln till kommunfullm\u00e4ktige) Du n\u00e5r Conny p\u00e5 conny.brannberg@politiker.skovde.se Patrik Carlsson (Kandidat nr 3 p\u00e5 valsedeln till kommunfullm\u00e4ktige) Du n\u00e5r Patrik p\u00e5 patrik.carlsson@politiker.skovde.se<\/p>\n","protected":false},"author":744,"featured_media":0,"parent":0,"menu_order":0,"comment_status":"closed","ping_status":"closed","template":"","meta":{"_acf_changed":false,"footnotes":""},"class_list":["post-34","page","type-page","status-publish","hentry"],"acf":[],"yoast_head":"<!-- This site is optimized with the Yoast SEO plugin v27.3 - https:\/\/yoast.com\/product\/yoast-seo-wordpress\/ -->\n<title>Dina politiker - i Sk\u00f6vde<\/title>\n<meta name=\"robots\" content=\"index, follow, max-snippet:-1, max-image-preview:large, max-video-preview:-1\" \/>\n<link rel=\"canonical\" href=\"https:\/\/wp.kristdemokraterna.se\/skovde\/dina-politiker\/\" \/>\n<meta property=\"og:locale\" content=\"sv_SE\" \/>\n<meta property=\"og:type\" content=\"article\" \/>\n<meta property=\"og:title\" content=\"Dina politiker - i Sk\u00f6vde\" \/>\n<meta property=\"og:description\" content=\"Marianne Gustafson (Kandidat nr 1 p\u00e5 valsedeln till kommunfullm\u00e4ktige) Du n\u00e5r Marianne p\u00e5 marianne.gustafsson@politiker.skovde.se &nbsp; Conny Br\u00e4nnberg (Kandidat nr 2 p\u00e5 valsedeln till kommunfullm\u00e4ktige) Du n\u00e5r Conny p\u00e5 conny.brannberg@politiker.skovde.se Patrik Carlsson (Kandidat nr 3 p\u00e5 valsedeln till kommunfullm\u00e4ktige) Du n\u00e5r Patrik p\u00e5 patrik.carlsson@politiker.skovde.se\" \/>\n<meta property=\"og:url\" content=\"https:\/\/wp.kristdemokraterna.se\/skovde\/dina-politiker\/\" \/>\n<meta property=\"og:site_name\" content=\"i Sk\u00f6vde\" \/>\n<meta property=\"article:modified_time\" content=\"2022-06-21T13:34:03+00:00\" \/>\n<meta property=\"og:image\" content=\"http:\/\/wp.kristdemokraterna.se\/skovde\/files\/2022\/06\/kd-foto-tuana-220614-186-200x300.jpg\" \/>\n<meta name=\"twitter:card\" content=\"summary_large_image\" \/>\n<meta name=\"twitter:label1\" content=\"Ber\u00e4knad l\u00e4stid\" \/>\n\t<meta name=\"twitter:data1\" content=\"1 minut\" \/>\n<script type=\"application\/ld+json\" class=\"yoast-schema-graph\">{\"@context\":\"https:\\\/\\\/schema.org\",\"@graph\":[{\"@type\":\"WebPage\",\"@id\":\"https:\\\/\\\/wp.kristdemokraterna.se\\\/skovde\\\/dina-politiker\\\/\",\"url\":\"https:\\\/\\\/wp.kristdemokraterna.se\\\/skovde\\\/dina-politiker\\\/\",\"name\":\"Dina politiker - i Sk\u00f6vde\",\"isPartOf\":{\"@id\":\"https:\\\/\\\/wp.kristdemokraterna.se\\\/skovde\\\/#website\"},\"primaryImageOfPage\":{\"@id\":\"https:\\\/\\\/wp.kristdemokraterna.se\\\/skovde\\\/dina-politiker\\\/#primaryimage\"},\"image\":{\"@id\":\"https:\\\/\\\/wp.kristdemokraterna.se\\\/skovde\\\/dina-politiker\\\/#primaryimage\"},\"thumbnailUrl\":\"http:\\\/\\\/wp.kristdemokraterna.se\\\/skovde\\\/files\\\/2022\\\/06\\\/kd-foto-tuana-220614-186-200x300.jpg\",\"datePublished\":\"2016-04-27T11:55:14+00:00\",\"dateModified\":\"2022-06-21T13:34:03+00:00\",\"breadcrumb\":{\"@id\":\"https:\\\/\\\/wp.kristdemokraterna.se\\\/skovde\\\/dina-politiker\\\/#breadcrumb\"},\"inLanguage\":\"sv-SE\",\"potentialAction\":[{\"@type\":\"ReadAction\",\"target\":[\"https:\\\/\\\/wp.kristdemokraterna.se\\\/skovde\\\/dina-politiker\\\/\"]}]},{\"@type\":\"ImageObject\",\"inLanguage\":\"sv-SE\",\"@id\":\"https:\\\/\\\/wp.kristdemokraterna.se\\\/skovde\\\/dina-politiker\\\/#primaryimage\",\"url\":\"http:\\\/\\\/wp.kristdemokraterna.se\\\/skovde\\\/files\\\/2022\\\/06\\\/kd-foto-tuana-220614-186-200x300.jpg\",\"contentUrl\":\"http:\\\/\\\/wp.kristdemokraterna.se\\\/skovde\\\/files\\\/2022\\\/06\\\/kd-foto-tuana-220614-186-200x300.jpg\"},{\"@type\":\"BreadcrumbList\",\"@id\":\"https:\\\/\\\/wp.kristdemokraterna.se\\\/skovde\\\/dina-politiker\\\/#breadcrumb\",\"itemListElement\":[{\"@type\":\"ListItem\",\"position\":1,\"name\":\"Hem\",\"item\":\"https:\\\/\\\/wp.kristdemokraterna.se\\\/skovde\\\/\"},{\"@type\":\"ListItem\",\"position\":2,\"name\":\"Dina politiker\"}]},{\"@type\":\"WebSite\",\"@id\":\"https:\\\/\\\/wp.kristdemokraterna.se\\\/skovde\\\/#website\",\"url\":\"https:\\\/\\\/wp.kristdemokraterna.se\\\/skovde\\\/\",\"name\":\"i Sk\u00f6vde\",\"description\":\"\",\"inLanguage\":\"sv-SE\"}]}<\/script>\n<!-- \/ Yoast SEO plugin. -->","yoast_head_json":{"title":"Dina politiker - i Sk\u00f6vde","robots":{"index":"index","follow":"follow","max-snippet":"max-snippet:-1","max-image-preview":"max-image-preview:large","max-video-preview":"max-video-preview:-1"},"canonical":"https:\/\/wp.kristdemokraterna.se\/skovde\/dina-politiker\/","og_locale":"sv_SE","og_type":"article","og_title":"Dina politiker - i Sk\u00f6vde","og_description":"Marianne Gustafson (Kandidat nr 1 p\u00e5 valsedeln till kommunfullm\u00e4ktige) Du n\u00e5r Marianne p\u00e5 marianne.gustafsson@politiker.skovde.se &nbsp; Conny Br\u00e4nnberg (Kandidat nr 2 p\u00e5 valsedeln till kommunfullm\u00e4ktige) Du n\u00e5r Conny p\u00e5 conny.brannberg@politiker.skovde.se Patrik Carlsson (Kandidat nr 3 p\u00e5 valsedeln till kommunfullm\u00e4ktige) Du n\u00e5r Patrik p\u00e5 patrik.carlsson@politiker.skovde.se","og_url":"https:\/\/wp.kristdemokraterna.se\/skovde\/dina-politiker\/","og_site_name":"i Sk\u00f6vde","article_modified_time":"2022-06-21T13:34:03+00:00","og_image":[{"url":"http:\/\/wp.kristdemokraterna.se\/skovde\/files\/2022\/06\/kd-foto-tuana-220614-186-200x300.jpg","type":"","width":"","height":""}],"twitter_card":"summary_large_image","twitter_misc":{"Ber\u00e4knad l\u00e4stid":"1 minut"},"schema":{"@context":"https:\/\/schema.org","@graph":[{"@type":"WebPage","@id":"https:\/\/wp.kristdemokraterna.se\/skovde\/dina-politiker\/","url":"https:\/\/wp.kristdemokraterna.se\/skovde\/dina-politiker\/","name":"Dina politiker - i Sk\u00f6vde","isPartOf":{"@id":"https:\/\/wp.kristdemokraterna.se\/skovde\/#website"},"primaryImageOfPage":{"@id":"https:\/\/wp.kristdemokraterna.se\/skovde\/dina-politiker\/#primaryimage"},"image":{"@id":"https:\/\/wp.kristdemokraterna.se\/skovde\/dina-politiker\/#primaryimage"},"thumbnailUrl":"http:\/\/wp.kristdemokraterna.se\/skovde\/files\/2022\/06\/kd-foto-tuana-220614-186-200x300.jpg","datePublished":"2016-04-27T11:55:14+00:00","dateModified":"2022-06-21T13:34:03+00:00","breadcrumb":{"@id":"https:\/\/wp.kristdemokraterna.se\/skovde\/dina-politiker\/#breadcrumb"},"inLanguage":"sv-SE","potentialAction":[{"@type":"ReadAction","target":["https:\/\/wp.kristdemokraterna.se\/skovde\/dina-politiker\/"]}]},{"@type":"ImageObject","inLanguage":"sv-SE","@id":"https:\/\/wp.kristdemokraterna.se\/skovde\/dina-politiker\/#primaryimage","url":"http:\/\/wp.kristdemokraterna.se\/skovde\/files\/2022\/06\/kd-foto-tuana-220614-186-200x300.jpg","contentUrl":"http:\/\/wp.kristdemokraterna.se\/skovde\/files\/2022\/06\/kd-foto-tuana-220614-186-200x300.jpg"},{"@type":"BreadcrumbList","@id":"https:\/\/wp.kristdemokraterna.se\/skovde\/dina-politiker\/#breadcrumb","itemListElement":[{"@type":"ListItem","position":1,"name":"Hem","item":"https:\/\/wp.kristdemokraterna.se\/skovde\/"},{"@type":"ListItem","position":2,"name":"Dina politiker"}]},{"@type":"WebSite","@id":"https:\/\/wp.kristdemokraterna.se\/skovde\/#website","url":"https:\/\/wp.kristdemokraterna.se\/skovde\/","name":"i Sk\u00f6vde","description":"","inLanguage":"sv-SE"}]}},"_links":{"self":[{"href":"https:\/\/wp.kristdemokraterna.se\/skovde\/wp-json\/wp\/v2\/pages\/34","targetHints":{"allow":["GET"]}}],"collection":[{"href":"https:\/\/wp.kristdemokraterna.se\/skovde\/wp-json\/wp\/v2\/pages"}],"about":[{"href":"https:\/\/wp.kristdemokraterna.se\/skovde\/wp-json\/wp\/v2\/types\/page"}],"author":[{"embeddable":true,"href":"https:\/\/wp.kristdemokraterna.se\/skovde\/wp-json\/wp\/v2\/users\/744"}],"replies":[{"embeddable":true,"href":"https:\/\/wp.kristdemokraterna.se\/skovde\/wp-json\/wp\/v2\/comments?post=34"}],"version-history":[{"count":9,"href":"https:\/\/wp.kristdemokraterna.se\/skovde\/wp-json\/wp\/v2\/pages\/34\/revisions"}],"predecessor-version":[{"id":795,"href":"https:\/\/wp.kristdemokraterna.se\/skovde\/wp-json\/wp\/v2\/pages\/34\/revisions\/795"}],"wp:attachment":[{"href":"https:\/\/wp.kristdemokraterna.se\/skovde\/wp-json\/wp\/v2\/media?parent=34"}],"curies":[{"name":"wp","href":"https:\/\/api.w.org\/{rel}","templated":true}]}}