{"id":40,"date":"2016-04-27T13:56:45","date_gmt":"2016-04-27T11:56:45","guid":{"rendered":"http:\/\/wp.kristdemokraterna.se\/skovde\/?page_id=40"},"modified":"2022-06-30T20:37:56","modified_gmt":"2022-06-30T18:37:56","slug":"i-kommunen","status":"publish","type":"page","link":"https:\/\/wp.kristdemokraterna.se\/skovde\/i-kommunen\/","title":{"rendered":"I Kommunen"},"content":{"rendered":"<blockquote><p>I kommunfullm\u00e4ktige representeras Kristdemokraterna av:<\/p>\n<p><strong>Marianne Gustafson<\/strong><\/p>\n<p><a href=\"http:\/\/wp.kristdemokraterna.se\/skovde\/files\/2018\/04\/press_marianne_webb.jpg\"><img loading=\"lazy\" decoding=\"async\" class=\"alignnone size-medium wp-image-394\" src=\"http:\/\/wp.kristdemokraterna.se\/skovde\/files\/2018\/04\/press_marianne_webb-200x300.jpg\" alt=\"\" width=\"200\" height=\"300\" srcset=\"https:\/\/wp.kristdemokraterna.se\/skovde\/files\/2018\/04\/press_marianne_webb-200x300.jpg 200w, https:\/\/wp.kristdemokraterna.se\/skovde\/files\/2018\/04\/press_marianne_webb-133x200.jpg 133w, https:\/\/wp.kristdemokraterna.se\/skovde\/files\/2018\/04\/press_marianne_webb-268x402.jpg 268w, https:\/\/wp.kristdemokraterna.se\/skovde\/files\/2018\/04\/press_marianne_webb-37x56.jpg 37w, https:\/\/wp.kristdemokraterna.se\/skovde\/files\/2018\/04\/press_marianne_webb.jpg 333w\" sizes=\"auto, (max-width: 200px) 100vw, 200px\" \/><\/a><\/p>\n<p>Marianne toppar listan inf\u00f6r kommunvalet 2022. Du n\u00e4r henne p\u00e5 marianne.gustafson@politiker.skovde.se<\/p>\n<p>I dag \u00e4r hon gruppledare f\u00f6r KD i Sk\u00f6vde och vice ordf\u00f6rande i barn- och utbildningsn\u00e4mnden.<\/p>\n<p><strong>Conny Br\u00e4nnberg<\/strong><\/p>\n<p><a href=\"http:\/\/wp.kristdemokraterna.se\/skovde\/files\/2018\/04\/press_conny_webb.jpg\"><img loading=\"lazy\" decoding=\"async\" class=\"alignnone size-medium wp-image-392\" src=\"http:\/\/wp.kristdemokraterna.se\/skovde\/files\/2018\/04\/press_conny_webb-199x300.jpg\" alt=\"\" width=\"199\" height=\"300\" srcset=\"https:\/\/wp.kristdemokraterna.se\/skovde\/files\/2018\/04\/press_conny_webb-199x300.jpg 199w, https:\/\/wp.kristdemokraterna.se\/skovde\/files\/2018\/04\/press_conny_webb-132x200.jpg 132w, https:\/\/wp.kristdemokraterna.se\/skovde\/files\/2018\/04\/press_conny_webb-266x402.jpg 266w, https:\/\/wp.kristdemokraterna.se\/skovde\/files\/2018\/04\/press_conny_webb-37x56.jpg 37w, https:\/\/wp.kristdemokraterna.se\/skovde\/files\/2018\/04\/press_conny_webb.jpg 331w\" sizes=\"auto, (max-width: 199px) 100vw, 199px\" \/><\/a><\/p>\n<p>Conny \u00e4r ordf\u00f6rande f\u00f6r kommunfullm\u00e4ktige i Sk\u00f6vde och \u00e4r nr 2 p\u00e5 kommunvalsedeln.<\/p>\n<p>Du n\u00e5r honom p\u00e5 conny.brannberg@politiker.skovde.se och kan l\u00e4sa mer p\u00e5 hans hemsida www.br\u00e4nnberg.se<\/p>\n<p><a href=\"http:\/\/wp.kristdemokraterna.se\/skovde\/files\/2022\/06\/kd-foto-tuana-220614-66-scaled.jpg\"><img loading=\"lazy\" decoding=\"async\" class=\"alignnone size-medium wp-image-793\" src=\"http:\/\/wp.kristdemokraterna.se\/skovde\/files\/2022\/06\/kd-foto-tuana-220614-66-200x300.jpg\" alt=\"\" width=\"200\" height=\"300\" srcset=\"https:\/\/wp.kristdemokraterna.se\/skovde\/files\/2022\/06\/kd-foto-tuana-220614-66-200x300.jpg 200w, https:\/\/wp.kristdemokraterna.se\/skovde\/files\/2022\/06\/kd-foto-tuana-220614-66-683x1024.jpg 683w, https:\/\/wp.kristdemokraterna.se\/skovde\/files\/2022\/06\/kd-foto-tuana-220614-66-768x1152.jpg 768w, https:\/\/wp.kristdemokraterna.se\/skovde\/files\/2022\/06\/kd-foto-tuana-220614-66-1024x1536.jpg 1024w, https:\/\/wp.kristdemokraterna.se\/skovde\/files\/2022\/06\/kd-foto-tuana-220614-66-1365x2048.jpg 1365w, https:\/\/wp.kristdemokraterna.se\/skovde\/files\/2022\/06\/kd-foto-tuana-220614-66-133x200.jpg 133w, https:\/\/wp.kristdemokraterna.se\/skovde\/files\/2022\/06\/kd-foto-tuana-220614-66-370x555.jpg 370w, https:\/\/wp.kristdemokraterna.se\/skovde\/files\/2022\/06\/kd-foto-tuana-220614-66-770x1155.jpg 770w, https:\/\/wp.kristdemokraterna.se\/skovde\/files\/2022\/06\/kd-foto-tuana-220614-66-450x675.jpg 450w, https:\/\/wp.kristdemokraterna.se\/skovde\/files\/2022\/06\/kd-foto-tuana-220614-66-268x402.jpg 268w, https:\/\/wp.kristdemokraterna.se\/skovde\/files\/2022\/06\/kd-foto-tuana-220614-66-340x510.jpg 340w, https:\/\/wp.kristdemokraterna.se\/skovde\/files\/2022\/06\/kd-foto-tuana-220614-66-37x56.jpg 37w, https:\/\/wp.kristdemokraterna.se\/skovde\/files\/2022\/06\/kd-foto-tuana-220614-66-scaled.jpg 1707w\" sizes=\"auto, (max-width: 200px) 100vw, 200px\" \/><\/a><\/p>\n<p>P\u00e5 tredjeplats p\u00e5 listan till kommunfullm\u00e4ktigevalet 2022 finns Patrik Carlsson. Han \u00e4r ordf\u00f6rande f\u00f6r Kristdemokraterna i Sk\u00f6vde och ledamot av socialn\u00e4mnden. Du n\u00e5r honom p\u00e5 patrik.carlsson@politiker.skovde.se<\/p>\n<p>I dag har Kristdemokraterna fyra ledam\u00f6ter i Kommunfullm\u00e4ktige.<\/p>\n<p>Det \u00e4r Marianne Gustafson, Conny Br\u00e4nnberg, G\u00f6te Carling och Mona Johansson.<\/p><\/blockquote>\n<p>&nbsp;<\/p>\n<p>&nbsp;<\/p>\n<blockquote><p>Vi har ett omfattande program f\u00f6r vad vi vill i Sk\u00f6vde. Nedan \u00e4r n\u00e5gra exempel.<\/p>\n<p><strong>B\u00e4ttre f\u00f6r barn och familjer<\/strong><br \/>\nTrygga familjer ger barn goda f\u00f6ruts\u00e4ttningar att klara livets olika utmaningar. Vi vill familjes\u00e4kra politiken, att alla politiska beslut ska analyseras utifr\u00e5n vilka konsekvenser de f\u00e5r f\u00f6r familjer och n\u00e4ra relationer.<\/p>\n<p>Vi vill:<br \/>\n\u2022 F\u00f6rb\u00e4ttra f\u00f6r barn och familjer genom att minska barngruppernas storlek i f\u00f6rskolan och p\u00e5 fritids och \u00f6ka familjers valfrihet att v\u00e4lja barnomsorg. Inf\u00f6ra en barnomsorgspeng \u00e4ven f\u00f6r f\u00f6r\u00e4ldrar som sj\u00e4lva har hand om omsorgen f\u00f6r sina barn.<br \/>\n\u2022 F\u00f6rb\u00e4ttra st\u00f6det till ekonomiskt svaga barnfamiljer.<br \/>\n\u2022\u00a0Inf\u00f6ra en flexiblare f\u00f6r\u00e4ldraf\u00f6rs\u00e4kring s\u00e5 att barnen f\u00e5r mer tid med sina f\u00f6r\u00e4ldrar och f\u00f6rb\u00e4ttra st\u00f6det till ton\u00e5rsf\u00f6r\u00e4ldrar. Vi s\u00e4ger nej till kvotering.<br \/>\n<strong><br \/>\nB\u00e4ttre f\u00f6retagsklimat f\u00f6r fler jobb<br \/>\n<\/strong>Det privata n\u00e4ringslivet och entrepren\u00f6rskapet \u00e4r grunden f\u00f6r Sveriges v\u00e4lf\u00e4rd. Nya jobb kan inte kommenderas fram av politiker. De skapas n\u00e4r enskilda m\u00e4nniskor finner det m\u00f6dan v\u00e4rt att starta eller utveckla ett f\u00f6retag.<\/p>\n<p>Vi vill:<br \/>\n\u2022 Forts\u00e4tta att f\u00f6renkla f\u00f6r f\u00f6retag att starta och anst\u00e4lla personal bland annat genom att minska f\u00f6retagens sjukl\u00f6nekostnader och utveckla RUT- och ROT-avdragen.<br \/>\n\u2022 Ha kvar s\u00e4nkta arbetsgivaravgifter f\u00f6r unga, s\u00e4nkt restaurangmoms och s\u00e4nkt skatt p\u00e5 arbete.\u00a0Vi vill ocks\u00e5 \u00f6ka tryggheten vid arbetsl\u00f6shet.<br \/>\n\u2022\u00a0St\u00e4rka ungdomars m\u00f6jlighet att f\u00e5 jobb, bland annat genom att inf\u00f6ra en l\u00e4rlingsanst\u00e4llningsform.<\/p><\/blockquote>\n<p>&nbsp;<\/p>\n","protected":false},"excerpt":{"rendered":"<p>I kommunfullm\u00e4ktige representeras Kristdemokraterna av: Marianne Gustafson Marianne toppar listan inf\u00f6r kommunvalet 2022. Du n\u00e4r henne p\u00e5 marianne.gustafson@politiker.skovde.se I dag \u00e4r hon gruppledare f\u00f6r KD i Sk\u00f6vde och vice ordf\u00f6rande i barn- och utbildningsn\u00e4mnden. Conny Br\u00e4nnberg Conny \u00e4r ordf\u00f6rande f\u00f6r kommunfullm\u00e4ktige i Sk\u00f6vde och \u00e4r nr 2 p\u00e5 kommunvalsedeln. Du n\u00e5r honom p\u00e5 conny.brannberg@politiker.skovde.se och <a class=\"read-more-link\" href=\"https:\/\/wp.kristdemokraterna.se\/skovde\/i-kommunen\/\">Read More<\/a><\/p>\n","protected":false},"author":744,"featured_media":0,"parent":0,"menu_order":0,"comment_status":"closed","ping_status":"closed","template":"","meta":{"_acf_changed":false,"footnotes":""},"class_list":["post-40","page","type-page","status-publish","hentry"],"acf":[],"yoast_head":"<!-- This site is optimized with the Yoast SEO plugin v27.4 - https:\/\/yoast.com\/product\/yoast-seo-wordpress\/ -->\n<title>I Kommunen - i Sk\u00f6vde<\/title>\n<meta name=\"robots\" content=\"index, follow, max-snippet:-1, max-image-preview:large, max-video-preview:-1\" \/>\n<link rel=\"canonical\" href=\"https:\/\/wp.kristdemokraterna.se\/skovde\/i-kommunen\/\" \/>\n<meta property=\"og:locale\" content=\"sv_SE\" \/>\n<meta property=\"og:type\" content=\"article\" \/>\n<meta property=\"og:title\" content=\"I Kommunen - i Sk\u00f6vde\" \/>\n<meta property=\"og:description\" content=\"I kommunfullm\u00e4ktige representeras Kristdemokraterna av: Marianne Gustafson Marianne toppar listan inf\u00f6r kommunvalet 2022. Du n\u00e4r henne p\u00e5 marianne.gustafson@politiker.skovde.se I dag \u00e4r hon gruppledare f\u00f6r KD i Sk\u00f6vde och vice ordf\u00f6rande i barn- och utbildningsn\u00e4mnden. Conny Br\u00e4nnberg Conny \u00e4r ordf\u00f6rande f\u00f6r kommunfullm\u00e4ktige i Sk\u00f6vde och \u00e4r nr 2 p\u00e5 kommunvalsedeln. Du n\u00e5r honom p\u00e5 conny.brannberg@politiker.skovde.se och Read More\" \/>\n<meta property=\"og:url\" content=\"https:\/\/wp.kristdemokraterna.se\/skovde\/i-kommunen\/\" \/>\n<meta property=\"og:site_name\" content=\"i Sk\u00f6vde\" \/>\n<meta property=\"article:modified_time\" content=\"2022-06-30T18:37:56+00:00\" \/>\n<meta property=\"og:image\" content=\"http:\/\/wp.kristdemokraterna.se\/skovde\/files\/2018\/04\/press_marianne_webb-200x300.jpg\" \/>\n<meta name=\"twitter:card\" content=\"summary_large_image\" \/>\n<meta name=\"twitter:label1\" content=\"Ber\u00e4knad l\u00e4stid\" \/>\n\t<meta name=\"twitter:data1\" content=\"2 minuter\" \/>\n<script type=\"application\/ld+json\" class=\"yoast-schema-graph\">{\"@context\":\"https:\\\/\\\/schema.org\",\"@graph\":[{\"@type\":\"WebPage\",\"@id\":\"https:\\\/\\\/wp.kristdemokraterna.se\\\/skovde\\\/i-kommunen\\\/\",\"url\":\"https:\\\/\\\/wp.kristdemokraterna.se\\\/skovde\\\/i-kommunen\\\/\",\"name\":\"I Kommunen - i Sk\u00f6vde\",\"isPartOf\":{\"@id\":\"https:\\\/\\\/wp.kristdemokraterna.se\\\/skovde\\\/#website\"},\"primaryImageOfPage\":{\"@id\":\"https:\\\/\\\/wp.kristdemokraterna.se\\\/skovde\\\/i-kommunen\\\/#primaryimage\"},\"image\":{\"@id\":\"https:\\\/\\\/wp.kristdemokraterna.se\\\/skovde\\\/i-kommunen\\\/#primaryimage\"},\"thumbnailUrl\":\"http:\\\/\\\/wp.kristdemokraterna.se\\\/skovde\\\/files\\\/2018\\\/04\\\/press_marianne_webb-200x300.jpg\",\"datePublished\":\"2016-04-27T11:56:45+00:00\",\"dateModified\":\"2022-06-30T18:37:56+00:00\",\"breadcrumb\":{\"@id\":\"https:\\\/\\\/wp.kristdemokraterna.se\\\/skovde\\\/i-kommunen\\\/#breadcrumb\"},\"inLanguage\":\"sv-SE\",\"potentialAction\":[{\"@type\":\"ReadAction\",\"target\":[\"https:\\\/\\\/wp.kristdemokraterna.se\\\/skovde\\\/i-kommunen\\\/\"]}]},{\"@type\":\"ImageObject\",\"inLanguage\":\"sv-SE\",\"@id\":\"https:\\\/\\\/wp.kristdemokraterna.se\\\/skovde\\\/i-kommunen\\\/#primaryimage\",\"url\":\"http:\\\/\\\/wp.kristdemokraterna.se\\\/skovde\\\/files\\\/2018\\\/04\\\/press_marianne_webb-200x300.jpg\",\"contentUrl\":\"http:\\\/\\\/wp.kristdemokraterna.se\\\/skovde\\\/files\\\/2018\\\/04\\\/press_marianne_webb-200x300.jpg\"},{\"@type\":\"BreadcrumbList\",\"@id\":\"https:\\\/\\\/wp.kristdemokraterna.se\\\/skovde\\\/i-kommunen\\\/#breadcrumb\",\"itemListElement\":[{\"@type\":\"ListItem\",\"position\":1,\"name\":\"Hem\",\"item\":\"https:\\\/\\\/wp.kristdemokraterna.se\\\/skovde\\\/\"},{\"@type\":\"ListItem\",\"position\":2,\"name\":\"I Kommunen\"}]},{\"@type\":\"WebSite\",\"@id\":\"https:\\\/\\\/wp.kristdemokraterna.se\\\/skovde\\\/#website\",\"url\":\"https:\\\/\\\/wp.kristdemokraterna.se\\\/skovde\\\/\",\"name\":\"i Sk\u00f6vde\",\"description\":\"\",\"inLanguage\":\"sv-SE\"}]}<\/script>\n<!-- \/ Yoast SEO plugin. -->","yoast_head_json":{"title":"I Kommunen - i Sk\u00f6vde","robots":{"index":"index","follow":"follow","max-snippet":"max-snippet:-1","max-image-preview":"max-image-preview:large","max-video-preview":"max-video-preview:-1"},"canonical":"https:\/\/wp.kristdemokraterna.se\/skovde\/i-kommunen\/","og_locale":"sv_SE","og_type":"article","og_title":"I Kommunen - i Sk\u00f6vde","og_description":"I kommunfullm\u00e4ktige representeras Kristdemokraterna av: Marianne Gustafson Marianne toppar listan inf\u00f6r kommunvalet 2022. Du n\u00e4r henne p\u00e5 marianne.gustafson@politiker.skovde.se I dag \u00e4r hon gruppledare f\u00f6r KD i Sk\u00f6vde och vice ordf\u00f6rande i barn- och utbildningsn\u00e4mnden. Conny Br\u00e4nnberg Conny \u00e4r ordf\u00f6rande f\u00f6r kommunfullm\u00e4ktige i Sk\u00f6vde och \u00e4r nr 2 p\u00e5 kommunvalsedeln. Du n\u00e5r honom p\u00e5 conny.brannberg@politiker.skovde.se och Read More","og_url":"https:\/\/wp.kristdemokraterna.se\/skovde\/i-kommunen\/","og_site_name":"i Sk\u00f6vde","article_modified_time":"2022-06-30T18:37:56+00:00","og_image":[{"url":"http:\/\/wp.kristdemokraterna.se\/skovde\/files\/2018\/04\/press_marianne_webb-200x300.jpg","type":"","width":"","height":""}],"twitter_card":"summary_large_image","twitter_misc":{"Ber\u00e4knad l\u00e4stid":"2 minuter"},"schema":{"@context":"https:\/\/schema.org","@graph":[{"@type":"WebPage","@id":"https:\/\/wp.kristdemokraterna.se\/skovde\/i-kommunen\/","url":"https:\/\/wp.kristdemokraterna.se\/skovde\/i-kommunen\/","name":"I Kommunen - i Sk\u00f6vde","isPartOf":{"@id":"https:\/\/wp.kristdemokraterna.se\/skovde\/#website"},"primaryImageOfPage":{"@id":"https:\/\/wp.kristdemokraterna.se\/skovde\/i-kommunen\/#primaryimage"},"image":{"@id":"https:\/\/wp.kristdemokraterna.se\/skovde\/i-kommunen\/#primaryimage"},"thumbnailUrl":"http:\/\/wp.kristdemokraterna.se\/skovde\/files\/2018\/04\/press_marianne_webb-200x300.jpg","datePublished":"2016-04-27T11:56:45+00:00","dateModified":"2022-06-30T18:37:56+00:00","breadcrumb":{"@id":"https:\/\/wp.kristdemokraterna.se\/skovde\/i-kommunen\/#breadcrumb"},"inLanguage":"sv-SE","potentialAction":[{"@type":"ReadAction","target":["https:\/\/wp.kristdemokraterna.se\/skovde\/i-kommunen\/"]}]},{"@type":"ImageObject","inLanguage":"sv-SE","@id":"https:\/\/wp.kristdemokraterna.se\/skovde\/i-kommunen\/#primaryimage","url":"http:\/\/wp.kristdemokraterna.se\/skovde\/files\/2018\/04\/press_marianne_webb-200x300.jpg","contentUrl":"http:\/\/wp.kristdemokraterna.se\/skovde\/files\/2018\/04\/press_marianne_webb-200x300.jpg"},{"@type":"BreadcrumbList","@id":"https:\/\/wp.kristdemokraterna.se\/skovde\/i-kommunen\/#breadcrumb","itemListElement":[{"@type":"ListItem","position":1,"name":"Hem","item":"https:\/\/wp.kristdemokraterna.se\/skovde\/"},{"@type":"ListItem","position":2,"name":"I Kommunen"}]},{"@type":"WebSite","@id":"https:\/\/wp.kristdemokraterna.se\/skovde\/#website","url":"https:\/\/wp.kristdemokraterna.se\/skovde\/","name":"i Sk\u00f6vde","description":"","inLanguage":"sv-SE"}]}},"_links":{"self":[{"href":"https:\/\/wp.kristdemokraterna.se\/skovde\/wp-json\/wp\/v2\/pages\/40","targetHints":{"allow":["GET"]}}],"collection":[{"href":"https:\/\/wp.kristdemokraterna.se\/skovde\/wp-json\/wp\/v2\/pages"}],"about":[{"href":"https:\/\/wp.kristdemokraterna.se\/skovde\/wp-json\/wp\/v2\/types\/page"}],"author":[{"embeddable":true,"href":"https:\/\/wp.kristdemokraterna.se\/skovde\/wp-json\/wp\/v2\/users\/744"}],"replies":[{"embeddable":true,"href":"https:\/\/wp.kristdemokraterna.se\/skovde\/wp-json\/wp\/v2\/comments?post=40"}],"version-history":[{"count":17,"href":"https:\/\/wp.kristdemokraterna.se\/skovde\/wp-json\/wp\/v2\/pages\/40\/revisions"}],"predecessor-version":[{"id":835,"href":"https:\/\/wp.kristdemokraterna.se\/skovde\/wp-json\/wp\/v2\/pages\/40\/revisions\/835"}],"wp:attachment":[{"href":"https:\/\/wp.kristdemokraterna.se\/skovde\/wp-json\/wp\/v2\/media?parent=40"}],"curies":[{"name":"wp","href":"https:\/\/api.w.org\/{rel}","templated":true}]}}