{"id":265,"date":"2017-11-29T16:47:40","date_gmt":"2017-11-29T15:47:40","guid":{"rendered":"http:\/\/wp.kristdemokraterna.se\/soderhamn2\/?page_id=265"},"modified":"2025-10-16T10:17:06","modified_gmt":"2025-10-16T08:17:06","slug":"kristdemokraterna-i-soderhamns-webbplats-valkomna","status":"publish","type":"page","link":"https:\/\/wp.kristdemokraterna.se\/soderhamn\/","title":{"rendered":"Startsida"},"content":{"rendered":"<p><strong>Kristdemokraterna i S\u00f6derhamns m\u00e5l \u00e4r ett samh\u00e4lle d\u00e4r friheten att forma sitt eget liv g\u00e5r hand i hand med ansvaret f\u00f6r sin medm\u00e4nniska.<\/strong><\/p>\n<p><strong>Vi vill bygga ett samh\u00e4lle som h\u00e5ller samman. <\/strong><\/p>\n<p><strong>Ingen ska h\u00e5llas tillbaka och ingen ska l\u00e4mnas efter.<\/strong><\/p>\n<p><strong>V\u00e4lkommen hem<\/strong><\/p>\n","protected":false},"excerpt":{"rendered":"<p>Kristdemokraterna i S\u00f6derhamns m\u00e5l \u00e4r ett samh\u00e4lle d\u00e4r friheten att forma sitt eget liv g\u00e5r hand i hand med ansvaret f\u00f6r sin medm\u00e4nniska. Vi vill bygga ett samh\u00e4lle som h\u00e5ller samman. Ingen ska h\u00e5llas tillbaka och ingen ska l\u00e4mnas efter. V\u00e4lkommen hem<\/p>\n","protected":false},"author":799,"featured_media":0,"parent":0,"menu_order":0,"comment_status":"closed","ping_status":"closed","template":"index.php","meta":{"_acf_changed":false,"footnotes":""},"class_list":["post-265","page","type-page","status-publish","hentry"],"acf":[],"yoast_head":"<!-- This site is optimized with the Yoast SEO plugin v27.4 - https:\/\/yoast.com\/product\/yoast-seo-wordpress\/ -->\n<title>Startsida - Kristdemokraterna i S\u00f6derhamn<\/title>\n<meta name=\"description\" content=\"Kristdemokraterna i S\u00f6derhamns Webbplats - V\u00e4lkomna\" \/>\n<meta name=\"robots\" content=\"index, follow, max-snippet:-1, max-image-preview:large, max-video-preview:-1\" \/>\n<link rel=\"canonical\" href=\"https:\/\/wp.kristdemokraterna.se\/soderhamn\/\" \/>\n<meta property=\"og:locale\" content=\"sv_SE\" \/>\n<meta property=\"og:type\" content=\"article\" \/>\n<meta property=\"og:title\" content=\"Startsida - Kristdemokraterna i S\u00f6derhamn\" \/>\n<meta property=\"og:description\" content=\"Kristdemokraterna i S\u00f6derhamns Webbplats - V\u00e4lkomna\" \/>\n<meta property=\"og:url\" content=\"https:\/\/wp.kristdemokraterna.se\/soderhamn\/\" \/>\n<meta property=\"og:site_name\" content=\"Kristdemokraterna i S\u00f6derhamn\" \/>\n<meta property=\"article:modified_time\" content=\"2025-10-16T08:17:06+00:00\" \/>\n<meta name=\"twitter:card\" content=\"summary_large_image\" \/>\n<meta name=\"twitter:label1\" content=\"Ber\u00e4knad l\u00e4stid\" \/>\n\t<meta name=\"twitter:data1\" content=\"1 minut\" \/>\n<script type=\"application\/ld+json\" class=\"yoast-schema-graph\">{\"@context\":\"https:\\\/\\\/schema.org\",\"@graph\":[{\"@type\":\"WebPage\",\"@id\":\"https:\\\/\\\/wp.kristdemokraterna.se\\\/soderhamn\\\/\",\"url\":\"https:\\\/\\\/wp.kristdemokraterna.se\\\/soderhamn\\\/\",\"name\":\"Startsida - Kristdemokraterna i S\u00f6derhamn\",\"isPartOf\":{\"@id\":\"https:\\\/\\\/wp.kristdemokraterna.se\\\/soderhamn\\\/#website\"},\"datePublished\":\"2017-11-29T15:47:40+00:00\",\"dateModified\":\"2025-10-16T08:17:06+00:00\",\"description\":\"Kristdemokraterna i S\u00f6derhamns Webbplats - V\u00e4lkomna\",\"breadcrumb\":{\"@id\":\"https:\\\/\\\/wp.kristdemokraterna.se\\\/soderhamn\\\/#breadcrumb\"},\"inLanguage\":\"sv-SE\",\"potentialAction\":[{\"@type\":\"ReadAction\",\"target\":[\"https:\\\/\\\/wp.kristdemokraterna.se\\\/soderhamn\\\/\"]}]},{\"@type\":\"BreadcrumbList\",\"@id\":\"https:\\\/\\\/wp.kristdemokraterna.se\\\/soderhamn\\\/#breadcrumb\",\"itemListElement\":[{\"@type\":\"ListItem\",\"position\":1,\"name\":\"Hem\",\"item\":\"https:\\\/\\\/wp.kristdemokraterna.se\\\/soderhamn\\\/\"},{\"@type\":\"ListItem\",\"position\":2,\"name\":\"Startsida\"}]},{\"@type\":\"WebSite\",\"@id\":\"https:\\\/\\\/wp.kristdemokraterna.se\\\/soderhamn\\\/#website\",\"url\":\"https:\\\/\\\/wp.kristdemokraterna.se\\\/soderhamn\\\/\",\"name\":\"Kristdemokraterna i S\u00f6derhamn\",\"description\":\"Kristdemokraterna i S\u00f6derhamn\",\"inLanguage\":\"sv-SE\"}]}<\/script>\n<!-- \/ Yoast SEO plugin. -->","yoast_head_json":{"title":"Startsida - Kristdemokraterna i S\u00f6derhamn","description":"Kristdemokraterna i S\u00f6derhamns Webbplats - V\u00e4lkomna","robots":{"index":"index","follow":"follow","max-snippet":"max-snippet:-1","max-image-preview":"max-image-preview:large","max-video-preview":"max-video-preview:-1"},"canonical":"https:\/\/wp.kristdemokraterna.se\/soderhamn\/","og_locale":"sv_SE","og_type":"article","og_title":"Startsida - Kristdemokraterna i S\u00f6derhamn","og_description":"Kristdemokraterna i S\u00f6derhamns Webbplats - V\u00e4lkomna","og_url":"https:\/\/wp.kristdemokraterna.se\/soderhamn\/","og_site_name":"Kristdemokraterna i S\u00f6derhamn","article_modified_time":"2025-10-16T08:17:06+00:00","twitter_card":"summary_large_image","twitter_misc":{"Ber\u00e4knad l\u00e4stid":"1 minut"},"schema":{"@context":"https:\/\/schema.org","@graph":[{"@type":"WebPage","@id":"https:\/\/wp.kristdemokraterna.se\/soderhamn\/","url":"https:\/\/wp.kristdemokraterna.se\/soderhamn\/","name":"Startsida - Kristdemokraterna i S\u00f6derhamn","isPartOf":{"@id":"https:\/\/wp.kristdemokraterna.se\/soderhamn\/#website"},"datePublished":"2017-11-29T15:47:40+00:00","dateModified":"2025-10-16T08:17:06+00:00","description":"Kristdemokraterna i S\u00f6derhamns Webbplats - V\u00e4lkomna","breadcrumb":{"@id":"https:\/\/wp.kristdemokraterna.se\/soderhamn\/#breadcrumb"},"inLanguage":"sv-SE","potentialAction":[{"@type":"ReadAction","target":["https:\/\/wp.kristdemokraterna.se\/soderhamn\/"]}]},{"@type":"BreadcrumbList","@id":"https:\/\/wp.kristdemokraterna.se\/soderhamn\/#breadcrumb","itemListElement":[{"@type":"ListItem","position":1,"name":"Hem","item":"https:\/\/wp.kristdemokraterna.se\/soderhamn\/"},{"@type":"ListItem","position":2,"name":"Startsida"}]},{"@type":"WebSite","@id":"https:\/\/wp.kristdemokraterna.se\/soderhamn\/#website","url":"https:\/\/wp.kristdemokraterna.se\/soderhamn\/","name":"Kristdemokraterna i S\u00f6derhamn","description":"Kristdemokraterna i S\u00f6derhamn","inLanguage":"sv-SE"}]}},"_links":{"self":[{"href":"https:\/\/wp.kristdemokraterna.se\/soderhamn\/wp-json\/wp\/v2\/pages\/265","targetHints":{"allow":["GET"]}}],"collection":[{"href":"https:\/\/wp.kristdemokraterna.se\/soderhamn\/wp-json\/wp\/v2\/pages"}],"about":[{"href":"https:\/\/wp.kristdemokraterna.se\/soderhamn\/wp-json\/wp\/v2\/types\/page"}],"author":[{"embeddable":true,"href":"https:\/\/wp.kristdemokraterna.se\/soderhamn\/wp-json\/wp\/v2\/users\/799"}],"replies":[{"embeddable":true,"href":"https:\/\/wp.kristdemokraterna.se\/soderhamn\/wp-json\/wp\/v2\/comments?post=265"}],"version-history":[{"count":166,"href":"https:\/\/wp.kristdemokraterna.se\/soderhamn\/wp-json\/wp\/v2\/pages\/265\/revisions"}],"predecessor-version":[{"id":891,"href":"https:\/\/wp.kristdemokraterna.se\/soderhamn\/wp-json\/wp\/v2\/pages\/265\/revisions\/891"}],"wp:attachment":[{"href":"https:\/\/wp.kristdemokraterna.se\/soderhamn\/wp-json\/wp\/v2\/media?parent=265"}],"curies":[{"name":"wp","href":"https:\/\/api.w.org\/{rel}","templated":true}]}}

<p><strong>Kristdemokraterna i Söderhamns mål är ett samhälle där friheten att forma sitt eget liv går hand i hand med ansvaret för sin medmänniska.</strong></p>
<p><strong>Vi vill bygga ett samhälle som håller samman. </strong></p>
<p><strong>Ingen ska hållas tillbaka och ingen ska lämnas efter.</strong></p>
<p><strong>Välkommen hem</strong></p>

<p>Kristdemokraterna i Söderhamns mål är ett samhälle där friheten att forma sitt eget liv går hand i hand med ansvaret för sin medmänniska. Vi vill bygga ett samhälle som håller samman. Ingen ska hållas tillbaka och ingen ska lämnas efter. Välkommen hem</p>

<!-- This site is optimized with the Yoast SEO plugin v27.4 - https://yoast.com/product/yoast-seo-wordpress/ -->
<title>Startsida - Kristdemokraterna i Söderhamn</title>
<meta name="description" content="Kristdemokraterna i Söderhamns Webbplats - Välkomna" />
<meta name="robots" content="index, follow, max-snippet:-1, max-image-preview:large, max-video-preview:-1" />
<link rel="canonical" href="https://wp.kristdemokraterna.se/soderhamn/" />
<meta property="og:locale" content="sv_SE" />
<meta property="og:type" content="article" />
<meta property="og:title" content="Startsida - Kristdemokraterna i Söderhamn" />
<meta property="og:description" content="Kristdemokraterna i Söderhamns Webbplats - Välkomna" />
<meta property="og:url" content="https://wp.kristdemokraterna.se/soderhamn/" />
<meta property="og:site_name" content="Kristdemokraterna i Söderhamn" />
<meta property="article:modified_time" content="2025-10-16T08:17:06+00:00" />
<meta name="twitter:card" content="summary_large_image" />
<meta name="twitter:label1" content="Beräknad lästid" />
	<meta name="twitter:data1" content="1 minut" />
<script type="application/ld+json" class="yoast-schema-graph">{"@context":"https:\/\/schema.org","@graph":[{"@type":"WebPage","@id":"https:\/\/wp.kristdemokraterna.se\/soderhamn\/","url":"https:\/\/wp.kristdemokraterna.se\/soderhamn\/","name":"Startsida - Kristdemokraterna i Söderhamn","isPartOf":{"@id":"https:\/\/wp.kristdemokraterna.se\/soderhamn\/#website"},"datePublished":"2017-11-29T15:47:40+00:00","dateModified":"2025-10-16T08:17:06+00:00","description":"Kristdemokraterna i Söderhamns Webbplats - Välkomna","breadcrumb":{"@id":"https:\/\/wp.kristdemokraterna.se\/soderhamn\/#breadcrumb"},"inLanguage":"sv-SE","potentialAction":[{"@type":"ReadAction","target":["https:\/\/wp.kristdemokraterna.se\/soderhamn\/"]}]},{"@type":"BreadcrumbList","@id":"https:\/\/wp.kristdemokraterna.se\/soderhamn\/#breadcrumb","itemListElement":[{"@type":"ListItem","position":1,"name":"Hem","item":"https:\/\/wp.kristdemokraterna.se\/soderhamn\/"},{"@type":"ListItem","position":2,"name":"Startsida"}]},{"@type":"WebSite","@id":"https:\/\/wp.kristdemokraterna.se\/soderhamn\/#website","url":"https:\/\/wp.kristdemokraterna.se\/soderhamn\/","name":"Kristdemokraterna i Söderhamn","description":"Kristdemokraterna i Söderhamn","inLanguage":"sv-SE"}]}</script>
<!-- / Yoast SEO plugin. -->

Startsida - Kristdemokraterna i Söderhamn

Kristdemokraterna i Söderhamns Webbplats - Välkomna

Kristdemokraterna i Söderhamn
