{"id":387,"date":"2018-07-03T12:46:37","date_gmt":"2018-07-03T10:46:37","guid":{"rendered":"http:\/\/wp.kristdemokraterna.se\/soderkoping\/?page_id=387"},"modified":"2022-07-23T15:39:00","modified_gmt":"2022-07-23T13:39:00","slug":"valet2018","status":"publish","type":"page","link":"https:\/\/wp.kristdemokraterna.se\/soderkoping\/valet2018\/","title":{"rendered":"Valet 9 sept 2018"},"content":{"rendered":"<h2><strong>Om vi f\u00e5r best\u00e4mma, f\u00e5r du best\u00e4mma<br \/>\n<img loading=\"lazy\" decoding=\"async\" class=\"alignnone wp-image-397 size-large\" src=\"http:\/\/wp.kristdemokraterna.se\/soderkoping\/files\/2018\/07\/img_8283-1024x768.jpg\" alt=\"\" width=\"584\" height=\"438\" srcset=\"https:\/\/wp.kristdemokraterna.se\/soderkoping\/files\/2018\/07\/img_8283-1024x768.jpg 1024w, https:\/\/wp.kristdemokraterna.se\/soderkoping\/files\/2018\/07\/img_8283-300x225.jpg 300w, https:\/\/wp.kristdemokraterna.se\/soderkoping\/files\/2018\/07\/img_8283-768x576.jpg 768w, https:\/\/wp.kristdemokraterna.se\/soderkoping\/files\/2018\/07\/img_8283-461x346.jpg 461w, https:\/\/wp.kristdemokraterna.se\/soderkoping\/files\/2018\/07\/img_8283-149x112.jpg 149w, https:\/\/wp.kristdemokraterna.se\/soderkoping\/files\/2018\/07\/img_8283.jpg 1280w\" sizes=\"auto, (max-width: 584px) 100vw, 584px\" \/><br \/>\n<\/strong><\/h2>\n<ul>\n<li><a href=\"http:\/\/wp.kristdemokraterna.se\/soderkoping\/valet\/kommunkandidater-2018\/\">V\u00e5ra kandidater<\/a><\/li>\n<li><a href=\"http:\/\/wp.kristdemokraterna.se\/soderkoping\/valet\/sommartidning-2018\/\">Sommartidningen<\/a><\/li>\n<\/ul>\n<p><em>\u2013\u00a0<\/em><em>Mer information fr\u00e5n Kristdemokraterna S\u00f6derk\u00f6ping kommer\u2026<\/em><\/p>\n<hr \/>\n<p><em>Valet sker s\u00f6ndagen den 9 sept 2018, L\u00e4s mer:<\/em>\u00a0<em><a href=\"https:\/\/www.val.se\/\" target=\"_blank\" rel=\"noopener\">Valmyndigheten<\/a><\/em>\u00a0|| <em><a href=\"http:\/\/www.soderkoping.se\/kommun-politik\/politik-beslut\/val\/\" target=\"_blank\" rel=\"noopener\">S\u00f6derk\u00f6pings kommun<\/a><br \/>\n<\/em><\/p>\n<p>&nbsp;<\/p>\n<p>&nbsp;<\/p>\n<p><em>\u00a0<\/em><\/p>\n","protected":false},"excerpt":{"rendered":"<p>Om vi f\u00e5r best\u00e4mma, f\u00e5r du best\u00e4mma V\u00e5ra kandidater Sommartidningen \u2013\u00a0Mer information fr\u00e5n Kristdemokraterna S\u00f6derk\u00f6ping kommer\u2026 Valet sker s\u00f6ndagen den 9 sept 2018, L\u00e4s mer:\u00a0Valmyndigheten\u00a0|| S\u00f6derk\u00f6pings kommun &nbsp; &nbsp; \u00a0<\/p>\n","protected":false},"author":637,"featured_media":0,"parent":0,"menu_order":0,"comment_status":"closed","ping_status":"closed","template":"","meta":{"_acf_changed":false,"footnotes":""},"class_list":["post-387","page","type-page","status-publish","hentry"],"acf":[],"yoast_head":"<!-- This site is optimized with the Yoast SEO plugin v27.4 - https:\/\/yoast.com\/product\/yoast-seo-wordpress\/ -->\n<title>Valet 9 sept 2018 - S\u00f6derk\u00f6ping<\/title>\n<meta name=\"robots\" content=\"noindex, follow, max-snippet:-1, max-image-preview:large, max-video-preview:-1\" \/>\n<meta property=\"og:locale\" content=\"sv_SE\" \/>\n<meta property=\"og:type\" content=\"article\" \/>\n<meta property=\"og:title\" content=\"Valet 9 sept 2018 - S\u00f6derk\u00f6ping\" \/>\n<meta property=\"og:description\" content=\"Om vi f\u00e5r best\u00e4mma, f\u00e5r du best\u00e4mma V\u00e5ra kandidater Sommartidningen \u2013\u00a0Mer information fr\u00e5n Kristdemokraterna S\u00f6derk\u00f6ping kommer\u2026 Valet sker s\u00f6ndagen den 9 sept 2018, L\u00e4s mer:\u00a0Valmyndigheten\u00a0|| S\u00f6derk\u00f6pings kommun &nbsp; &nbsp; \u00a0\" \/>\n<meta property=\"og:url\" content=\"https:\/\/wp.kristdemokraterna.se\/soderkoping\/valet2018\/\" \/>\n<meta property=\"og:site_name\" content=\"S\u00f6derk\u00f6ping\" \/>\n<meta property=\"article:modified_time\" content=\"2022-07-23T13:39:00+00:00\" \/>\n<meta property=\"og:image\" content=\"http:\/\/wp.kristdemokraterna.se\/soderkoping\/files\/2018\/07\/img_8283-1024x768.jpg\" \/>\n<meta name=\"twitter:card\" content=\"summary_large_image\" \/>\n<script type=\"application\/ld+json\" class=\"yoast-schema-graph\">{\"@context\":\"https:\\\/\\\/schema.org\",\"@graph\":[{\"@type\":\"WebPage\",\"@id\":\"https:\\\/\\\/wp.kristdemokraterna.se\\\/soderkoping\\\/valet2018\\\/\",\"url\":\"https:\\\/\\\/wp.kristdemokraterna.se\\\/soderkoping\\\/valet2018\\\/\",\"name\":\"Valet 9 sept 2018 - S\u00f6derk\u00f6ping\",\"isPartOf\":{\"@id\":\"https:\\\/\\\/wp.kristdemokraterna.se\\\/soderkoping\\\/#website\"},\"primaryImageOfPage\":{\"@id\":\"https:\\\/\\\/wp.kristdemokraterna.se\\\/soderkoping\\\/valet2018\\\/#primaryimage\"},\"image\":{\"@id\":\"https:\\\/\\\/wp.kristdemokraterna.se\\\/soderkoping\\\/valet2018\\\/#primaryimage\"},\"thumbnailUrl\":\"http:\\\/\\\/wp.kristdemokraterna.se\\\/soderkoping\\\/files\\\/2018\\\/07\\\/img_8283-1024x768.jpg\",\"datePublished\":\"2018-07-03T10:46:37+00:00\",\"dateModified\":\"2022-07-23T13:39:00+00:00\",\"breadcrumb\":{\"@id\":\"https:\\\/\\\/wp.kristdemokraterna.se\\\/soderkoping\\\/valet2018\\\/#breadcrumb\"},\"inLanguage\":\"sv-SE\",\"potentialAction\":[{\"@type\":\"ReadAction\",\"target\":[\"https:\\\/\\\/wp.kristdemokraterna.se\\\/soderkoping\\\/valet2018\\\/\"]}]},{\"@type\":\"ImageObject\",\"inLanguage\":\"sv-SE\",\"@id\":\"https:\\\/\\\/wp.kristdemokraterna.se\\\/soderkoping\\\/valet2018\\\/#primaryimage\",\"url\":\"http:\\\/\\\/wp.kristdemokraterna.se\\\/soderkoping\\\/files\\\/2018\\\/07\\\/img_8283-1024x768.jpg\",\"contentUrl\":\"http:\\\/\\\/wp.kristdemokraterna.se\\\/soderkoping\\\/files\\\/2018\\\/07\\\/img_8283-1024x768.jpg\"},{\"@type\":\"BreadcrumbList\",\"@id\":\"https:\\\/\\\/wp.kristdemokraterna.se\\\/soderkoping\\\/valet2018\\\/#breadcrumb\",\"itemListElement\":[{\"@type\":\"ListItem\",\"position\":1,\"name\":\"Hem\",\"item\":\"https:\\\/\\\/wp.kristdemokraterna.se\\\/soderkoping\\\/\"},{\"@type\":\"ListItem\",\"position\":2,\"name\":\"Valet 9 sept 2018\"}]},{\"@type\":\"WebSite\",\"@id\":\"https:\\\/\\\/wp.kristdemokraterna.se\\\/soderkoping\\\/#website\",\"url\":\"https:\\\/\\\/wp.kristdemokraterna.se\\\/soderkoping\\\/\",\"name\":\"S\u00f6derk\u00f6ping\",\"description\":\"Kristdemokraterna\",\"inLanguage\":\"sv-SE\"}]}<\/script>\n<!-- \/ Yoast SEO plugin. -->","yoast_head_json":{"title":"Valet 9 sept 2018 - S\u00f6derk\u00f6ping","robots":{"index":"noindex","follow":"follow","max-snippet":"max-snippet:-1","max-image-preview":"max-image-preview:large","max-video-preview":"max-video-preview:-1"},"og_locale":"sv_SE","og_type":"article","og_title":"Valet 9 sept 2018 - S\u00f6derk\u00f6ping","og_description":"Om vi f\u00e5r best\u00e4mma, f\u00e5r du best\u00e4mma V\u00e5ra kandidater Sommartidningen \u2013\u00a0Mer information fr\u00e5n Kristdemokraterna S\u00f6derk\u00f6ping kommer\u2026 Valet sker s\u00f6ndagen den 9 sept 2018, L\u00e4s mer:\u00a0Valmyndigheten\u00a0|| S\u00f6derk\u00f6pings kommun &nbsp; &nbsp; \u00a0","og_url":"https:\/\/wp.kristdemokraterna.se\/soderkoping\/valet2018\/","og_site_name":"S\u00f6derk\u00f6ping","article_modified_time":"2022-07-23T13:39:00+00:00","og_image":[{"url":"http:\/\/wp.kristdemokraterna.se\/soderkoping\/files\/2018\/07\/img_8283-1024x768.jpg","type":"","width":"","height":""}],"twitter_card":"summary_large_image","schema":{"@context":"https:\/\/schema.org","@graph":[{"@type":"WebPage","@id":"https:\/\/wp.kristdemokraterna.se\/soderkoping\/valet2018\/","url":"https:\/\/wp.kristdemokraterna.se\/soderkoping\/valet2018\/","name":"Valet 9 sept 2018 - S\u00f6derk\u00f6ping","isPartOf":{"@id":"https:\/\/wp.kristdemokraterna.se\/soderkoping\/#website"},"primaryImageOfPage":{"@id":"https:\/\/wp.kristdemokraterna.se\/soderkoping\/valet2018\/#primaryimage"},"image":{"@id":"https:\/\/wp.kristdemokraterna.se\/soderkoping\/valet2018\/#primaryimage"},"thumbnailUrl":"http:\/\/wp.kristdemokraterna.se\/soderkoping\/files\/2018\/07\/img_8283-1024x768.jpg","datePublished":"2018-07-03T10:46:37+00:00","dateModified":"2022-07-23T13:39:00+00:00","breadcrumb":{"@id":"https:\/\/wp.kristdemokraterna.se\/soderkoping\/valet2018\/#breadcrumb"},"inLanguage":"sv-SE","potentialAction":[{"@type":"ReadAction","target":["https:\/\/wp.kristdemokraterna.se\/soderkoping\/valet2018\/"]}]},{"@type":"ImageObject","inLanguage":"sv-SE","@id":"https:\/\/wp.kristdemokraterna.se\/soderkoping\/valet2018\/#primaryimage","url":"http:\/\/wp.kristdemokraterna.se\/soderkoping\/files\/2018\/07\/img_8283-1024x768.jpg","contentUrl":"http:\/\/wp.kristdemokraterna.se\/soderkoping\/files\/2018\/07\/img_8283-1024x768.jpg"},{"@type":"BreadcrumbList","@id":"https:\/\/wp.kristdemokraterna.se\/soderkoping\/valet2018\/#breadcrumb","itemListElement":[{"@type":"ListItem","position":1,"name":"Hem","item":"https:\/\/wp.kristdemokraterna.se\/soderkoping\/"},{"@type":"ListItem","position":2,"name":"Valet 9 sept 2018"}]},{"@type":"WebSite","@id":"https:\/\/wp.kristdemokraterna.se\/soderkoping\/#website","url":"https:\/\/wp.kristdemokraterna.se\/soderkoping\/","name":"S\u00f6derk\u00f6ping","description":"Kristdemokraterna","inLanguage":"sv-SE"}]}},"_links":{"self":[{"href":"https:\/\/wp.kristdemokraterna.se\/soderkoping\/wp-json\/wp\/v2\/pages\/387","targetHints":{"allow":["GET"]}}],"collection":[{"href":"https:\/\/wp.kristdemokraterna.se\/soderkoping\/wp-json\/wp\/v2\/pages"}],"about":[{"href":"https:\/\/wp.kristdemokraterna.se\/soderkoping\/wp-json\/wp\/v2\/types\/page"}],"author":[{"embeddable":true,"href":"https:\/\/wp.kristdemokraterna.se\/soderkoping\/wp-json\/wp\/v2\/users\/637"}],"replies":[{"embeddable":true,"href":"https:\/\/wp.kristdemokraterna.se\/soderkoping\/wp-json\/wp\/v2\/comments?post=387"}],"version-history":[{"count":12,"href":"https:\/\/wp.kristdemokraterna.se\/soderkoping\/wp-json\/wp\/v2\/pages\/387\/revisions"}],"predecessor-version":[{"id":598,"href":"https:\/\/wp.kristdemokraterna.se\/soderkoping\/wp-json\/wp\/v2\/pages\/387\/revisions\/598"}],"wp:attachment":[{"href":"https:\/\/wp.kristdemokraterna.se\/soderkoping\/wp-json\/wp\/v2\/media?parent=387"}],"curies":[{"name":"wp","href":"https:\/\/api.w.org\/{rel}","templated":true}]}}