{"id":82,"date":"2014-08-01T14:54:13","date_gmt":"2014-08-01T12:54:13","guid":{"rendered":"http:\/\/wp.kristdemokraterna.se\/soderkoping\/?page_id=82"},"modified":"2014-10-06T17:25:08","modified_gmt":"2014-10-06T15:25:08","slug":"valet2014","status":"publish","type":"page","link":"https:\/\/wp.kristdemokraterna.se\/soderkoping\/valet2014\/","title":{"rendered":"Valet 14 sept 2014"},"content":{"rendered":"<p><img loading=\"lazy\" decoding=\"async\" class=\"alignnone wp-image-128 size-full\" src=\"http:\/\/wp.kristdemokraterna.se\/soderkoping\/files\/2014\/08\/10307432_651108081626335_1902850925738711046_n.gif\" alt=\"10307432_651108081626335_1902850925738711046_n\" width=\"851\" height=\"315\" \/><br \/>\n&gt; <a title=\"Valtidning - Ditt val 2014\" href=\"http:\/\/wp.kristdemokraterna.se\/soderkoping\/valet2014\/valtidning-2014\/\">Valtidning &#8211; Ditt val 2014 <\/a><br \/>\n&gt; <a title=\"Kommunlistan \u00e4r fastst\u00e4lld\" href=\"http:\/\/wp.kristdemokraterna.se\/soderkoping\/kommunlistan-ar-faststalld\/\">Kommunkandidater<\/a><br \/>\n&gt; <em><a href=\"http:\/\/wp.kristdemokraterna.se\/e\/valet-14-september\/landstingskandidater\/valkrets-kinda-atvid-valdemarsvik-soderkoping\/\" target=\"_blank\">Landstingskandidater<\/a> (extern l\u00e4nk)<\/em><br \/>\n&gt; <em><a href=\"http:\/\/wp.kristdemokraterna.se\/e\/valet-14-september\/riksdagskandidater\/\" target=\"_blank\">Riksdagskandidater<\/a><\/em> <em>(extern l\u00e4nk)<\/em><\/p>\n<p>&gt; <a title=\"www.kristdemokraterna.se\/sevadvimenar\" href=\"http:\/\/www.sevadvimenar.se\" target=\"_blank\">Valportal 2014 &#8211; Se vad vi menar<\/a> (extern l\u00e4nk)<\/p>\n<p><strong>Kristdemokraterna&#8217;s Valfilm<\/strong><br \/>\n<a href=\"http:\/\/youtu.be\/vArqb8weza0\" target=\"_blank\"><img decoding=\"async\" class=\"alignnone size-full\" src=\"http:\/\/wp.kristdemokraterna.se\/soderkoping\/files\/2014\/08\/20140825-225813.jpg\" alt=\"20140825-225813.jpg\" \/><\/a><br \/>\n&gt; <a href=\"http:\/\/youtu.be\/vArqb8weza0\" target=\"_blank\"><em>YouTube.com<\/em><\/a><\/p>\n<p><strong><em>Datum<\/em><\/strong><br \/>\n<em>* 27 aug &#8211; F\u00f6rtidsr\u00f6stningen b\u00f6rjar (<a href=\"http:\/\/www.val.se\/val\/val2014\/rostmottagning\/fortidsrostning\/kommun\/05\/82\/index.html\" target=\"_blank\">val.se<\/a>)<\/em><br \/>\n<em>* 14 sept &#8211; Valdagen (<a href=\"http:\/\/www.val.se\/val\/val2014\/rostmottagning\/vallokal\/kommun\/05\/82\/index.html\" target=\"_blank\">val.se<\/a>)<br \/>\n<\/em><\/p>\n<hr \/>\n<p><strong>Valresultaten f\u00f6r kommunfullm\u00e4ktige<\/strong><em><a href=\"http:\/\/www.val.se\/val\/val2014\/slutresultat\/K\/kommun\/05\/82\/index.html\" target=\"_blank\"><img loading=\"lazy\" decoding=\"async\" class=\"alignnone wp-image-221 size-full\" src=\"http:\/\/wp.kristdemokraterna.se\/soderkoping\/files\/2014\/08\/skpg_valresultat2014_slutligt.jpg\" alt=\"skpg_valresultat2014_slutligt\" width=\"747\" height=\"342\" srcset=\"https:\/\/wp.kristdemokraterna.se\/soderkoping\/files\/2014\/08\/skpg_valresultat2014_slutligt.jpg 747w, https:\/\/wp.kristdemokraterna.se\/soderkoping\/files\/2014\/08\/skpg_valresultat2014_slutligt-300x137.jpg 300w, https:\/\/wp.kristdemokraterna.se\/soderkoping\/files\/2014\/08\/skpg_valresultat2014_slutligt-576x263.jpg 576w, https:\/\/wp.kristdemokraterna.se\/soderkoping\/files\/2014\/08\/skpg_valresultat2014_slutligt-186x85.jpg 186w\" sizes=\"auto, (max-width: 747px) 100vw, 747px\" \/><\/a><\/em><br \/>\n<em>K\u00e4lla:\u00a0 <a href=\"http:\/\/www.val.se\/val\/val2014\/slutresultat\/K\/kommun\/05\/82\/index.html\" target=\"_blank\">val.se<\/a><\/em><\/p>\n<p>&nbsp;<\/p>\n","protected":false},"excerpt":{"rendered":"<p>&gt; Valtidning &#8211; Ditt val 2014 &gt; Kommunkandidater &gt; Landstingskandidater (extern l\u00e4nk) &gt; Riksdagskandidater (extern l\u00e4nk) &gt; Valportal 2014 &#8211; Se vad vi menar (extern l\u00e4nk) Kristdemokraterna&#8217;s Valfilm &gt; YouTube.com Datum * 27 aug &#8211; F\u00f6rtidsr\u00f6stningen b\u00f6rjar (val.se) * 14 sept &#8211; Valdagen (val.se) Valresultaten f\u00f6r kommunfullm\u00e4ktige K\u00e4lla:\u00a0 val.se &nbsp;<\/p>\n","protected":false},"author":637,"featured_media":0,"parent":0,"menu_order":0,"comment_status":"closed","ping_status":"closed","template":"","meta":{"_acf_changed":false,"footnotes":""},"class_list":["post-82","page","type-page","status-publish","hentry"],"acf":[],"yoast_head":"<!-- This site is optimized with the Yoast SEO plugin v27.4 - https:\/\/yoast.com\/product\/yoast-seo-wordpress\/ -->\n<title>Valet 14 sept 2014 - S\u00f6derk\u00f6ping<\/title>\n<meta name=\"robots\" content=\"noindex, follow, max-snippet:-1, max-image-preview:large, max-video-preview:-1\" \/>\n<meta property=\"og:locale\" content=\"sv_SE\" \/>\n<meta property=\"og:type\" content=\"article\" \/>\n<meta property=\"og:title\" content=\"Valet 14 sept 2014 - S\u00f6derk\u00f6ping\" \/>\n<meta property=\"og:description\" content=\"&gt; Valtidning &#8211; Ditt val 2014 &gt; Kommunkandidater &gt; Landstingskandidater (extern l\u00e4nk) &gt; Riksdagskandidater (extern l\u00e4nk) &gt; Valportal 2014 &#8211; Se vad vi menar (extern l\u00e4nk) Kristdemokraterna&#8217;s Valfilm &gt; YouTube.com Datum * 27 aug &#8211; F\u00f6rtidsr\u00f6stningen b\u00f6rjar (val.se) * 14 sept &#8211; Valdagen (val.se) Valresultaten f\u00f6r kommunfullm\u00e4ktige K\u00e4lla:\u00a0 val.se &nbsp;\" \/>\n<meta property=\"og:url\" content=\"https:\/\/wp.kristdemokraterna.se\/soderkoping\/valet2014\/\" \/>\n<meta property=\"og:site_name\" content=\"S\u00f6derk\u00f6ping\" \/>\n<meta property=\"article:modified_time\" content=\"2014-10-06T15:25:08+00:00\" \/>\n<meta property=\"og:image\" content=\"http:\/\/wp.kristdemokraterna.se\/soderkoping\/files\/2014\/08\/10307432_651108081626335_1902850925738711046_n.gif\" \/>\n<meta name=\"twitter:card\" content=\"summary_large_image\" \/>\n<script type=\"application\/ld+json\" class=\"yoast-schema-graph\">{\"@context\":\"https:\\\/\\\/schema.org\",\"@graph\":[{\"@type\":\"WebPage\",\"@id\":\"https:\\\/\\\/wp.kristdemokraterna.se\\\/soderkoping\\\/valet2014\\\/\",\"url\":\"https:\\\/\\\/wp.kristdemokraterna.se\\\/soderkoping\\\/valet2014\\\/\",\"name\":\"Valet 14 sept 2014 - S\u00f6derk\u00f6ping\",\"isPartOf\":{\"@id\":\"https:\\\/\\\/wp.kristdemokraterna.se\\\/soderkoping\\\/#website\"},\"primaryImageOfPage\":{\"@id\":\"https:\\\/\\\/wp.kristdemokraterna.se\\\/soderkoping\\\/valet2014\\\/#primaryimage\"},\"image\":{\"@id\":\"https:\\\/\\\/wp.kristdemokraterna.se\\\/soderkoping\\\/valet2014\\\/#primaryimage\"},\"thumbnailUrl\":\"http:\\\/\\\/wp.kristdemokraterna.se\\\/soderkoping\\\/files\\\/2014\\\/08\\\/10307432_651108081626335_1902850925738711046_n.gif\",\"datePublished\":\"2014-08-01T12:54:13+00:00\",\"dateModified\":\"2014-10-06T15:25:08+00:00\",\"breadcrumb\":{\"@id\":\"https:\\\/\\\/wp.kristdemokraterna.se\\\/soderkoping\\\/valet2014\\\/#breadcrumb\"},\"inLanguage\":\"sv-SE\",\"potentialAction\":[{\"@type\":\"ReadAction\",\"target\":[\"https:\\\/\\\/wp.kristdemokraterna.se\\\/soderkoping\\\/valet2014\\\/\"]}]},{\"@type\":\"ImageObject\",\"inLanguage\":\"sv-SE\",\"@id\":\"https:\\\/\\\/wp.kristdemokraterna.se\\\/soderkoping\\\/valet2014\\\/#primaryimage\",\"url\":\"https:\\\/\\\/wp.kristdemokraterna.se\\\/soderkoping\\\/files\\\/2014\\\/08\\\/10307432_651108081626335_1902850925738711046_n.gif\",\"contentUrl\":\"https:\\\/\\\/wp.kristdemokraterna.se\\\/soderkoping\\\/files\\\/2014\\\/08\\\/10307432_651108081626335_1902850925738711046_n.gif\",\"width\":851,\"height\":315},{\"@type\":\"BreadcrumbList\",\"@id\":\"https:\\\/\\\/wp.kristdemokraterna.se\\\/soderkoping\\\/valet2014\\\/#breadcrumb\",\"itemListElement\":[{\"@type\":\"ListItem\",\"position\":1,\"name\":\"Hem\",\"item\":\"https:\\\/\\\/wp.kristdemokraterna.se\\\/soderkoping\\\/\"},{\"@type\":\"ListItem\",\"position\":2,\"name\":\"Valet 14 sept 2014\"}]},{\"@type\":\"WebSite\",\"@id\":\"https:\\\/\\\/wp.kristdemokraterna.se\\\/soderkoping\\\/#website\",\"url\":\"https:\\\/\\\/wp.kristdemokraterna.se\\\/soderkoping\\\/\",\"name\":\"S\u00f6derk\u00f6ping\",\"description\":\"Kristdemokraterna\",\"inLanguage\":\"sv-SE\"}]}<\/script>\n<!-- \/ Yoast SEO plugin. -->","yoast_head_json":{"title":"Valet 14 sept 2014 - S\u00f6derk\u00f6ping","robots":{"index":"noindex","follow":"follow","max-snippet":"max-snippet:-1","max-image-preview":"max-image-preview:large","max-video-preview":"max-video-preview:-1"},"og_locale":"sv_SE","og_type":"article","og_title":"Valet 14 sept 2014 - S\u00f6derk\u00f6ping","og_description":"&gt; Valtidning &#8211; Ditt val 2014 &gt; Kommunkandidater &gt; Landstingskandidater (extern l\u00e4nk) &gt; Riksdagskandidater (extern l\u00e4nk) &gt; Valportal 2014 &#8211; Se vad vi menar (extern l\u00e4nk) Kristdemokraterna&#8217;s Valfilm &gt; YouTube.com Datum * 27 aug &#8211; F\u00f6rtidsr\u00f6stningen b\u00f6rjar (val.se) * 14 sept &#8211; Valdagen (val.se) Valresultaten f\u00f6r kommunfullm\u00e4ktige K\u00e4lla:\u00a0 val.se &nbsp;","og_url":"https:\/\/wp.kristdemokraterna.se\/soderkoping\/valet2014\/","og_site_name":"S\u00f6derk\u00f6ping","article_modified_time":"2014-10-06T15:25:08+00:00","og_image":[{"url":"http:\/\/wp.kristdemokraterna.se\/soderkoping\/files\/2014\/08\/10307432_651108081626335_1902850925738711046_n.gif","type":"","width":"","height":""}],"twitter_card":"summary_large_image","schema":{"@context":"https:\/\/schema.org","@graph":[{"@type":"WebPage","@id":"https:\/\/wp.kristdemokraterna.se\/soderkoping\/valet2014\/","url":"https:\/\/wp.kristdemokraterna.se\/soderkoping\/valet2014\/","name":"Valet 14 sept 2014 - S\u00f6derk\u00f6ping","isPartOf":{"@id":"https:\/\/wp.kristdemokraterna.se\/soderkoping\/#website"},"primaryImageOfPage":{"@id":"https:\/\/wp.kristdemokraterna.se\/soderkoping\/valet2014\/#primaryimage"},"image":{"@id":"https:\/\/wp.kristdemokraterna.se\/soderkoping\/valet2014\/#primaryimage"},"thumbnailUrl":"http:\/\/wp.kristdemokraterna.se\/soderkoping\/files\/2014\/08\/10307432_651108081626335_1902850925738711046_n.gif","datePublished":"2014-08-01T12:54:13+00:00","dateModified":"2014-10-06T15:25:08+00:00","breadcrumb":{"@id":"https:\/\/wp.kristdemokraterna.se\/soderkoping\/valet2014\/#breadcrumb"},"inLanguage":"sv-SE","potentialAction":[{"@type":"ReadAction","target":["https:\/\/wp.kristdemokraterna.se\/soderkoping\/valet2014\/"]}]},{"@type":"ImageObject","inLanguage":"sv-SE","@id":"https:\/\/wp.kristdemokraterna.se\/soderkoping\/valet2014\/#primaryimage","url":"https:\/\/wp.kristdemokraterna.se\/soderkoping\/files\/2014\/08\/10307432_651108081626335_1902850925738711046_n.gif","contentUrl":"https:\/\/wp.kristdemokraterna.se\/soderkoping\/files\/2014\/08\/10307432_651108081626335_1902850925738711046_n.gif","width":851,"height":315},{"@type":"BreadcrumbList","@id":"https:\/\/wp.kristdemokraterna.se\/soderkoping\/valet2014\/#breadcrumb","itemListElement":[{"@type":"ListItem","position":1,"name":"Hem","item":"https:\/\/wp.kristdemokraterna.se\/soderkoping\/"},{"@type":"ListItem","position":2,"name":"Valet 14 sept 2014"}]},{"@type":"WebSite","@id":"https:\/\/wp.kristdemokraterna.se\/soderkoping\/#website","url":"https:\/\/wp.kristdemokraterna.se\/soderkoping\/","name":"S\u00f6derk\u00f6ping","description":"Kristdemokraterna","inLanguage":"sv-SE"}]}},"_links":{"self":[{"href":"https:\/\/wp.kristdemokraterna.se\/soderkoping\/wp-json\/wp\/v2\/pages\/82","targetHints":{"allow":["GET"]}}],"collection":[{"href":"https:\/\/wp.kristdemokraterna.se\/soderkoping\/wp-json\/wp\/v2\/pages"}],"about":[{"href":"https:\/\/wp.kristdemokraterna.se\/soderkoping\/wp-json\/wp\/v2\/types\/page"}],"author":[{"embeddable":true,"href":"https:\/\/wp.kristdemokraterna.se\/soderkoping\/wp-json\/wp\/v2\/users\/637"}],"replies":[{"embeddable":true,"href":"https:\/\/wp.kristdemokraterna.se\/soderkoping\/wp-json\/wp\/v2\/comments?post=82"}],"version-history":[{"count":18,"href":"https:\/\/wp.kristdemokraterna.se\/soderkoping\/wp-json\/wp\/v2\/pages\/82\/revisions"}],"predecessor-version":[{"id":223,"href":"https:\/\/wp.kristdemokraterna.se\/soderkoping\/wp-json\/wp\/v2\/pages\/82\/revisions\/223"}],"wp:attachment":[{"href":"https:\/\/wp.kristdemokraterna.se\/soderkoping\/wp-json\/wp\/v2\/media?parent=82"}],"curies":[{"name":"wp","href":"https:\/\/api.w.org\/{rel}","templated":true}]}}