{"id":825,"date":"2021-02-02T14:45:55","date_gmt":"2021-02-02T13:45:55","guid":{"rendered":"http:\/\/wp.kristdemokraterna.se\/soderkoping\/?page_id=825"},"modified":"2021-03-08T14:29:31","modified_gmt":"2021-03-08T13:29:31","slug":"kdu","status":"publish","type":"page","link":"https:\/\/wp.kristdemokraterna.se\/soderkoping\/kdu\/","title":{"rendered":"KDU S\u00f6derk\u00f6ping"},"content":{"rendered":"<p style=\"text-align: left\"><a href=\"https:\/\/www.kdu.se\/\" target=\"_blank\" rel=\"noopener\"><img loading=\"lazy\" decoding=\"async\" class=\"alignnone aligncenter\" src=\"http:\/\/wp.kristdemokraterna.se\/motala\/files\/2015\/03\/slide0.jpg\" alt=\"slide0\" width=\"606\" height=\"240\" \/><\/a><br \/>\n\u00c4r du intresserad att vara med som medlem i KDU o \u00e4ven starta upp en<br \/>\nKDU avdelning\/klubb i v\u00e5ran kommun \u201d<em>tillsammans med partiavdelningen i S\u00f6derk\u00f6ping<\/em>\u201d?<\/p>\n<p style=\"text-align: left\"><strong>Kontakta g\u00e4rna:<\/strong><br \/>\n&gt; <a href=\"http:\/\/wp.kristdemokraterna.se\/soderkoping\/om-oss\/kontaktaoss\/\">Evelina Nilsson<\/a>, KD S\u00f6derk\u00f6pings ordf.<br \/>\n&gt;\u00a0<a href=\"https:\/\/www.kdu.se\/kontakt\/distrikt\/ostergotland\/\" target=\"_blank\" rel=\"noopener\">KDU \u00d6sterg\u00f6tland<\/a>\u00a0(<em>kdu.se<\/em>)<\/p>\n<p style=\"text-align: left\"><strong>L\u00e4s mer<\/strong><br \/>\n&gt;\u00a0<a href=\"http:\/\/www.kdu.se\/bli-medlem\/\" target=\"_blank\" rel=\"noopener noreferrer\">Bli KDU-medlem<\/a><br \/>\n&gt;\u00a0<a href=\"https:\/\/www.kdu.se\/engagera-dig\/\" target=\"_blank\" rel=\"noopener noreferrer\">Varf\u00f6r KDU?<\/a><br \/>\n&gt;\u00a0<a href=\"https:\/\/www.kdu.se\/om-kdu\/\" target=\"_blank\" rel=\"noopener noreferrer\">Om KDU<\/a><br \/>\n&gt; <a href=\"http:\/\/wp.kristdemokraterna.se\/soderkoping\/files\/2021\/03\/stadgar20210225_kduostergotland.pdf\" target=\"_blank\" rel=\"noopener\">Stadgar_2021<\/a> (KDU \u00d6sterg\u00f6tland, pdf)<\/p>\n<hr \/>\n<p style=\"text-align: center\"><em>&gt;\u00a0<a href=\"http:\/\/www.kdu.se\/\" target=\"_blank\" rel=\"noopener noreferrer\">kdu.se<\/a>\u00a0&gt;\u00a0<a href=\"http:\/\/www.kdu.se\/ostergotland\" target=\"_blank\" rel=\"noopener noreferrer\">\u00f6sterg\u00f6tland<\/a>\u00a0&gt;\u00a0<\/em><\/p>\n","protected":false},"excerpt":{"rendered":"<p>\u00c4r du intresserad att vara med som medlem i KDU o \u00e4ven starta upp en KDU avdelning\/klubb i v\u00e5ran kommun \u201dtillsammans med partiavdelningen i S\u00f6derk\u00f6ping\u201d? Kontakta g\u00e4rna: &gt; Evelina Nilsson, KD S\u00f6derk\u00f6pings ordf. &gt;\u00a0KDU \u00d6sterg\u00f6tland\u00a0(kdu.se) L\u00e4s mer &gt;\u00a0Bli KDU-medlem &gt;\u00a0Varf\u00f6r KDU? &gt;\u00a0Om KDU &gt; Stadgar_2021 (KDU \u00d6sterg\u00f6tland, pdf) &gt;\u00a0kdu.se\u00a0&gt;\u00a0\u00f6sterg\u00f6tland\u00a0&gt;\u00a0<\/p>\n","protected":false},"author":637,"featured_media":0,"parent":0,"menu_order":0,"comment_status":"closed","ping_status":"closed","template":"","meta":{"_acf_changed":false,"footnotes":""},"class_list":["post-825","page","type-page","status-publish","hentry"],"acf":[],"yoast_head":"<!-- This site is optimized with the Yoast SEO plugin v27.5 - https:\/\/yoast.com\/product\/yoast-seo-wordpress\/ -->\n<title>KDU S\u00f6derk\u00f6ping - S\u00f6derk\u00f6ping<\/title>\n<meta name=\"robots\" content=\"noindex, follow, max-snippet:-1, max-image-preview:large, max-video-preview:-1\" \/>\n<meta property=\"og:locale\" content=\"sv_SE\" \/>\n<meta property=\"og:type\" content=\"article\" \/>\n<meta property=\"og:title\" content=\"KDU S\u00f6derk\u00f6ping - S\u00f6derk\u00f6ping\" \/>\n<meta property=\"og:description\" content=\"\u00c4r du intresserad att vara med som medlem i KDU o \u00e4ven starta upp en KDU avdelning\/klubb i v\u00e5ran kommun \u201dtillsammans med partiavdelningen i S\u00f6derk\u00f6ping\u201d? Kontakta g\u00e4rna: &gt; Evelina Nilsson, KD S\u00f6derk\u00f6pings ordf. &gt;\u00a0KDU \u00d6sterg\u00f6tland\u00a0(kdu.se) L\u00e4s mer &gt;\u00a0Bli KDU-medlem &gt;\u00a0Varf\u00f6r KDU? &gt;\u00a0Om KDU &gt; Stadgar_2021 (KDU \u00d6sterg\u00f6tland, pdf) &gt;\u00a0kdu.se\u00a0&gt;\u00a0\u00f6sterg\u00f6tland\u00a0&gt;\u00a0\" \/>\n<meta property=\"og:url\" content=\"https:\/\/wp.kristdemokraterna.se\/soderkoping\/kdu\/\" \/>\n<meta property=\"og:site_name\" content=\"S\u00f6derk\u00f6ping\" \/>\n<meta property=\"article:modified_time\" content=\"2021-03-08T13:29:31+00:00\" \/>\n<meta property=\"og:image\" content=\"http:\/\/wp.kristdemokraterna.se\/motala\/files\/2015\/03\/slide0.jpg\" \/>\n<meta name=\"twitter:card\" content=\"summary_large_image\" \/>\n<meta name=\"twitter:label1\" content=\"Ber\u00e4knad l\u00e4stid\" \/>\n\t<meta name=\"twitter:data1\" content=\"1 minut\" \/>\n<script type=\"application\/ld+json\" class=\"yoast-schema-graph\">{\"@context\":\"https:\\\/\\\/schema.org\",\"@graph\":[{\"@type\":\"WebPage\",\"@id\":\"https:\\\/\\\/wp.kristdemokraterna.se\\\/soderkoping\\\/kdu\\\/\",\"url\":\"https:\\\/\\\/wp.kristdemokraterna.se\\\/soderkoping\\\/kdu\\\/\",\"name\":\"KDU S\u00f6derk\u00f6ping - S\u00f6derk\u00f6ping\",\"isPartOf\":{\"@id\":\"https:\\\/\\\/wp.kristdemokraterna.se\\\/soderkoping\\\/#website\"},\"primaryImageOfPage\":{\"@id\":\"https:\\\/\\\/wp.kristdemokraterna.se\\\/soderkoping\\\/kdu\\\/#primaryimage\"},\"image\":{\"@id\":\"https:\\\/\\\/wp.kristdemokraterna.se\\\/soderkoping\\\/kdu\\\/#primaryimage\"},\"thumbnailUrl\":\"http:\\\/\\\/wp.kristdemokraterna.se\\\/motala\\\/files\\\/2015\\\/03\\\/slide0.jpg\",\"datePublished\":\"2021-02-02T13:45:55+00:00\",\"dateModified\":\"2021-03-08T13:29:31+00:00\",\"breadcrumb\":{\"@id\":\"https:\\\/\\\/wp.kristdemokraterna.se\\\/soderkoping\\\/kdu\\\/#breadcrumb\"},\"inLanguage\":\"sv-SE\",\"potentialAction\":[{\"@type\":\"ReadAction\",\"target\":[\"https:\\\/\\\/wp.kristdemokraterna.se\\\/soderkoping\\\/kdu\\\/\"]}]},{\"@type\":\"ImageObject\",\"inLanguage\":\"sv-SE\",\"@id\":\"https:\\\/\\\/wp.kristdemokraterna.se\\\/soderkoping\\\/kdu\\\/#primaryimage\",\"url\":\"http:\\\/\\\/wp.kristdemokraterna.se\\\/motala\\\/files\\\/2015\\\/03\\\/slide0.jpg\",\"contentUrl\":\"http:\\\/\\\/wp.kristdemokraterna.se\\\/motala\\\/files\\\/2015\\\/03\\\/slide0.jpg\"},{\"@type\":\"BreadcrumbList\",\"@id\":\"https:\\\/\\\/wp.kristdemokraterna.se\\\/soderkoping\\\/kdu\\\/#breadcrumb\",\"itemListElement\":[{\"@type\":\"ListItem\",\"position\":1,\"name\":\"Hem\",\"item\":\"https:\\\/\\\/wp.kristdemokraterna.se\\\/soderkoping\\\/\"},{\"@type\":\"ListItem\",\"position\":2,\"name\":\"KDU S\u00f6derk\u00f6ping\"}]},{\"@type\":\"WebSite\",\"@id\":\"https:\\\/\\\/wp.kristdemokraterna.se\\\/soderkoping\\\/#website\",\"url\":\"https:\\\/\\\/wp.kristdemokraterna.se\\\/soderkoping\\\/\",\"name\":\"S\u00f6derk\u00f6ping\",\"description\":\"Kristdemokraterna\",\"inLanguage\":\"sv-SE\"}]}<\/script>\n<!-- \/ Yoast SEO plugin. -->","yoast_head_json":{"title":"KDU S\u00f6derk\u00f6ping - S\u00f6derk\u00f6ping","robots":{"index":"noindex","follow":"follow","max-snippet":"max-snippet:-1","max-image-preview":"max-image-preview:large","max-video-preview":"max-video-preview:-1"},"og_locale":"sv_SE","og_type":"article","og_title":"KDU S\u00f6derk\u00f6ping - S\u00f6derk\u00f6ping","og_description":"\u00c4r du intresserad att vara med som medlem i KDU o \u00e4ven starta upp en KDU avdelning\/klubb i v\u00e5ran kommun \u201dtillsammans med partiavdelningen i S\u00f6derk\u00f6ping\u201d? Kontakta g\u00e4rna: &gt; Evelina Nilsson, KD S\u00f6derk\u00f6pings ordf. &gt;\u00a0KDU \u00d6sterg\u00f6tland\u00a0(kdu.se) L\u00e4s mer &gt;\u00a0Bli KDU-medlem &gt;\u00a0Varf\u00f6r KDU? &gt;\u00a0Om KDU &gt; Stadgar_2021 (KDU \u00d6sterg\u00f6tland, pdf) &gt;\u00a0kdu.se\u00a0&gt;\u00a0\u00f6sterg\u00f6tland\u00a0&gt;\u00a0","og_url":"https:\/\/wp.kristdemokraterna.se\/soderkoping\/kdu\/","og_site_name":"S\u00f6derk\u00f6ping","article_modified_time":"2021-03-08T13:29:31+00:00","og_image":[{"url":"http:\/\/wp.kristdemokraterna.se\/motala\/files\/2015\/03\/slide0.jpg","type":"","width":"","height":""}],"twitter_card":"summary_large_image","twitter_misc":{"Ber\u00e4knad l\u00e4stid":"1 minut"},"schema":{"@context":"https:\/\/schema.org","@graph":[{"@type":"WebPage","@id":"https:\/\/wp.kristdemokraterna.se\/soderkoping\/kdu\/","url":"https:\/\/wp.kristdemokraterna.se\/soderkoping\/kdu\/","name":"KDU S\u00f6derk\u00f6ping - S\u00f6derk\u00f6ping","isPartOf":{"@id":"https:\/\/wp.kristdemokraterna.se\/soderkoping\/#website"},"primaryImageOfPage":{"@id":"https:\/\/wp.kristdemokraterna.se\/soderkoping\/kdu\/#primaryimage"},"image":{"@id":"https:\/\/wp.kristdemokraterna.se\/soderkoping\/kdu\/#primaryimage"},"thumbnailUrl":"http:\/\/wp.kristdemokraterna.se\/motala\/files\/2015\/03\/slide0.jpg","datePublished":"2021-02-02T13:45:55+00:00","dateModified":"2021-03-08T13:29:31+00:00","breadcrumb":{"@id":"https:\/\/wp.kristdemokraterna.se\/soderkoping\/kdu\/#breadcrumb"},"inLanguage":"sv-SE","potentialAction":[{"@type":"ReadAction","target":["https:\/\/wp.kristdemokraterna.se\/soderkoping\/kdu\/"]}]},{"@type":"ImageObject","inLanguage":"sv-SE","@id":"https:\/\/wp.kristdemokraterna.se\/soderkoping\/kdu\/#primaryimage","url":"http:\/\/wp.kristdemokraterna.se\/motala\/files\/2015\/03\/slide0.jpg","contentUrl":"http:\/\/wp.kristdemokraterna.se\/motala\/files\/2015\/03\/slide0.jpg"},{"@type":"BreadcrumbList","@id":"https:\/\/wp.kristdemokraterna.se\/soderkoping\/kdu\/#breadcrumb","itemListElement":[{"@type":"ListItem","position":1,"name":"Hem","item":"https:\/\/wp.kristdemokraterna.se\/soderkoping\/"},{"@type":"ListItem","position":2,"name":"KDU S\u00f6derk\u00f6ping"}]},{"@type":"WebSite","@id":"https:\/\/wp.kristdemokraterna.se\/soderkoping\/#website","url":"https:\/\/wp.kristdemokraterna.se\/soderkoping\/","name":"S\u00f6derk\u00f6ping","description":"Kristdemokraterna","inLanguage":"sv-SE"}]}},"_links":{"self":[{"href":"https:\/\/wp.kristdemokraterna.se\/soderkoping\/wp-json\/wp\/v2\/pages\/825","targetHints":{"allow":["GET"]}}],"collection":[{"href":"https:\/\/wp.kristdemokraterna.se\/soderkoping\/wp-json\/wp\/v2\/pages"}],"about":[{"href":"https:\/\/wp.kristdemokraterna.se\/soderkoping\/wp-json\/wp\/v2\/types\/page"}],"author":[{"embeddable":true,"href":"https:\/\/wp.kristdemokraterna.se\/soderkoping\/wp-json\/wp\/v2\/users\/637"}],"replies":[{"embeddable":true,"href":"https:\/\/wp.kristdemokraterna.se\/soderkoping\/wp-json\/wp\/v2\/comments?post=825"}],"version-history":[{"count":9,"href":"https:\/\/wp.kristdemokraterna.se\/soderkoping\/wp-json\/wp\/v2\/pages\/825\/revisions"}],"predecessor-version":[{"id":840,"href":"https:\/\/wp.kristdemokraterna.se\/soderkoping\/wp-json\/wp\/v2\/pages\/825\/revisions\/840"}],"wp:attachment":[{"href":"https:\/\/wp.kristdemokraterna.se\/soderkoping\/wp-json\/wp\/v2\/media?parent=825"}],"curies":[{"name":"wp","href":"https:\/\/api.w.org\/{rel}","templated":true}]}}