{"id":61,"date":"2013-02-07T13:44:17","date_gmt":"2013-02-07T12:44:17","guid":{"rendered":"http:\/\/wp.kristdemokraterna.se\/sollentuna\/?page_id=61"},"modified":"2025-09-09T15:12:36","modified_gmt":"2025-09-09T13:12:36","slug":"vara-politiker","status":"publish","type":"page","link":"https:\/\/wp.kristdemokraterna.se\/sollentuna\/vara-politiker\/","title":{"rendered":"V\u00e5ra politiker"},"content":{"rendered":"<p style=\"font-size: 19px\"><img loading=\"lazy\" decoding=\"async\" class=\" wp-image-1725 aligncenter\" src=\"http:\/\/wp.kristdemokraterna.se\/sollentuna\/files\/2020\/12\/thomas-bild-150x150.jpg\" alt=\"\" width=\"263\" height=\"263\" srcset=\"https:\/\/wp.kristdemokraterna.se\/sollentuna\/files\/2020\/12\/thomas-bild-150x150.jpg 150w, https:\/\/wp.kristdemokraterna.se\/sollentuna\/files\/2020\/12\/thomas-bild-90x90.jpg 90w\" sizes=\"auto, (max-width: 263px) 100vw, 263px\" \/><\/p>\n<p style=\"font-size: 19px\">Thomas Nyman \u00e4r Kristdemokraternas kommunalr\u00e5d i Sollentuna<\/p>\n<p>-K\u00e4nner mig stolt, tacksam och \u00f6dmjuk \u00f6ver att ha blivit vald till att leda KD\u2019s team i kommunen och ser fram emot att g\u00f6ra Sollentuna \u00e4nnu b\u00e4ttre tillsammans med v\u00e5ra samarbetspartier.<\/p>\n<p>-Jag hoppas p\u00e5 ett \u00f6kat f\u00f6rtroende bland Sollentunaborna bland annat genom att det s\u00e4tts \u00e4n mer fokus p\u00e5 kultur&amp;fritid som betyder enormt mycket som friskfaktorer i v\u00e5r kommun.<\/p>\n<p><strong>V\u00e5ra l\u00f6ften till Dig<\/strong><br \/>\n\u2022 Vi lovar att st\u00e5 upp f\u00f6r en ansvarsfull ekonomisk politik. Vi har respekt f\u00f6r varje skattekrona.<br \/>\n\u2022 Vi betonar alltid att grunden f\u00f6r ett gott samh\u00e4lle \u00e4r familjen, oavsett hur den ser ut. V\u00e4rderingar formas i den lilla n\u00e4rmilj\u00f6n.<br \/>\n\u2022 Vi s\u00e4tter barnets perspektiv i centrum. Ett samh\u00e4lle som \u00e4r anpassat efter v\u00e5ra barn \u00e4r ett bra samh\u00e4lle f\u00f6r alla.<br \/>\n\u2022 Vi har varit med och beslutat om en v\u00e4rdighetsgaranti inom \u00e4ldreomsorgen. Det ska finnas en niv\u00e5 p\u00e5 service som vi alltid ska kunna garantera.<br \/>\n\u2022 Vi ska forts\u00e4tta ha Sveriges b\u00e4sta skola som m\u00e5l. Och vi ska forts\u00e4tta ligga i topp bland de mest f\u00f6retagsv\u00e4nliga kommunerna.<\/p>\n<p>Du kan n\u00e5 mig p\u00e5 <a href=\"mailto:thomas.h.nyman@sollentuna.se\" target=\"_blank\" rel=\"noopener noreferrer\">thomas.h.nyman@sollentuna.se<\/a> eller <a href=\"mailto:thomas.nyman@kristdemokraterna.se\" target=\"_blank\" rel=\"noopener noreferrer\">thomas.nyman@kristdemokraterna.se<\/a><\/p>\n<p>V\u00e4nliga h\u00e4lsningar<br \/>\nThomas Nyman<\/p>\n<p><strong>Kristdemokraternas f\u00f6rtroendevalda i Sollentuna kommun 2022-2026<\/strong><\/p>\n<p><strong>Kommunfullm\u00e4ktige<\/strong><br \/>\nLedamot Thomas Nyman, Towe Ireblad, Erik Elver\u00f6<br \/>\nErs\u00e4ttare Carlos Romero, Seppo Karmitsa<\/p>\n<p><strong>Kommunstyrelsen<\/strong><br \/>\nLedamot Thomas Nyman<br \/>\nErs\u00e4ttare Carlos Romero och Towe Ireblad<\/p>\n<p><strong>Kommunstyrelsens arbetsutskott<\/strong><br \/>\nLedamot Thomas Nyman<br \/>\nErs\u00e4ttare Carlos Romero<\/p>\n<p><strong>Milj\u00f6- och klimatn\u00e4mnden<\/strong><br \/>\nLedamot Carlos Romero<br \/>\nErs\u00e4ttare Iris Josefsson<\/p>\n<p><strong>Kompetens- och arbetsmarknadsn\u00e4mnden<\/strong><br \/>\nLedamot Jan Fjellstedt<br \/>\nErs\u00e4ttare Christina Sternerup Falkenstr\u00f6m<\/p>\n<p><strong>Kultur- och fritidsn\u00e4mnden<\/strong><br \/>\nOrdf\u00f6rande Thomas Nyman<br \/>\nLedamot Rikhard Saarenp\u00e4\u00e4<br \/>\nErs\u00e4ttare Peter Kilander<\/p>\n<p><strong>Samh\u00e4llsbyggnadsn\u00e4mnden<\/strong><br \/>\nLedamot Gunnar Lunnerg\u00e5rd<br \/>\nErs\u00e4ttare Thomas Sehlan<\/p>\n<p><strong>Socialn\u00e4mnden<\/strong><br \/>\nLedamot Hanna Stom\u00e9us<br \/>\nErs\u00e4ttare Jan Better<\/p>\n<p><strong>Utbildningsn\u00e4mnden<\/strong><br \/>\nLedamot Erik Elver\u00f6<br \/>\nErs\u00e4ttare Lars J\u00e4gerskog<\/p>\n<p><strong>Valn\u00e4mnden<\/strong><br \/>\nLedamot Ragnar St\u00e5hle<br \/>\nErs\u00e4ttare: Eva Ireblad<\/p>\n<p><strong>V\u00e5rd- o omsorgsn\u00e4mnden<\/strong><br \/>\nLedamot Christian Duvell<br \/>\nErs\u00e4ttare Frida Stolt<\/p>\n<p><strong>\u00d6verf\u00f6rmyndarn\u00e4mnden<\/strong><br \/>\nJan Fjellstedt<\/p>\n<p><strong>Revisor<\/strong><br \/>\nNils-\u00c5ke Borgstr\u00f6m<\/p>\n<p><strong>Ledam\u00f6ter i bolagsstyrelser 2018-2022<\/strong><\/p>\n<p><strong>SSAB<\/strong><br \/>\nLedamot Thomas Nyman<br \/>\nSuppleant VAKANT<\/p>\n<p><strong>Sollentunahem<\/strong><br \/>\nLedamot Seppo Karmitsa<br \/>\nSuppleant Anders Lundberg<\/p>\n<p><strong>Solom<\/strong><br \/>\nVice ordf\u00f6rande Peter Kilander<br \/>\nSuppleant Bert Christiansson<\/p>\n<p><strong>SEOM<\/strong><br \/>\nVice ordf\u00f6rande VAKANT<br \/>\nSuppleant Niclas Larsered<\/p>\n<p><strong>SKAB<\/strong><br \/>\nLedamot Carlos Romero<br \/>\nSuppleant B\u00f6rje Duvell<\/p>\n<p><strong>M\u00e4lardalsr\u00e5dets r\u00e5dsm\u00f6te<\/strong><br \/>\nErs\u00e4ttare VAKANT<\/p>\n<p><strong>Funktionshinderr\u00e5det<\/strong><br \/>\nLedamot Martha Duvell<\/p>\n<p>Ers\u00e4ttare VAKANT<\/p>\n<p><strong>Vigself\u00f6rr\u00e4ttare<\/strong><br \/>\nPeter Kilander<\/p>\n","protected":false},"excerpt":{"rendered":"<p>Thomas Nyman \u00e4r Kristdemokraternas kommunalr\u00e5d i Sollentuna -K\u00e4nner mig stolt, tacksam och \u00f6dmjuk \u00f6ver att ha blivit vald till att leda KD\u2019s team i kommunen och ser fram emot att g\u00f6ra Sollentuna \u00e4nnu b\u00e4ttre tillsammans med v\u00e5ra samarbetspartier. -Jag hoppas p\u00e5 ett \u00f6kat f\u00f6rtroende bland Sollentunaborna bland annat genom att det s\u00e4tts \u00e4n mer <a class=\"read-more-link\" href=\"https:\/\/wp.kristdemokraterna.se\/sollentuna\/vara-politiker\/\">mer<\/a><\/p>\n","protected":false},"author":41,"featured_media":0,"parent":0,"menu_order":0,"comment_status":"closed","ping_status":"closed","template":"","meta":{"_acf_changed":false,"footnotes":""},"class_list":["post-61","page","type-page","status-publish","hentry"],"acf":[],"yoast_head":"<!-- This site is optimized with the Yoast SEO plugin v27.4 - https:\/\/yoast.com\/product\/yoast-seo-wordpress\/ -->\n<title>V\u00e5ra politiker - Kristdemokraterna i Sollentuna<\/title>\n<meta name=\"robots\" content=\"index, follow, max-snippet:-1, max-image-preview:large, max-video-preview:-1\" \/>\n<link rel=\"canonical\" href=\"https:\/\/wp.kristdemokraterna.se\/sollentuna\/vara-politiker\/\" \/>\n<meta property=\"og:locale\" content=\"sv_SE\" \/>\n<meta property=\"og:type\" content=\"article\" \/>\n<meta property=\"og:title\" content=\"V\u00e5ra politiker - Kristdemokraterna i Sollentuna\" \/>\n<meta property=\"og:description\" content=\"Thomas Nyman \u00e4r Kristdemokraternas kommunalr\u00e5d i Sollentuna -K\u00e4nner mig stolt, tacksam och \u00f6dmjuk \u00f6ver att ha blivit vald till att leda KD\u2019s team i kommunen och ser fram emot att g\u00f6ra Sollentuna \u00e4nnu b\u00e4ttre tillsammans med v\u00e5ra samarbetspartier. -Jag hoppas p\u00e5 ett \u00f6kat f\u00f6rtroende bland Sollentunaborna bland annat genom att det s\u00e4tts \u00e4n mer mer\" \/>\n<meta property=\"og:url\" content=\"https:\/\/wp.kristdemokraterna.se\/sollentuna\/vara-politiker\/\" \/>\n<meta property=\"og:site_name\" content=\"Kristdemokraterna i Sollentuna\" \/>\n<meta property=\"article:modified_time\" content=\"2025-09-09T13:12:36+00:00\" \/>\n<meta property=\"og:image\" content=\"https:\/\/wp.kristdemokraterna.se\/sollentuna\/files\/2020\/12\/thomas-bild.jpg\" \/>\n\t<meta property=\"og:image:width\" content=\"513\" \/>\n\t<meta property=\"og:image:height\" content=\"358\" \/>\n\t<meta property=\"og:image:type\" content=\"image\/jpeg\" \/>\n<meta name=\"twitter:card\" content=\"summary_large_image\" \/>\n<meta name=\"twitter:label1\" content=\"Ber\u00e4knad l\u00e4stid\" \/>\n\t<meta name=\"twitter:data1\" content=\"2 minuter\" \/>\n<script type=\"application\/ld+json\" class=\"yoast-schema-graph\">{\"@context\":\"https:\\\/\\\/schema.org\",\"@graph\":[{\"@type\":\"WebPage\",\"@id\":\"https:\\\/\\\/wp.kristdemokraterna.se\\\/sollentuna\\\/vara-politiker\\\/\",\"url\":\"https:\\\/\\\/wp.kristdemokraterna.se\\\/sollentuna\\\/vara-politiker\\\/\",\"name\":\"V\u00e5ra politiker - Kristdemokraterna i Sollentuna\",\"isPartOf\":{\"@id\":\"https:\\\/\\\/wp.kristdemokraterna.se\\\/sollentuna\\\/#website\"},\"primaryImageOfPage\":{\"@id\":\"https:\\\/\\\/wp.kristdemokraterna.se\\\/sollentuna\\\/vara-politiker\\\/#primaryimage\"},\"image\":{\"@id\":\"https:\\\/\\\/wp.kristdemokraterna.se\\\/sollentuna\\\/vara-politiker\\\/#primaryimage\"},\"thumbnailUrl\":\"http:\\\/\\\/wp.kristdemokraterna.se\\\/sollentuna\\\/files\\\/2020\\\/12\\\/thomas-bild-150x150.jpg\",\"datePublished\":\"2013-02-07T12:44:17+00:00\",\"dateModified\":\"2025-09-09T13:12:36+00:00\",\"breadcrumb\":{\"@id\":\"https:\\\/\\\/wp.kristdemokraterna.se\\\/sollentuna\\\/vara-politiker\\\/#breadcrumb\"},\"inLanguage\":\"sv-SE\",\"potentialAction\":[{\"@type\":\"ReadAction\",\"target\":[\"https:\\\/\\\/wp.kristdemokraterna.se\\\/sollentuna\\\/vara-politiker\\\/\"]}]},{\"@type\":\"ImageObject\",\"inLanguage\":\"sv-SE\",\"@id\":\"https:\\\/\\\/wp.kristdemokraterna.se\\\/sollentuna\\\/vara-politiker\\\/#primaryimage\",\"url\":\"http:\\\/\\\/wp.kristdemokraterna.se\\\/sollentuna\\\/files\\\/2020\\\/12\\\/thomas-bild-150x150.jpg\",\"contentUrl\":\"http:\\\/\\\/wp.kristdemokraterna.se\\\/sollentuna\\\/files\\\/2020\\\/12\\\/thomas-bild-150x150.jpg\"},{\"@type\":\"BreadcrumbList\",\"@id\":\"https:\\\/\\\/wp.kristdemokraterna.se\\\/sollentuna\\\/vara-politiker\\\/#breadcrumb\",\"itemListElement\":[{\"@type\":\"ListItem\",\"position\":1,\"name\":\"Hem\",\"item\":\"https:\\\/\\\/wp.kristdemokraterna.se\\\/sollentuna\\\/\"},{\"@type\":\"ListItem\",\"position\":2,\"name\":\"V\u00e5ra politiker\"}]},{\"@type\":\"WebSite\",\"@id\":\"https:\\\/\\\/wp.kristdemokraterna.se\\\/sollentuna\\\/#website\",\"url\":\"https:\\\/\\\/wp.kristdemokraterna.se\\\/sollentuna\\\/\",\"name\":\"Kristdemokraterna i Sollentuna\",\"description\":\"\",\"inLanguage\":\"sv-SE\"}]}<\/script>\n<!-- \/ Yoast SEO plugin. -->","yoast_head_json":{"title":"V\u00e5ra politiker - Kristdemokraterna i Sollentuna","robots":{"index":"index","follow":"follow","max-snippet":"max-snippet:-1","max-image-preview":"max-image-preview:large","max-video-preview":"max-video-preview:-1"},"canonical":"https:\/\/wp.kristdemokraterna.se\/sollentuna\/vara-politiker\/","og_locale":"sv_SE","og_type":"article","og_title":"V\u00e5ra politiker - Kristdemokraterna i Sollentuna","og_description":"Thomas Nyman \u00e4r Kristdemokraternas kommunalr\u00e5d i Sollentuna -K\u00e4nner mig stolt, tacksam och \u00f6dmjuk \u00f6ver att ha blivit vald till att leda KD\u2019s team i kommunen och ser fram emot att g\u00f6ra Sollentuna \u00e4nnu b\u00e4ttre tillsammans med v\u00e5ra samarbetspartier. -Jag hoppas p\u00e5 ett \u00f6kat f\u00f6rtroende bland Sollentunaborna bland annat genom att det s\u00e4tts \u00e4n mer mer","og_url":"https:\/\/wp.kristdemokraterna.se\/sollentuna\/vara-politiker\/","og_site_name":"Kristdemokraterna i Sollentuna","article_modified_time":"2025-09-09T13:12:36+00:00","og_image":[{"width":513,"height":358,"url":"https:\/\/wp.kristdemokraterna.se\/sollentuna\/files\/2020\/12\/thomas-bild.jpg","type":"image\/jpeg"}],"twitter_card":"summary_large_image","twitter_misc":{"Ber\u00e4knad l\u00e4stid":"2 minuter"},"schema":{"@context":"https:\/\/schema.org","@graph":[{"@type":"WebPage","@id":"https:\/\/wp.kristdemokraterna.se\/sollentuna\/vara-politiker\/","url":"https:\/\/wp.kristdemokraterna.se\/sollentuna\/vara-politiker\/","name":"V\u00e5ra politiker - Kristdemokraterna i Sollentuna","isPartOf":{"@id":"https:\/\/wp.kristdemokraterna.se\/sollentuna\/#website"},"primaryImageOfPage":{"@id":"https:\/\/wp.kristdemokraterna.se\/sollentuna\/vara-politiker\/#primaryimage"},"image":{"@id":"https:\/\/wp.kristdemokraterna.se\/sollentuna\/vara-politiker\/#primaryimage"},"thumbnailUrl":"http:\/\/wp.kristdemokraterna.se\/sollentuna\/files\/2020\/12\/thomas-bild-150x150.jpg","datePublished":"2013-02-07T12:44:17+00:00","dateModified":"2025-09-09T13:12:36+00:00","breadcrumb":{"@id":"https:\/\/wp.kristdemokraterna.se\/sollentuna\/vara-politiker\/#breadcrumb"},"inLanguage":"sv-SE","potentialAction":[{"@type":"ReadAction","target":["https:\/\/wp.kristdemokraterna.se\/sollentuna\/vara-politiker\/"]}]},{"@type":"ImageObject","inLanguage":"sv-SE","@id":"https:\/\/wp.kristdemokraterna.se\/sollentuna\/vara-politiker\/#primaryimage","url":"http:\/\/wp.kristdemokraterna.se\/sollentuna\/files\/2020\/12\/thomas-bild-150x150.jpg","contentUrl":"http:\/\/wp.kristdemokraterna.se\/sollentuna\/files\/2020\/12\/thomas-bild-150x150.jpg"},{"@type":"BreadcrumbList","@id":"https:\/\/wp.kristdemokraterna.se\/sollentuna\/vara-politiker\/#breadcrumb","itemListElement":[{"@type":"ListItem","position":1,"name":"Hem","item":"https:\/\/wp.kristdemokraterna.se\/sollentuna\/"},{"@type":"ListItem","position":2,"name":"V\u00e5ra politiker"}]},{"@type":"WebSite","@id":"https:\/\/wp.kristdemokraterna.se\/sollentuna\/#website","url":"https:\/\/wp.kristdemokraterna.se\/sollentuna\/","name":"Kristdemokraterna i Sollentuna","description":"","inLanguage":"sv-SE"}]}},"_links":{"self":[{"href":"https:\/\/wp.kristdemokraterna.se\/sollentuna\/wp-json\/wp\/v2\/pages\/61","targetHints":{"allow":["GET"]}}],"collection":[{"href":"https:\/\/wp.kristdemokraterna.se\/sollentuna\/wp-json\/wp\/v2\/pages"}],"about":[{"href":"https:\/\/wp.kristdemokraterna.se\/sollentuna\/wp-json\/wp\/v2\/types\/page"}],"author":[{"embeddable":true,"href":"https:\/\/wp.kristdemokraterna.se\/sollentuna\/wp-json\/wp\/v2\/users\/41"}],"replies":[{"embeddable":true,"href":"https:\/\/wp.kristdemokraterna.se\/sollentuna\/wp-json\/wp\/v2\/comments?post=61"}],"version-history":[{"count":81,"href":"https:\/\/wp.kristdemokraterna.se\/sollentuna\/wp-json\/wp\/v2\/pages\/61\/revisions"}],"predecessor-version":[{"id":2024,"href":"https:\/\/wp.kristdemokraterna.se\/sollentuna\/wp-json\/wp\/v2\/pages\/61\/revisions\/2024"}],"wp:attachment":[{"href":"https:\/\/wp.kristdemokraterna.se\/sollentuna\/wp-json\/wp\/v2\/media?parent=61"}],"curies":[{"name":"wp","href":"https:\/\/api.w.org\/{rel}","templated":true}]}}