{"id":199,"date":"2012-08-21T12:38:04","date_gmt":"2012-08-21T10:38:04","guid":{"rendered":"http:\/\/wp.kristdemokraterna.se\/sormland\/?page_id=199"},"modified":"2024-04-10T14:21:32","modified_gmt":"2024-04-10T12:21:32","slug":"om-oss","status":"publish","type":"page","link":"https:\/\/wp.kristdemokraterna.se\/sormland\/distriktet\/om-oss\/","title":{"rendered":"Om oss"},"content":{"rendered":"<p>Kristdemokraternas partidistrikt i S\u00f6rmland arbetar f\u00f6r ett samh\u00e4lle\u00a0d\u00e4r fler tar ansvar och bryr sig om varandra &#8211; ett m\u00e4nskligare S\u00f6rmland helt enkelt. V\u00e5rt partinamn Kristdemokraterna f\u00f6rklarar att vi st\u00e5r f\u00f6r demokrati byggd p\u00e5 kristen m\u00e4nniskosyn och v\u00e4rdegrund.<\/p>\n<p>En vanlig missuppfattning om partiet \u00e4r att man m\u00e5ste vara religi\u00f6st engagerad f\u00f6r att vara med. Det \u00e4r fel. Alla som delar v\u00e5ra id\u00e9er \u00e4r v\u00e4lkomna i partiet.<\/p>\n<p align=\"left\">Kristdemokraterna har i dag drygt 21 600 medlemmar och partiets organisation best\u00e5r huvudsakligen av tre niv\u00e5er; partiavdelning (vanligtvis motsvarande en kommun), partidistrikt (motsvarande ett l\u00e4n) och riksorganisation (hela riket). Makten utg\u00e5r fr\u00e5n medlemmarna. Medlemsinflytande ut\u00f6vas direkt av medlemmarna p\u00e5 partiavdelningsniv\u00e5 och av de ombud som medlemmarna utser f\u00f6r partidistrikts- och riksorganisationsniv\u00e5.<\/p>\n<p align=\"left\">Partiets ordf\u00f6rande heter Ebba Busch. V\u00e5ra viktigaste omr\u00e5den \u00e4r &#8211; v\u00e4rdig v\u00e5rd och omsorg, valfrihet och r\u00e4ttvisa f\u00f6r familjen och blomstrande n\u00e4ringsliv f\u00f6r v\u00e4lf\u00e4rd.<\/p>\n<p>L\u00e4s mer om v\u00e5rt arbete i partidistriktet och i Region S\u00f6rmland (f.d Landstinget) genom att klicka dig runt i menyraden ovan.<\/p>\n<p>&nbsp;<\/p>\n","protected":false},"excerpt":{"rendered":"<p>Kristdemokraternas partidistrikt i S\u00f6rmland arbetar f\u00f6r ett samh\u00e4lle\u00a0d\u00e4r fler tar ansvar och bryr sig om varandra &#8211; ett m\u00e4nskligare S\u00f6rmland helt enkelt. V\u00e5rt partinamn Kristdemokraterna f\u00f6rklarar att vi st\u00e5r f\u00f6r demokrati byggd p\u00e5 kristen m\u00e4nniskosyn och v\u00e4rdegrund. En vanlig missuppfattning om partiet \u00e4r att man m\u00e5ste vara religi\u00f6st engagerad f\u00f6r att vara med. Det \u00e4r <a class=\"read-more-link\" href=\"https:\/\/wp.kristdemokraterna.se\/sormland\/distriktet\/om-oss\/\">Read More<\/a><\/p>\n","protected":false},"author":16,"featured_media":0,"parent":201,"menu_order":0,"comment_status":"closed","ping_status":"closed","template":"","meta":{"_acf_changed":false,"footnotes":""},"class_list":["post-199","page","type-page","status-publish","hentry"],"acf":[],"yoast_head":"<!-- This site is optimized with the Yoast SEO plugin v27.4 - https:\/\/yoast.com\/product\/yoast-seo-wordpress\/ -->\n<title>Om oss - S\u00d6RMLAND<\/title>\n<meta name=\"robots\" content=\"index, follow, max-snippet:-1, max-image-preview:large, max-video-preview:-1\" \/>\n<link rel=\"canonical\" href=\"https:\/\/wp.kristdemokraterna.se\/sormland\/distriktet\/om-oss\/\" \/>\n<meta property=\"og:locale\" content=\"sv_SE\" \/>\n<meta property=\"og:type\" content=\"article\" \/>\n<meta property=\"og:title\" content=\"Om oss - S\u00d6RMLAND\" \/>\n<meta property=\"og:description\" content=\"Kristdemokraternas partidistrikt i S\u00f6rmland arbetar f\u00f6r ett samh\u00e4lle\u00a0d\u00e4r fler tar ansvar och bryr sig om varandra &#8211; ett m\u00e4nskligare S\u00f6rmland helt enkelt. V\u00e5rt partinamn Kristdemokraterna f\u00f6rklarar att vi st\u00e5r f\u00f6r demokrati byggd p\u00e5 kristen m\u00e4nniskosyn och v\u00e4rdegrund. En vanlig missuppfattning om partiet \u00e4r att man m\u00e5ste vara religi\u00f6st engagerad f\u00f6r att vara med. Det \u00e4r Read More\" \/>\n<meta property=\"og:url\" content=\"https:\/\/wp.kristdemokraterna.se\/sormland\/distriktet\/om-oss\/\" \/>\n<meta property=\"og:site_name\" content=\"S\u00d6RMLAND\" \/>\n<meta property=\"article:modified_time\" content=\"2024-04-10T12:21:32+00:00\" \/>\n<meta name=\"twitter:card\" content=\"summary_large_image\" \/>\n<meta name=\"twitter:label1\" content=\"Ber\u00e4knad l\u00e4stid\" \/>\n\t<meta name=\"twitter:data1\" content=\"1 minut\" \/>\n<script type=\"application\/ld+json\" class=\"yoast-schema-graph\">{\"@context\":\"https:\\\/\\\/schema.org\",\"@graph\":[{\"@type\":\"WebPage\",\"@id\":\"https:\\\/\\\/wp.kristdemokraterna.se\\\/sormland\\\/distriktet\\\/om-oss\\\/\",\"url\":\"https:\\\/\\\/wp.kristdemokraterna.se\\\/sormland\\\/distriktet\\\/om-oss\\\/\",\"name\":\"Om oss - S\u00d6RMLAND\",\"isPartOf\":{\"@id\":\"https:\\\/\\\/wp.kristdemokraterna.se\\\/sormland\\\/#website\"},\"datePublished\":\"2012-08-21T10:38:04+00:00\",\"dateModified\":\"2024-04-10T12:21:32+00:00\",\"breadcrumb\":{\"@id\":\"https:\\\/\\\/wp.kristdemokraterna.se\\\/sormland\\\/distriktet\\\/om-oss\\\/#breadcrumb\"},\"inLanguage\":\"sv-SE\",\"potentialAction\":[{\"@type\":\"ReadAction\",\"target\":[\"https:\\\/\\\/wp.kristdemokraterna.se\\\/sormland\\\/distriktet\\\/om-oss\\\/\"]}]},{\"@type\":\"BreadcrumbList\",\"@id\":\"https:\\\/\\\/wp.kristdemokraterna.se\\\/sormland\\\/distriktet\\\/om-oss\\\/#breadcrumb\",\"itemListElement\":[{\"@type\":\"ListItem\",\"position\":1,\"name\":\"Hem\",\"item\":\"https:\\\/\\\/wp.kristdemokraterna.se\\\/sormland\\\/\"},{\"@type\":\"ListItem\",\"position\":2,\"name\":\"Partidistriktet\",\"item\":\"https:\\\/\\\/wp.kristdemokraterna.se\\\/sormland\\\/distriktet\\\/\"},{\"@type\":\"ListItem\",\"position\":3,\"name\":\"Om oss\"}]},{\"@type\":\"WebSite\",\"@id\":\"https:\\\/\\\/wp.kristdemokraterna.se\\\/sormland\\\/#website\",\"url\":\"https:\\\/\\\/wp.kristdemokraterna.se\\\/sormland\\\/\",\"name\":\"S\u00d6RMLAND\",\"description\":\"\",\"inLanguage\":\"sv-SE\"}]}<\/script>\n<!-- \/ Yoast SEO plugin. -->","yoast_head_json":{"title":"Om oss - S\u00d6RMLAND","robots":{"index":"index","follow":"follow","max-snippet":"max-snippet:-1","max-image-preview":"max-image-preview:large","max-video-preview":"max-video-preview:-1"},"canonical":"https:\/\/wp.kristdemokraterna.se\/sormland\/distriktet\/om-oss\/","og_locale":"sv_SE","og_type":"article","og_title":"Om oss - S\u00d6RMLAND","og_description":"Kristdemokraternas partidistrikt i S\u00f6rmland arbetar f\u00f6r ett samh\u00e4lle\u00a0d\u00e4r fler tar ansvar och bryr sig om varandra &#8211; ett m\u00e4nskligare S\u00f6rmland helt enkelt. V\u00e5rt partinamn Kristdemokraterna f\u00f6rklarar att vi st\u00e5r f\u00f6r demokrati byggd p\u00e5 kristen m\u00e4nniskosyn och v\u00e4rdegrund. En vanlig missuppfattning om partiet \u00e4r att man m\u00e5ste vara religi\u00f6st engagerad f\u00f6r att vara med. Det \u00e4r Read More","og_url":"https:\/\/wp.kristdemokraterna.se\/sormland\/distriktet\/om-oss\/","og_site_name":"S\u00d6RMLAND","article_modified_time":"2024-04-10T12:21:32+00:00","twitter_card":"summary_large_image","twitter_misc":{"Ber\u00e4knad l\u00e4stid":"1 minut"},"schema":{"@context":"https:\/\/schema.org","@graph":[{"@type":"WebPage","@id":"https:\/\/wp.kristdemokraterna.se\/sormland\/distriktet\/om-oss\/","url":"https:\/\/wp.kristdemokraterna.se\/sormland\/distriktet\/om-oss\/","name":"Om oss - S\u00d6RMLAND","isPartOf":{"@id":"https:\/\/wp.kristdemokraterna.se\/sormland\/#website"},"datePublished":"2012-08-21T10:38:04+00:00","dateModified":"2024-04-10T12:21:32+00:00","breadcrumb":{"@id":"https:\/\/wp.kristdemokraterna.se\/sormland\/distriktet\/om-oss\/#breadcrumb"},"inLanguage":"sv-SE","potentialAction":[{"@type":"ReadAction","target":["https:\/\/wp.kristdemokraterna.se\/sormland\/distriktet\/om-oss\/"]}]},{"@type":"BreadcrumbList","@id":"https:\/\/wp.kristdemokraterna.se\/sormland\/distriktet\/om-oss\/#breadcrumb","itemListElement":[{"@type":"ListItem","position":1,"name":"Hem","item":"https:\/\/wp.kristdemokraterna.se\/sormland\/"},{"@type":"ListItem","position":2,"name":"Partidistriktet","item":"https:\/\/wp.kristdemokraterna.se\/sormland\/distriktet\/"},{"@type":"ListItem","position":3,"name":"Om oss"}]},{"@type":"WebSite","@id":"https:\/\/wp.kristdemokraterna.se\/sormland\/#website","url":"https:\/\/wp.kristdemokraterna.se\/sormland\/","name":"S\u00d6RMLAND","description":"","inLanguage":"sv-SE"}]}},"_links":{"self":[{"href":"https:\/\/wp.kristdemokraterna.se\/sormland\/wp-json\/wp\/v2\/pages\/199","targetHints":{"allow":["GET"]}}],"collection":[{"href":"https:\/\/wp.kristdemokraterna.se\/sormland\/wp-json\/wp\/v2\/pages"}],"about":[{"href":"https:\/\/wp.kristdemokraterna.se\/sormland\/wp-json\/wp\/v2\/types\/page"}],"author":[{"embeddable":true,"href":"https:\/\/wp.kristdemokraterna.se\/sormland\/wp-json\/wp\/v2\/users\/16"}],"replies":[{"embeddable":true,"href":"https:\/\/wp.kristdemokraterna.se\/sormland\/wp-json\/wp\/v2\/comments?post=199"}],"version-history":[{"count":12,"href":"https:\/\/wp.kristdemokraterna.se\/sormland\/wp-json\/wp\/v2\/pages\/199\/revisions"}],"predecessor-version":[{"id":2934,"href":"https:\/\/wp.kristdemokraterna.se\/sormland\/wp-json\/wp\/v2\/pages\/199\/revisions\/2934"}],"up":[{"embeddable":true,"href":"https:\/\/wp.kristdemokraterna.se\/sormland\/wp-json\/wp\/v2\/pages\/201"}],"wp:attachment":[{"href":"https:\/\/wp.kristdemokraterna.se\/sormland\/wp-json\/wp\/v2\/media?parent=199"}],"curies":[{"name":"wp","href":"https:\/\/api.w.org\/{rel}","templated":true}]}}