{"id":312,"date":"2012-08-28T20:53:57","date_gmt":"2012-08-28T18:53:57","guid":{"rendered":"http:\/\/wp.kristdemokraterna.se\/sormland\/?page_id=312"},"modified":"2024-04-10T14:20:56","modified_gmt":"2024-04-10T12:20:56","slug":"kalendarium-2","status":"publish","type":"page","link":"https:\/\/wp.kristdemokraterna.se\/sormland\/distriktet\/kalendarium-2\/","title":{"rendered":"Kalendarium"},"content":{"rendered":"<p><strong>Kristdemokraterna S\u00f6rmland<\/strong><\/p>\n<p>Har du fr\u00e5gor eller synpunkter p\u00e5 v\u00e5ra sammantr\u00e4den, utbildningar eller distriktets arbete i stort? Kontakta g\u00e4rna partidistriktsordf\u00f6rande Ulf Ros\u00e9n. Vi \u00e4r till f\u00f6r alla medlemmar, partiavdelningar, regiongruppen och andra f\u00f6rtroendevalda kristdemokrater i S\u00f6rmland.<\/p>\n<p>Vill du delta vid n\u00e5gon kampanj eller aktivitet? Kontakta din partiavdelning f\u00f6r mer info!<\/p>\n<p>F\u00f6r mer information, v\u00e4lkommen att kontakta:<\/p>\n<p>Ombudsman Joakim Widell<br \/>\njoakim.widell@kristdemokraterna.se<br \/>\n070-266 80 36<\/p>\n<p><strong>V\u00e4lkomna!<\/strong><\/p>\n<h2><\/h2>\n<h2><\/h2>\n<p>&nbsp;<\/p>\n<p>&nbsp;<\/p>\n<p>&nbsp;<\/p>\n<p>&nbsp;<\/p>\n","protected":false},"excerpt":{"rendered":"<p>Kristdemokraterna S\u00f6rmland Har du fr\u00e5gor eller synpunkter p\u00e5 v\u00e5ra sammantr\u00e4den, utbildningar eller distriktets arbete i stort? Kontakta g\u00e4rna partidistriktsordf\u00f6rande Ulf Ros\u00e9n. Vi \u00e4r till f\u00f6r alla medlemmar, partiavdelningar, regiongruppen och andra f\u00f6rtroendevalda kristdemokrater i S\u00f6rmland. Vill du delta vid n\u00e5gon kampanj eller aktivitet? Kontakta din partiavdelning f\u00f6r mer info! F\u00f6r mer information, v\u00e4lkommen att kontakta: <a class=\"read-more-link\" href=\"https:\/\/wp.kristdemokraterna.se\/sormland\/distriktet\/kalendarium-2\/\">Read More<\/a><\/p>\n","protected":false},"author":16,"featured_media":0,"parent":201,"menu_order":0,"comment_status":"closed","ping_status":"closed","template":"","meta":{"_acf_changed":false,"footnotes":""},"class_list":["post-312","page","type-page","status-publish","hentry"],"acf":[],"yoast_head":"<!-- This site is optimized with the Yoast SEO plugin v27.4 - https:\/\/yoast.com\/product\/yoast-seo-wordpress\/ -->\n<title>Kalendarium - S\u00d6RMLAND<\/title>\n<meta name=\"robots\" content=\"index, follow, max-snippet:-1, max-image-preview:large, max-video-preview:-1\" \/>\n<link rel=\"canonical\" href=\"https:\/\/wp.kristdemokraterna.se\/sormland\/distriktet\/kalendarium-2\/\" \/>\n<meta property=\"og:locale\" content=\"sv_SE\" \/>\n<meta property=\"og:type\" content=\"article\" \/>\n<meta property=\"og:title\" content=\"Kalendarium - S\u00d6RMLAND\" \/>\n<meta property=\"og:description\" content=\"Kristdemokraterna S\u00f6rmland Har du fr\u00e5gor eller synpunkter p\u00e5 v\u00e5ra sammantr\u00e4den, utbildningar eller distriktets arbete i stort? Kontakta g\u00e4rna partidistriktsordf\u00f6rande Ulf Ros\u00e9n. Vi \u00e4r till f\u00f6r alla medlemmar, partiavdelningar, regiongruppen och andra f\u00f6rtroendevalda kristdemokrater i S\u00f6rmland. Vill du delta vid n\u00e5gon kampanj eller aktivitet? Kontakta din partiavdelning f\u00f6r mer info! F\u00f6r mer information, v\u00e4lkommen att kontakta: Read More\" \/>\n<meta property=\"og:url\" content=\"https:\/\/wp.kristdemokraterna.se\/sormland\/distriktet\/kalendarium-2\/\" \/>\n<meta property=\"og:site_name\" content=\"S\u00d6RMLAND\" \/>\n<meta property=\"article:modified_time\" content=\"2024-04-10T12:20:56+00:00\" \/>\n<meta name=\"twitter:card\" content=\"summary_large_image\" \/>\n<meta name=\"twitter:label1\" content=\"Ber\u00e4knad l\u00e4stid\" \/>\n\t<meta name=\"twitter:data1\" content=\"1 minut\" \/>\n<script type=\"application\/ld+json\" class=\"yoast-schema-graph\">{\"@context\":\"https:\\\/\\\/schema.org\",\"@graph\":[{\"@type\":\"WebPage\",\"@id\":\"https:\\\/\\\/wp.kristdemokraterna.se\\\/sormland\\\/distriktet\\\/kalendarium-2\\\/\",\"url\":\"https:\\\/\\\/wp.kristdemokraterna.se\\\/sormland\\\/distriktet\\\/kalendarium-2\\\/\",\"name\":\"Kalendarium - S\u00d6RMLAND\",\"isPartOf\":{\"@id\":\"https:\\\/\\\/wp.kristdemokraterna.se\\\/sormland\\\/#website\"},\"datePublished\":\"2012-08-28T18:53:57+00:00\",\"dateModified\":\"2024-04-10T12:20:56+00:00\",\"breadcrumb\":{\"@id\":\"https:\\\/\\\/wp.kristdemokraterna.se\\\/sormland\\\/distriktet\\\/kalendarium-2\\\/#breadcrumb\"},\"inLanguage\":\"sv-SE\",\"potentialAction\":[{\"@type\":\"ReadAction\",\"target\":[\"https:\\\/\\\/wp.kristdemokraterna.se\\\/sormland\\\/distriktet\\\/kalendarium-2\\\/\"]}]},{\"@type\":\"BreadcrumbList\",\"@id\":\"https:\\\/\\\/wp.kristdemokraterna.se\\\/sormland\\\/distriktet\\\/kalendarium-2\\\/#breadcrumb\",\"itemListElement\":[{\"@type\":\"ListItem\",\"position\":1,\"name\":\"Hem\",\"item\":\"https:\\\/\\\/wp.kristdemokraterna.se\\\/sormland\\\/\"},{\"@type\":\"ListItem\",\"position\":2,\"name\":\"Partidistriktet\",\"item\":\"https:\\\/\\\/wp.kristdemokraterna.se\\\/sormland\\\/distriktet\\\/\"},{\"@type\":\"ListItem\",\"position\":3,\"name\":\"Kalendarium\"}]},{\"@type\":\"WebSite\",\"@id\":\"https:\\\/\\\/wp.kristdemokraterna.se\\\/sormland\\\/#website\",\"url\":\"https:\\\/\\\/wp.kristdemokraterna.se\\\/sormland\\\/\",\"name\":\"S\u00d6RMLAND\",\"description\":\"\",\"inLanguage\":\"sv-SE\"}]}<\/script>\n<!-- \/ Yoast SEO plugin. -->","yoast_head_json":{"title":"Kalendarium - S\u00d6RMLAND","robots":{"index":"index","follow":"follow","max-snippet":"max-snippet:-1","max-image-preview":"max-image-preview:large","max-video-preview":"max-video-preview:-1"},"canonical":"https:\/\/wp.kristdemokraterna.se\/sormland\/distriktet\/kalendarium-2\/","og_locale":"sv_SE","og_type":"article","og_title":"Kalendarium - S\u00d6RMLAND","og_description":"Kristdemokraterna S\u00f6rmland Har du fr\u00e5gor eller synpunkter p\u00e5 v\u00e5ra sammantr\u00e4den, utbildningar eller distriktets arbete i stort? Kontakta g\u00e4rna partidistriktsordf\u00f6rande Ulf Ros\u00e9n. Vi \u00e4r till f\u00f6r alla medlemmar, partiavdelningar, regiongruppen och andra f\u00f6rtroendevalda kristdemokrater i S\u00f6rmland. Vill du delta vid n\u00e5gon kampanj eller aktivitet? Kontakta din partiavdelning f\u00f6r mer info! F\u00f6r mer information, v\u00e4lkommen att kontakta: Read More","og_url":"https:\/\/wp.kristdemokraterna.se\/sormland\/distriktet\/kalendarium-2\/","og_site_name":"S\u00d6RMLAND","article_modified_time":"2024-04-10T12:20:56+00:00","twitter_card":"summary_large_image","twitter_misc":{"Ber\u00e4knad l\u00e4stid":"1 minut"},"schema":{"@context":"https:\/\/schema.org","@graph":[{"@type":"WebPage","@id":"https:\/\/wp.kristdemokraterna.se\/sormland\/distriktet\/kalendarium-2\/","url":"https:\/\/wp.kristdemokraterna.se\/sormland\/distriktet\/kalendarium-2\/","name":"Kalendarium - S\u00d6RMLAND","isPartOf":{"@id":"https:\/\/wp.kristdemokraterna.se\/sormland\/#website"},"datePublished":"2012-08-28T18:53:57+00:00","dateModified":"2024-04-10T12:20:56+00:00","breadcrumb":{"@id":"https:\/\/wp.kristdemokraterna.se\/sormland\/distriktet\/kalendarium-2\/#breadcrumb"},"inLanguage":"sv-SE","potentialAction":[{"@type":"ReadAction","target":["https:\/\/wp.kristdemokraterna.se\/sormland\/distriktet\/kalendarium-2\/"]}]},{"@type":"BreadcrumbList","@id":"https:\/\/wp.kristdemokraterna.se\/sormland\/distriktet\/kalendarium-2\/#breadcrumb","itemListElement":[{"@type":"ListItem","position":1,"name":"Hem","item":"https:\/\/wp.kristdemokraterna.se\/sormland\/"},{"@type":"ListItem","position":2,"name":"Partidistriktet","item":"https:\/\/wp.kristdemokraterna.se\/sormland\/distriktet\/"},{"@type":"ListItem","position":3,"name":"Kalendarium"}]},{"@type":"WebSite","@id":"https:\/\/wp.kristdemokraterna.se\/sormland\/#website","url":"https:\/\/wp.kristdemokraterna.se\/sormland\/","name":"S\u00d6RMLAND","description":"","inLanguage":"sv-SE"}]}},"_links":{"self":[{"href":"https:\/\/wp.kristdemokraterna.se\/sormland\/wp-json\/wp\/v2\/pages\/312","targetHints":{"allow":["GET"]}}],"collection":[{"href":"https:\/\/wp.kristdemokraterna.se\/sormland\/wp-json\/wp\/v2\/pages"}],"about":[{"href":"https:\/\/wp.kristdemokraterna.se\/sormland\/wp-json\/wp\/v2\/types\/page"}],"author":[{"embeddable":true,"href":"https:\/\/wp.kristdemokraterna.se\/sormland\/wp-json\/wp\/v2\/users\/16"}],"replies":[{"embeddable":true,"href":"https:\/\/wp.kristdemokraterna.se\/sormland\/wp-json\/wp\/v2\/comments?post=312"}],"version-history":[{"count":49,"href":"https:\/\/wp.kristdemokraterna.se\/sormland\/wp-json\/wp\/v2\/pages\/312\/revisions"}],"predecessor-version":[{"id":2933,"href":"https:\/\/wp.kristdemokraterna.se\/sormland\/wp-json\/wp\/v2\/pages\/312\/revisions\/2933"}],"up":[{"embeddable":true,"href":"https:\/\/wp.kristdemokraterna.se\/sormland\/wp-json\/wp\/v2\/pages\/201"}],"wp:attachment":[{"href":"https:\/\/wp.kristdemokraterna.se\/sormland\/wp-json\/wp\/v2\/media?parent=312"}],"curies":[{"name":"wp","href":"https:\/\/api.w.org\/{rel}","templated":true}]}}

<p><strong>Kristdemokraterna Sörmland</strong></p>
<p>Har du frågor eller synpunkter på våra sammanträden, utbildningar eller distriktets arbete i stort? Kontakta gärna partidistriktsordförande Ulf Rosén. Vi är till för alla medlemmar, partiavdelningar, regiongruppen och andra förtroendevalda kristdemokrater i Sörmland.</p>
<p>Vill du delta vid någon kampanj eller aktivitet? Kontakta din partiavdelning för mer info!</p>
<p>För mer information, välkommen att kontakta:</p>
<p>Ombudsman Joakim Widell<br />
joakim.widell@kristdemokraterna.se<br />
070-266 80 36</p>
<p><strong>Välkomna!</strong></p>
<h2></h2>
<h2></h2>
<p>&nbsp;</p>
<p>&nbsp;</p>
<p>&nbsp;</p>
<p>&nbsp;</p>

<p>Kristdemokraterna Sörmland Har du frågor eller synpunkter på våra sammanträden, utbildningar eller distriktets arbete i stort? Kontakta gärna partidistriktsordförande Ulf Rosén. Vi är till för alla medlemmar, partiavdelningar, regiongruppen och andra förtroendevalda kristdemokrater i Sörmland. Vill du delta vid någon kampanj eller aktivitet? Kontakta din partiavdelning för mer info! För mer information, välkommen att kontakta: <a class="read-more-link" href="https://wp.kristdemokraterna.se/sormland/distriktet/kalendarium-2/">Read More</a></p>

<!-- This site is optimized with the Yoast SEO plugin v27.4 - https://yoast.com/product/yoast-seo-wordpress/ -->
<title>Kalendarium - SÖRMLAND</title>
<meta name="robots" content="index, follow, max-snippet:-1, max-image-preview:large, max-video-preview:-1" />
<link rel="canonical" href="https://wp.kristdemokraterna.se/sormland/distriktet/kalendarium-2/" />
<meta property="og:locale" content="sv_SE" />
<meta property="og:type" content="article" />
<meta property="og:title" content="Kalendarium - SÖRMLAND" />
<meta property="og:description" content="Kristdemokraterna Sörmland Har du frågor eller synpunkter på våra sammanträden, utbildningar eller distriktets arbete i stort? Kontakta gärna partidistriktsordförande Ulf Rosén. Vi är till för alla medlemmar, partiavdelningar, regiongruppen och andra förtroendevalda kristdemokrater i Sörmland. Vill du delta vid någon kampanj eller aktivitet? Kontakta din partiavdelning för mer info! För mer information, välkommen att kontakta: Read More" />
<meta property="og:url" content="https://wp.kristdemokraterna.se/sormland/distriktet/kalendarium-2/" />
<meta property="og:site_name" content="SÖRMLAND" />
<meta property="article:modified_time" content="2024-04-10T12:20:56+00:00" />
<meta name="twitter:card" content="summary_large_image" />
<meta name="twitter:label1" content="Beräknad lästid" />
	<meta name="twitter:data1" content="1 minut" />
<script type="application/ld+json" class="yoast-schema-graph">{"@context":"https:\/\/schema.org","@graph":[{"@type":"WebPage","@id":"https:\/\/wp.kristdemokraterna.se\/sormland\/distriktet\/kalendarium-2\/","url":"https:\/\/wp.kristdemokraterna.se\/sormland\/distriktet\/kalendarium-2\/","name":"Kalendarium - SÖRMLAND","isPartOf":{"@id":"https:\/\/wp.kristdemokraterna.se\/sormland\/#website"},"datePublished":"2012-08-28T18:53:57+00:00","dateModified":"2024-04-10T12:20:56+00:00","breadcrumb":{"@id":"https:\/\/wp.kristdemokraterna.se\/sormland\/distriktet\/kalendarium-2\/#breadcrumb"},"inLanguage":"sv-SE","potentialAction":[{"@type":"ReadAction","target":["https:\/\/wp.kristdemokraterna.se\/sormland\/distriktet\/kalendarium-2\/"]}]},{"@type":"BreadcrumbList","@id":"https:\/\/wp.kristdemokraterna.se\/sormland\/distriktet\/kalendarium-2\/#breadcrumb","itemListElement":[{"@type":"ListItem","position":1,"name":"Hem","item":"https:\/\/wp.kristdemokraterna.se\/sormland\/"},{"@type":"ListItem","position":2,"name":"Partidistriktet","item":"https:\/\/wp.kristdemokraterna.se\/sormland\/distriktet\/"},{"@type":"ListItem","position":3,"name":"Kalendarium"}]},{"@type":"WebSite","@id":"https:\/\/wp.kristdemokraterna.se\/sormland\/#website","url":"https:\/\/wp.kristdemokraterna.se\/sormland\/","name":"SÖRMLAND","description":"","inLanguage":"sv-SE"}]}</script>
<!-- / Yoast SEO plugin. -->

Kalendarium - SÖRMLAND

Kristdemokraterna Sörmland Har du frågor eller synpunkter på våra sammanträden, utbildningar eller distriktets arbete i stort? Kontakta gärna partidistriktsordförande Ulf Rosén. Vi är till för alla medlemmar, partiavdelningar, regiongruppen och andra förtroendevalda kristdemokrater i Sörmland. Vill du delta vid någon kampanj eller aktivitet? Kontakta din partiavdelning för mer info! För mer information, välkommen att kontakta: Read More

SÖRMLAND
