{"id":1254,"date":"2025-02-20T15:56:05","date_gmt":"2025-02-20T14:56:05","guid":{"rendered":"https:\/\/wp.kristdemokraterna.se\/sundbyberg\/?page_id=1254"},"modified":"2025-12-03T13:42:45","modified_gmt":"2025-12-03T12:42:45","slug":"kommunfullmaktige","status":"publish","type":"page","link":"https:\/\/wp.kristdemokraterna.se\/sundbyberg\/vara-foretradare\/kommunfullmaktige\/","title":{"rendered":"Kommunfullm\u00e4ktige"},"content":{"rendered":"<p><strong>I Sundbybergs fullm\u00e4ktige har vi tre ordinarie ledam\u00f6ter:<\/strong><\/p>\n<p>Maria Bohman Kreij<br \/>\nBengt Sj\u00f6holm<br \/>\nPer Quant<\/p>\n<p><strong>Och tv\u00e5 ers\u00e4ttare:<\/strong><\/p>\n<p>Jens Manell<br \/>\nDaniel Wistr\u00f6m<\/p>\n","protected":false},"excerpt":{"rendered":"<p>I Sundbybergs fullm\u00e4ktige har vi tre ordinarie ledam\u00f6ter: Maria Bohman Kreij Bengt Sj\u00f6holm Per Quant Och tv\u00e5 ers\u00e4ttare: Jens Manell Daniel Wistr\u00f6m<\/p>\n","protected":false},"author":611,"featured_media":0,"parent":949,"menu_order":2,"comment_status":"closed","ping_status":"closed","template":"","meta":{"_acf_changed":false,"footnotes":""},"class_list":["post-1254","page","type-page","status-publish","hentry"],"acf":[],"yoast_head":"<!-- This site is optimized with the Yoast SEO plugin v27.4 - https:\/\/yoast.com\/product\/yoast-seo-wordpress\/ -->\n<title>Kommunfullm\u00e4ktige - Sundbyberg<\/title>\n<meta name=\"robots\" content=\"index, follow, max-snippet:-1, max-image-preview:large, max-video-preview:-1\" \/>\n<link rel=\"canonical\" href=\"https:\/\/wp.kristdemokraterna.se\/sundbyberg\/vara-foretradare\/kommunfullmaktige\/\" \/>\n<meta property=\"og:locale\" content=\"sv_SE\" \/>\n<meta property=\"og:type\" content=\"article\" \/>\n<meta property=\"og:title\" content=\"Kommunfullm\u00e4ktige - Sundbyberg\" \/>\n<meta property=\"og:description\" content=\"I Sundbybergs fullm\u00e4ktige har vi tre ordinarie ledam\u00f6ter: Maria Bohman Kreij Bengt Sj\u00f6holm Per Quant Och tv\u00e5 ers\u00e4ttare: Jens Manell Daniel Wistr\u00f6m\" \/>\n<meta property=\"og:url\" content=\"https:\/\/wp.kristdemokraterna.se\/sundbyberg\/vara-foretradare\/kommunfullmaktige\/\" \/>\n<meta property=\"og:site_name\" content=\"Sundbyberg\" \/>\n<meta property=\"article:modified_time\" content=\"2025-12-03T12:42:45+00:00\" \/>\n<meta name=\"twitter:card\" content=\"summary_large_image\" \/>\n<meta name=\"twitter:label1\" content=\"Ber\u00e4knad l\u00e4stid\" \/>\n\t<meta name=\"twitter:data1\" content=\"1 minut\" \/>\n<script type=\"application\/ld+json\" class=\"yoast-schema-graph\">{\"@context\":\"https:\\\/\\\/schema.org\",\"@graph\":[{\"@type\":\"WebPage\",\"@id\":\"https:\\\/\\\/wp.kristdemokraterna.se\\\/sundbyberg\\\/vara-foretradare\\\/kommunfullmaktige\\\/\",\"url\":\"https:\\\/\\\/wp.kristdemokraterna.se\\\/sundbyberg\\\/vara-foretradare\\\/kommunfullmaktige\\\/\",\"name\":\"Kommunfullm\u00e4ktige - Sundbyberg\",\"isPartOf\":{\"@id\":\"https:\\\/\\\/wp.kristdemokraterna.se\\\/sundbyberg\\\/#website\"},\"datePublished\":\"2025-02-20T14:56:05+00:00\",\"dateModified\":\"2025-12-03T12:42:45+00:00\",\"breadcrumb\":{\"@id\":\"https:\\\/\\\/wp.kristdemokraterna.se\\\/sundbyberg\\\/vara-foretradare\\\/kommunfullmaktige\\\/#breadcrumb\"},\"inLanguage\":\"sv-SE\",\"potentialAction\":[{\"@type\":\"ReadAction\",\"target\":[\"https:\\\/\\\/wp.kristdemokraterna.se\\\/sundbyberg\\\/vara-foretradare\\\/kommunfullmaktige\\\/\"]}]},{\"@type\":\"BreadcrumbList\",\"@id\":\"https:\\\/\\\/wp.kristdemokraterna.se\\\/sundbyberg\\\/vara-foretradare\\\/kommunfullmaktige\\\/#breadcrumb\",\"itemListElement\":[{\"@type\":\"ListItem\",\"position\":1,\"name\":\"Hem\",\"item\":\"https:\\\/\\\/wp.kristdemokraterna.se\\\/sundbyberg\\\/\"},{\"@type\":\"ListItem\",\"position\":2,\"name\":\"V\u00e5ra f\u00f6retr\u00e4dare\",\"item\":\"https:\\\/\\\/wp.kristdemokraterna.se\\\/sundbyberg\\\/vara-foretradare\\\/\"},{\"@type\":\"ListItem\",\"position\":3,\"name\":\"Kommunfullm\u00e4ktige\"}]},{\"@type\":\"WebSite\",\"@id\":\"https:\\\/\\\/wp.kristdemokraterna.se\\\/sundbyberg\\\/#website\",\"url\":\"https:\\\/\\\/wp.kristdemokraterna.se\\\/sundbyberg\\\/\",\"name\":\"Sundbyberg\",\"description\":\"En till Kristdemokraterna webbplats\",\"inLanguage\":\"sv-SE\"}]}<\/script>\n<!-- \/ Yoast SEO plugin. -->","yoast_head_json":{"title":"Kommunfullm\u00e4ktige - Sundbyberg","robots":{"index":"index","follow":"follow","max-snippet":"max-snippet:-1","max-image-preview":"max-image-preview:large","max-video-preview":"max-video-preview:-1"},"canonical":"https:\/\/wp.kristdemokraterna.se\/sundbyberg\/vara-foretradare\/kommunfullmaktige\/","og_locale":"sv_SE","og_type":"article","og_title":"Kommunfullm\u00e4ktige - Sundbyberg","og_description":"I Sundbybergs fullm\u00e4ktige har vi tre ordinarie ledam\u00f6ter: Maria Bohman Kreij Bengt Sj\u00f6holm Per Quant Och tv\u00e5 ers\u00e4ttare: Jens Manell Daniel Wistr\u00f6m","og_url":"https:\/\/wp.kristdemokraterna.se\/sundbyberg\/vara-foretradare\/kommunfullmaktige\/","og_site_name":"Sundbyberg","article_modified_time":"2025-12-03T12:42:45+00:00","twitter_card":"summary_large_image","twitter_misc":{"Ber\u00e4knad l\u00e4stid":"1 minut"},"schema":{"@context":"https:\/\/schema.org","@graph":[{"@type":"WebPage","@id":"https:\/\/wp.kristdemokraterna.se\/sundbyberg\/vara-foretradare\/kommunfullmaktige\/","url":"https:\/\/wp.kristdemokraterna.se\/sundbyberg\/vara-foretradare\/kommunfullmaktige\/","name":"Kommunfullm\u00e4ktige - Sundbyberg","isPartOf":{"@id":"https:\/\/wp.kristdemokraterna.se\/sundbyberg\/#website"},"datePublished":"2025-02-20T14:56:05+00:00","dateModified":"2025-12-03T12:42:45+00:00","breadcrumb":{"@id":"https:\/\/wp.kristdemokraterna.se\/sundbyberg\/vara-foretradare\/kommunfullmaktige\/#breadcrumb"},"inLanguage":"sv-SE","potentialAction":[{"@type":"ReadAction","target":["https:\/\/wp.kristdemokraterna.se\/sundbyberg\/vara-foretradare\/kommunfullmaktige\/"]}]},{"@type":"BreadcrumbList","@id":"https:\/\/wp.kristdemokraterna.se\/sundbyberg\/vara-foretradare\/kommunfullmaktige\/#breadcrumb","itemListElement":[{"@type":"ListItem","position":1,"name":"Hem","item":"https:\/\/wp.kristdemokraterna.se\/sundbyberg\/"},{"@type":"ListItem","position":2,"name":"V\u00e5ra f\u00f6retr\u00e4dare","item":"https:\/\/wp.kristdemokraterna.se\/sundbyberg\/vara-foretradare\/"},{"@type":"ListItem","position":3,"name":"Kommunfullm\u00e4ktige"}]},{"@type":"WebSite","@id":"https:\/\/wp.kristdemokraterna.se\/sundbyberg\/#website","url":"https:\/\/wp.kristdemokraterna.se\/sundbyberg\/","name":"Sundbyberg","description":"En till Kristdemokraterna webbplats","inLanguage":"sv-SE"}]}},"_links":{"self":[{"href":"https:\/\/wp.kristdemokraterna.se\/sundbyberg\/wp-json\/wp\/v2\/pages\/1254","targetHints":{"allow":["GET"]}}],"collection":[{"href":"https:\/\/wp.kristdemokraterna.se\/sundbyberg\/wp-json\/wp\/v2\/pages"}],"about":[{"href":"https:\/\/wp.kristdemokraterna.se\/sundbyberg\/wp-json\/wp\/v2\/types\/page"}],"author":[{"embeddable":true,"href":"https:\/\/wp.kristdemokraterna.se\/sundbyberg\/wp-json\/wp\/v2\/users\/611"}],"replies":[{"embeddable":true,"href":"https:\/\/wp.kristdemokraterna.se\/sundbyberg\/wp-json\/wp\/v2\/comments?post=1254"}],"version-history":[{"count":5,"href":"https:\/\/wp.kristdemokraterna.se\/sundbyberg\/wp-json\/wp\/v2\/pages\/1254\/revisions"}],"predecessor-version":[{"id":1403,"href":"https:\/\/wp.kristdemokraterna.se\/sundbyberg\/wp-json\/wp\/v2\/pages\/1254\/revisions\/1403"}],"up":[{"embeddable":true,"href":"https:\/\/wp.kristdemokraterna.se\/sundbyberg\/wp-json\/wp\/v2\/pages\/949"}],"wp:attachment":[{"href":"https:\/\/wp.kristdemokraterna.se\/sundbyberg\/wp-json\/wp\/v2\/media?parent=1254"}],"curies":[{"name":"wp","href":"https:\/\/api.w.org\/{rel}","templated":true}]}}

Kommunfullmäktige

<p><strong>I Sundbybergs fullmäktige har vi tre ordinarie ledamöter:</strong></p>
<p>Maria Bohman Kreij<br />
Bengt Sjöholm<br />
Per Quant</p>
<p><strong>Och två ersättare:</strong></p>
<p>Jens Manell<br />
Daniel Wiström</p>

<p>I Sundbybergs fullmäktige har vi tre ordinarie ledamöter: Maria Bohman Kreij Bengt Sjöholm Per Quant Och två ersättare: Jens Manell Daniel Wiström</p>

<!-- This site is optimized with the Yoast SEO plugin v27.4 - https://yoast.com/product/yoast-seo-wordpress/ -->
<title>Kommunfullmäktige - Sundbyberg</title>
<meta name="robots" content="index, follow, max-snippet:-1, max-image-preview:large, max-video-preview:-1" />
<link rel="canonical" href="https://wp.kristdemokraterna.se/sundbyberg/vara-foretradare/kommunfullmaktige/" />
<meta property="og:locale" content="sv_SE" />
<meta property="og:type" content="article" />
<meta property="og:title" content="Kommunfullmäktige - Sundbyberg" />
<meta property="og:description" content="I Sundbybergs fullmäktige har vi tre ordinarie ledamöter: Maria Bohman Kreij Bengt Sjöholm Per Quant Och två ersättare: Jens Manell Daniel Wiström" />
<meta property="og:url" content="https://wp.kristdemokraterna.se/sundbyberg/vara-foretradare/kommunfullmaktige/" />
<meta property="og:site_name" content="Sundbyberg" />
<meta property="article:modified_time" content="2025-12-03T12:42:45+00:00" />
<meta name="twitter:card" content="summary_large_image" />
<meta name="twitter:label1" content="Beräknad lästid" />
	<meta name="twitter:data1" content="1 minut" />
<script type="application/ld+json" class="yoast-schema-graph">{"@context":"https:\/\/schema.org","@graph":[{"@type":"WebPage","@id":"https:\/\/wp.kristdemokraterna.se\/sundbyberg\/vara-foretradare\/kommunfullmaktige\/","url":"https:\/\/wp.kristdemokraterna.se\/sundbyberg\/vara-foretradare\/kommunfullmaktige\/","name":"Kommunfullmäktige - Sundbyberg","isPartOf":{"@id":"https:\/\/wp.kristdemokraterna.se\/sundbyberg\/#website"},"datePublished":"2025-02-20T14:56:05+00:00","dateModified":"2025-12-03T12:42:45+00:00","breadcrumb":{"@id":"https:\/\/wp.kristdemokraterna.se\/sundbyberg\/vara-foretradare\/kommunfullmaktige\/#breadcrumb"},"inLanguage":"sv-SE","potentialAction":[{"@type":"ReadAction","target":["https:\/\/wp.kristdemokraterna.se\/sundbyberg\/vara-foretradare\/kommunfullmaktige\/"]}]},{"@type":"BreadcrumbList","@id":"https:\/\/wp.kristdemokraterna.se\/sundbyberg\/vara-foretradare\/kommunfullmaktige\/#breadcrumb","itemListElement":[{"@type":"ListItem","position":1,"name":"Hem","item":"https:\/\/wp.kristdemokraterna.se\/sundbyberg\/"},{"@type":"ListItem","position":2,"name":"Våra företrädare","item":"https:\/\/wp.kristdemokraterna.se\/sundbyberg\/vara-foretradare\/"},{"@type":"ListItem","position":3,"name":"Kommunfullmäktige"}]},{"@type":"WebSite","@id":"https:\/\/wp.kristdemokraterna.se\/sundbyberg\/#website","url":"https:\/\/wp.kristdemokraterna.se\/sundbyberg\/","name":"Sundbyberg","description":"En till Kristdemokraterna webbplats","inLanguage":"sv-SE"}]}</script>
<!-- / Yoast SEO plugin. -->

Kommunfullmäktige - Sundbyberg

I Sundbybergs fullmäktige har vi tre ordinarie ledamöter: Maria Bohman Kreij Bengt Sjöholm Per Quant Och två ersättare: Jens Manell Daniel Wiström

Våra företrädare
