{"id":602,"date":"2018-04-25T20:04:15","date_gmt":"2018-04-25T18:04:15","guid":{"rendered":"http:\/\/wp.kristdemokraterna.se\/sundbyberg\/?page_id=602"},"modified":"2022-08-08T12:03:06","modified_gmt":"2022-08-08T10:03:06","slug":"listan-till-kommunfullmaktige-2018","status":"publish","type":"page","link":"https:\/\/wp.kristdemokraterna.se\/sundbyberg\/listan-till-kommunfullmaktige-2018\/","title":{"rendered":"Listan till kommunfullm\u00e4ktige 2022"},"content":{"rendered":"<ol>\n<li><span style=\"color: #000000\">Paulos Abraha, 30, Oppositionsr\u00e5d, Stora Ursvik<\/span><\/li>\n<li><span style=\"color: #000000\">Marcus Jonsson, 42, Kommunikationsstrateg, Centrala Sbg<\/span><\/li>\n<li><span style=\"color: #000000\">Maria Bohman Kreij, 68, fd. Kommunalr\u00e5d, Centrala Sbg<\/span><\/li>\n<li><span style=\"color: #000000\">Kerli Faramarzi, 42, leg. tandl\u00e4kare och jurist, \u00d6r<\/span><\/li>\n<li><span style=\"color: #000000\">Josef Wistr\u00f6m, 23, Snickare, Hallonbergen<\/span><\/li>\n<li><span style=\"color: #000000\">Nicole Denuit, 48, S\u00e4ljledare &amp; internationell f\u00f6rs\u00e4ljning, Centrala Sbg<\/span><\/li>\n<li><span style=\"color: #000000\">Anna Laine, 36, Student, Rissne<\/span><\/li>\n<li><span style=\"color: #000000\">Gustaf Joelsson, 52, Spec. ssk psykiatri, Centrala Sbg<\/span><\/li>\n<li><span style=\"color: #000000\">Per Quant, 63, HR och kommunikationschef, Duvbo<\/span><\/li>\n<li><span style=\"color: #000000\">Olivia Sultani, 23, Student och bankanst\u00e4lld, Centrala Sbg<\/span><\/li>\n<li><span style=\"color: #000000\">Bengt Sj\u00f6holm, 60, IT-ingenj\u00f6r, Ursvik<\/span><\/li>\n<li><span style=\"color: #000000\">Maritta Hellstr\u00f6m, 72, Leg. sjuksk\u00f6terska, Duvbo<\/span><\/li>\n<li><span style=\"color: #000000\">Jens Manell, 50, IT-konsult, Rissne<\/span><\/li>\n<li><span style=\"color: #000000\">Daniel Wistr\u00f6m, 52, Politisk sekreterare, Hallonbergen<\/span><\/li>\n<li><span style=\"color: #000000\">Gloria Abraha, 26, L\u00e4rarstudent, Stora Ursvik<\/span><\/li>\n<li><span style=\"color: #000000\">Tomas Kreij, 71, Pension\u00e4r, Centrala Sundbyberg<\/span><\/li>\n<li><span style=\"color: #000000\">Marie Orselius Sj\u00f6holm, 61, leg. Sjukgymnast, Lilla Ursvik<\/span><\/li>\n<li><span style=\"color: #000000\">Kjell Mattsson, 77, Busschauff\u00f6r, Lilla Alby<\/span><\/li>\n<li><span style=\"color: #000000\">Yvonne \u00c5hlberg, 73, Pension\u00e4r, Lilla Alby<\/span><\/li>\n<li><span style=\"color: #000000\">Gunhild Manell, 47, Civilekonom, Rissne<\/span><\/li>\n<li><span style=\"color: #000000\">Daniel Gamez, 27, Studerande, Centrala Sbg<\/span><\/li>\n<li><span style=\"color: #000000\">Magnus Lindgren, 53, K\u00f6kschef, Hallonbergen<\/span><\/li>\n<\/ol>\n","protected":false},"excerpt":{"rendered":"<p>Paulos Abraha, 30, Oppositionsr\u00e5d, Stora Ursvik Marcus Jonsson, 42, Kommunikationsstrateg, Centrala Sbg Maria Bohman Kreij, 68, fd. Kommunalr\u00e5d, Centrala Sbg Kerli Faramarzi, 42, leg. tandl\u00e4kare och jurist, \u00d6r Josef Wistr\u00f6m, 23, Snickare, Hallonbergen Nicole Denuit, 48, S\u00e4ljledare &amp; internationell f\u00f6rs\u00e4ljning, Centrala Sbg Anna Laine, 36, Student, Rissne Gustaf Joelsson, 52, Spec. ssk psykiatri, Centrala Sbg <a class=\"read-more-link\" href=\"https:\/\/wp.kristdemokraterna.se\/sundbyberg\/listan-till-kommunfullmaktige-2018\/\">Read More<\/a><\/p>\n","protected":false},"author":611,"featured_media":0,"parent":0,"menu_order":0,"comment_status":"closed","ping_status":"closed","template":"","meta":{"_acf_changed":false,"footnotes":""},"class_list":["post-602","page","type-page","status-publish","hentry"],"acf":[],"yoast_head":"<!-- This site is optimized with the Yoast SEO plugin v27.4 - https:\/\/yoast.com\/product\/yoast-seo-wordpress\/ -->\n<title>Listan till kommunfullm\u00e4ktige 2022 - Sundbyberg<\/title>\n<meta name=\"robots\" content=\"index, follow, max-snippet:-1, max-image-preview:large, max-video-preview:-1\" \/>\n<link rel=\"canonical\" href=\"https:\/\/wp.kristdemokraterna.se\/sundbyberg\/listan-till-kommunfullmaktige-2018\/\" \/>\n<meta property=\"og:locale\" content=\"sv_SE\" \/>\n<meta property=\"og:type\" content=\"article\" \/>\n<meta property=\"og:title\" content=\"Listan till kommunfullm\u00e4ktige 2022 - Sundbyberg\" \/>\n<meta property=\"og:description\" content=\"Paulos Abraha, 30, Oppositionsr\u00e5d, Stora Ursvik Marcus Jonsson, 42, Kommunikationsstrateg, Centrala Sbg Maria Bohman Kreij, 68, fd. Kommunalr\u00e5d, Centrala Sbg Kerli Faramarzi, 42, leg. tandl\u00e4kare och jurist, \u00d6r Josef Wistr\u00f6m, 23, Snickare, Hallonbergen Nicole Denuit, 48, S\u00e4ljledare &amp; internationell f\u00f6rs\u00e4ljning, Centrala Sbg Anna Laine, 36, Student, Rissne Gustaf Joelsson, 52, Spec. ssk psykiatri, Centrala Sbg Read More\" \/>\n<meta property=\"og:url\" content=\"https:\/\/wp.kristdemokraterna.se\/sundbyberg\/listan-till-kommunfullmaktige-2018\/\" \/>\n<meta property=\"og:site_name\" content=\"Sundbyberg\" \/>\n<meta property=\"article:modified_time\" content=\"2022-08-08T10:03:06+00:00\" \/>\n<meta name=\"twitter:card\" content=\"summary_large_image\" \/>\n<meta name=\"twitter:label1\" content=\"Ber\u00e4knad l\u00e4stid\" \/>\n\t<meta name=\"twitter:data1\" content=\"1 minut\" \/>\n<script type=\"application\/ld+json\" class=\"yoast-schema-graph\">{\"@context\":\"https:\\\/\\\/schema.org\",\"@graph\":[{\"@type\":\"WebPage\",\"@id\":\"https:\\\/\\\/wp.kristdemokraterna.se\\\/sundbyberg\\\/listan-till-kommunfullmaktige-2018\\\/\",\"url\":\"https:\\\/\\\/wp.kristdemokraterna.se\\\/sundbyberg\\\/listan-till-kommunfullmaktige-2018\\\/\",\"name\":\"Listan till kommunfullm\u00e4ktige 2022 - Sundbyberg\",\"isPartOf\":{\"@id\":\"https:\\\/\\\/wp.kristdemokraterna.se\\\/sundbyberg\\\/#website\"},\"datePublished\":\"2018-04-25T18:04:15+00:00\",\"dateModified\":\"2022-08-08T10:03:06+00:00\",\"breadcrumb\":{\"@id\":\"https:\\\/\\\/wp.kristdemokraterna.se\\\/sundbyberg\\\/listan-till-kommunfullmaktige-2018\\\/#breadcrumb\"},\"inLanguage\":\"sv-SE\",\"potentialAction\":[{\"@type\":\"ReadAction\",\"target\":[\"https:\\\/\\\/wp.kristdemokraterna.se\\\/sundbyberg\\\/listan-till-kommunfullmaktige-2018\\\/\"]}]},{\"@type\":\"BreadcrumbList\",\"@id\":\"https:\\\/\\\/wp.kristdemokraterna.se\\\/sundbyberg\\\/listan-till-kommunfullmaktige-2018\\\/#breadcrumb\",\"itemListElement\":[{\"@type\":\"ListItem\",\"position\":1,\"name\":\"Hem\",\"item\":\"https:\\\/\\\/wp.kristdemokraterna.se\\\/sundbyberg\\\/\"},{\"@type\":\"ListItem\",\"position\":2,\"name\":\"Listan till kommunfullm\u00e4ktige 2022\"}]},{\"@type\":\"WebSite\",\"@id\":\"https:\\\/\\\/wp.kristdemokraterna.se\\\/sundbyberg\\\/#website\",\"url\":\"https:\\\/\\\/wp.kristdemokraterna.se\\\/sundbyberg\\\/\",\"name\":\"Sundbyberg\",\"description\":\"En till Kristdemokraterna webbplats\",\"inLanguage\":\"sv-SE\"}]}<\/script>\n<!-- \/ Yoast SEO plugin. -->","yoast_head_json":{"title":"Listan till kommunfullm\u00e4ktige 2022 - Sundbyberg","robots":{"index":"index","follow":"follow","max-snippet":"max-snippet:-1","max-image-preview":"max-image-preview:large","max-video-preview":"max-video-preview:-1"},"canonical":"https:\/\/wp.kristdemokraterna.se\/sundbyberg\/listan-till-kommunfullmaktige-2018\/","og_locale":"sv_SE","og_type":"article","og_title":"Listan till kommunfullm\u00e4ktige 2022 - Sundbyberg","og_description":"Paulos Abraha, 30, Oppositionsr\u00e5d, Stora Ursvik Marcus Jonsson, 42, Kommunikationsstrateg, Centrala Sbg Maria Bohman Kreij, 68, fd. Kommunalr\u00e5d, Centrala Sbg Kerli Faramarzi, 42, leg. tandl\u00e4kare och jurist, \u00d6r Josef Wistr\u00f6m, 23, Snickare, Hallonbergen Nicole Denuit, 48, S\u00e4ljledare &amp; internationell f\u00f6rs\u00e4ljning, Centrala Sbg Anna Laine, 36, Student, Rissne Gustaf Joelsson, 52, Spec. ssk psykiatri, Centrala Sbg Read More","og_url":"https:\/\/wp.kristdemokraterna.se\/sundbyberg\/listan-till-kommunfullmaktige-2018\/","og_site_name":"Sundbyberg","article_modified_time":"2022-08-08T10:03:06+00:00","twitter_card":"summary_large_image","twitter_misc":{"Ber\u00e4knad l\u00e4stid":"1 minut"},"schema":{"@context":"https:\/\/schema.org","@graph":[{"@type":"WebPage","@id":"https:\/\/wp.kristdemokraterna.se\/sundbyberg\/listan-till-kommunfullmaktige-2018\/","url":"https:\/\/wp.kristdemokraterna.se\/sundbyberg\/listan-till-kommunfullmaktige-2018\/","name":"Listan till kommunfullm\u00e4ktige 2022 - Sundbyberg","isPartOf":{"@id":"https:\/\/wp.kristdemokraterna.se\/sundbyberg\/#website"},"datePublished":"2018-04-25T18:04:15+00:00","dateModified":"2022-08-08T10:03:06+00:00","breadcrumb":{"@id":"https:\/\/wp.kristdemokraterna.se\/sundbyberg\/listan-till-kommunfullmaktige-2018\/#breadcrumb"},"inLanguage":"sv-SE","potentialAction":[{"@type":"ReadAction","target":["https:\/\/wp.kristdemokraterna.se\/sundbyberg\/listan-till-kommunfullmaktige-2018\/"]}]},{"@type":"BreadcrumbList","@id":"https:\/\/wp.kristdemokraterna.se\/sundbyberg\/listan-till-kommunfullmaktige-2018\/#breadcrumb","itemListElement":[{"@type":"ListItem","position":1,"name":"Hem","item":"https:\/\/wp.kristdemokraterna.se\/sundbyberg\/"},{"@type":"ListItem","position":2,"name":"Listan till kommunfullm\u00e4ktige 2022"}]},{"@type":"WebSite","@id":"https:\/\/wp.kristdemokraterna.se\/sundbyberg\/#website","url":"https:\/\/wp.kristdemokraterna.se\/sundbyberg\/","name":"Sundbyberg","description":"En till Kristdemokraterna webbplats","inLanguage":"sv-SE"}]}},"_links":{"self":[{"href":"https:\/\/wp.kristdemokraterna.se\/sundbyberg\/wp-json\/wp\/v2\/pages\/602","targetHints":{"allow":["GET"]}}],"collection":[{"href":"https:\/\/wp.kristdemokraterna.se\/sundbyberg\/wp-json\/wp\/v2\/pages"}],"about":[{"href":"https:\/\/wp.kristdemokraterna.se\/sundbyberg\/wp-json\/wp\/v2\/types\/page"}],"author":[{"embeddable":true,"href":"https:\/\/wp.kristdemokraterna.se\/sundbyberg\/wp-json\/wp\/v2\/users\/611"}],"replies":[{"embeddable":true,"href":"https:\/\/wp.kristdemokraterna.se\/sundbyberg\/wp-json\/wp\/v2\/comments?post=602"}],"version-history":[{"count":5,"href":"https:\/\/wp.kristdemokraterna.se\/sundbyberg\/wp-json\/wp\/v2\/pages\/602\/revisions"}],"predecessor-version":[{"id":1083,"href":"https:\/\/wp.kristdemokraterna.se\/sundbyberg\/wp-json\/wp\/v2\/pages\/602\/revisions\/1083"}],"wp:attachment":[{"href":"https:\/\/wp.kristdemokraterna.se\/sundbyberg\/wp-json\/wp\/v2\/media?parent=602"}],"curies":[{"name":"wp","href":"https:\/\/api.w.org\/{rel}","templated":true}]}}